{"id":77131,"date":"2026-03-19T15:48:35","date_gmt":"2026-03-19T15:48:35","guid":{"rendered":"https:\/\/soydeaqui.ddns.net\/pachuca\/index.php\/producto\/charola-de-empalme-para-fibra-ptica-para-proteccin-de-24-empalmes-de-fusin-o-mecnicos-compatible-con-los-paneles-frme3-y-frme4\/"},"modified":"2026-03-19T15:48:44","modified_gmt":"2026-03-19T15:48:44","slug":"charola-de-empalme-para-fibra-ptica-para-proteccin-de-24-empalmes-de-fusin-o-mecnicos-compatible-con-los-paneles-frme3-y-frme4","status":"publish","type":"product","link":"https:\/\/soydeaqui.ddns.net\/pachuca\/index.php\/producto\/charola-de-empalme-para-fibra-ptica-para-proteccin-de-24-empalmes-de-fusin-o-mecnicos-compatible-con-los-paneles-frme3-y-frme4\/","title":{"rendered":"Charola de Empalme para Fibra ?ptica, Para Protecci?n de 24 Empalmes de Fusi?n o Mec?nicos, Compatible con los Paneles FRME3 y FRME4"},"content":{"rendered":"<div style='width: 100%; max-width: 1200px; margin: 0 auto; font-family: sans-serif; line-height: 1.6; color: inherit; background-color: transparent;'>\n<div style='display: flex; flex-wrap: wrap; gap: 30px; margin-bottom: 30px;'>\n<div style='flex: 1 1 300px; min-width: 280px;'>\n<h3 style='font-size: 22px; border-bottom: 2px solid currentColor; padding-bottom: 5px; margin-top: 0; color: inherit; opacity: 0.8;'>Descripci\u00f3n<\/h3>\n<p style='font-size: 15px; color: inherit; margin-bottom: 15px;'>Kit de bandeja de empalme para fibra para 24 empalmes de fusi\u00f3n o mec\u00e1nicos. Se adapta a paneles de fibra \u00f3ptica en rack Panduit FRME3 y FRME4&comma; y apila hasta tres niveles con la unidad de apilado FST24H3.<\/p>\n<h4 style='font-size: 18px; margin-top: 25px; margin-bottom: 15px; color: inherit; opacity: 0.8;'>Caracter\u00edsticas principales<\/h4>\n<ul style='padding-left: 20px; font-size: 15px; color: inherit;'>\n<li style='margin-bottom: 5px;'>Capacidad para 24 empalmes de fibra efectiva<\/li>\n<li style='margin-bottom: 5px;'>Compatible con paneles Panduit FRME3 y FRME4<\/li>\n<li style='margin-bottom: 5px;'>Apilable hasta tres niveles con unidad FST24H3<\/li>\n<li style='margin-bottom: 5px;'>Cumple con normativa RoHS para seguridad ambiental<\/li>\n<li style='margin-bottom: 5px;'>Dimensiones compactas: 11.75&#215;4.38&#215;0.37 pulgadas<\/li>\n<\/ul><\/div>\n<div style='flex: 1 1 300px; min-width: 280px;'>\n<h3 style='font-size: 22px; border-bottom: 2px solid currentColor; padding-bottom: 5px; margin-top: 0; color: inherit; opacity: 0.8;'>Especificaciones<\/h3>\n<ul style='padding-left: 20px; font-size: 15px; color: inherit;'>\n<li style='margin-bottom: 5px;'><strong>Material:<\/strong> Pl\u00e1stico<\/li>\n<li style='margin-bottom: 5px;'><strong>Ancho total (pulg.):<\/strong> 4&comma;38<\/li>\n<li style='margin-bottom: 5px;'><strong>Ancho total (mm):<\/strong> 111&comma;4<\/li>\n<li style='margin-bottom: 5px;'><strong>Color:<\/strong> Negro<\/li>\n<li style='margin-bottom: 5px;'><strong>Profundidad total (pulg.):<\/strong> 11.75<\/li>\n<li style='margin-bottom: 5px;'><strong>Profundidad total (mm):<\/strong> 298.4<\/li>\n<li style='margin-bottom: 5px;'><strong>Altura total (pulg.):<\/strong> 0.37<\/li>\n<li style='margin-bottom: 5px;'><strong>Altura total (mm):<\/strong> 9.5<\/li>\n<li style='margin-bottom: 5px;'><strong>Cumple con:<\/strong> RoHS<\/li>\n<\/ul><\/div>\n<\/p><\/div>\n<hr style='border: 0; border-top: 1px solid rgba(150&comma; 150&comma; 150&comma; 0.3); margin: 30px 0;'> <\/div>\n","protected":false},"excerpt":{"rendered":"<p>Charola de Empalme para Fibra ?ptica, Para Protecci?n de 24 Empalmes de Fusi?n o Mec?nicos, Compatible con los Paneles FRME3 y FRME4<\/p>\n","protected":false},"featured_media":77130,"comment_status":"open","ping_status":"closed","template":"","meta":[],"product_brand":[],"product_cat":[621],"product_tag":[622,611,445],"class_list":{"0":"post-77131","1":"product","2":"type-product","3":"status-publish","4":"has-post-thumbnail","6":"product_cat-distribuidores-de-fibra-optica","7":"product_tag-distribuidores-de-fibra-optica","8":"product_tag-fibra-optica","9":"product_tag-panduit","11":"first","12":"instock","13":"sale","14":"shipping-taxable","15":"purchasable","16":"product-type-simple"},"_links":{"self":[{"href":"https:\/\/soydeaqui.ddns.net\/pachuca\/index.php\/wp-json\/wp\/v2\/product\/77131","targetHints":{"allow":["GET"]}}],"collection":[{"href":"https:\/\/soydeaqui.ddns.net\/pachuca\/index.php\/wp-json\/wp\/v2\/product"}],"about":[{"href":"https:\/\/soydeaqui.ddns.net\/pachuca\/index.php\/wp-json\/wp\/v2\/types\/product"}],"replies":[{"embeddable":true,"href":"https:\/\/soydeaqui.ddns.net\/pachuca\/index.php\/wp-json\/wp\/v2\/comments?post=77131"}],"wp:featuredmedia":[{"embeddable":true,"href":"https:\/\/soydeaqui.ddns.net\/pachuca\/index.php\/wp-json\/wp\/v2\/media\/77130"}],"wp:attachment":[{"href":"https:\/\/soydeaqui.ddns.net\/pachuca\/index.php\/wp-json\/wp\/v2\/media?parent=77131"}],"wp:term":[{"taxonomy":"product_brand","embeddable":true,"href":"https:\/\/soydeaqui.ddns.net\/pachuca\/index.php\/wp-json\/wp\/v2\/product_brand?post=77131"},{"taxonomy":"product_cat","embeddable":true,"href":"https:\/\/soydeaqui.ddns.net\/pachuca\/index.php\/wp-json\/wp\/v2\/product_cat?post=77131"},{"taxonomy":"product_tag","embeddable":true,"href":"https:\/\/soydeaqui.ddns.net\/pachuca\/index.php\/wp-json\/wp\/v2\/product_tag?post=77131"}],"curies":[{"name":"wp","href":"https:\/\/api.w.org\/{rel}","templated":true}]}}