{"id":77029,"date":"2026-03-19T15:44:21","date_gmt":"2026-03-19T15:44:21","guid":{"rendered":"https:\/\/soydeaqui.ddns.net\/pachuca\/index.php\/producto\/force-300-ip67-600-mbps-reales-5-ghz-wave2-802-11-ac-antena-19-dbi-c050900c905a\/"},"modified":"2026-03-19T15:44:23","modified_gmt":"2026-03-19T15:44:23","slug":"force-300-ip67-600-mbps-reales-5-ghz-wave2-802-11-ac-antena-19-dbi-c050900c905a","status":"publish","type":"product","link":"https:\/\/soydeaqui.ddns.net\/pachuca\/index.php\/producto\/force-300-ip67-600-mbps-reales-5-ghz-wave2-802-11-ac-antena-19-dbi-c050900c905a\/","title":{"rendered":"FORCE-300 \/ IP67 \/ +600 MBps Reales \/ 5 GHz Wave2 802.11-AC \/ +Antena 19 dBi C050900C905A"},"content":{"rendered":"<div style='width: 100%; max-width: 1200px; margin: 0 auto; font-family: sans-serif; line-height: 1.6; color: inherit; background-color: transparent;'> <img style='width: 100%; height: auto; border: 1px solid rgba(150&comma;150&comma;150&comma;0.3); border-radius: 8px;' src='http:\/\/ftp3.syscom.mx\/usuarios\/hortega\/Cambium\/cambium-networks-logo.png' alt='Logo Cambium Networks'> <\/p>\n<hr style='border: 0; border-top: 1px solid rgba(150&comma; 150&comma; 150&comma; 0.3); margin: 30px 0;'>\n<h2 style='font-size: 24px; margin: 0 0 15px; color: inherit;'>Force 300-19 5 GHz<\/h2>\n<p> <!-- Caracter\u00edsticas principales --> <\/p>\n<div style='display: flex; flex-wrap: wrap; gap: 15px; margin-bottom: 30px;'>\n<div style='flex: 1 1 120px; min-width: 100px; background: rgba(150&comma;150&comma;150&comma;0.1); border-radius: 4px; padding: 8px; text-align: center;'>\n<div style='font-size: 18px; font-weight: bold; color: inherit;'>5<\/div>\n<div style='font-size: 14px; color: inherit;'>GHz<\/div>\n<\/p><\/div>\n<div style='flex: 1 1 120px; min-width: 100px; background: rgba(150&comma;150&comma;150&comma;0.1); border-radius: 4px; padding: 8px; text-align: center;'>\n<div style='font-size: 18px; font-weight: bold; color: inherit;'>+600<\/div>\n<div style='font-size: 14px; color: inherit;'>Mbps<\/div>\n<\/p><\/div>\n<div style='flex: 1 1 120px; min-width: 100px; background: rgba(150&comma;150&comma;150&comma;0.1); border-radius: 4px; padding: 8px; text-align: center;'>\n<div style='font-size: 18px; font-weight: bold; color: inherit;'>19<\/div>\n<div style='font-size: 14px; color: inherit;'>dBi<\/div>\n<\/p><\/div>\n<div style='flex: 1 1 120px; min-width: 100px; background: rgba(150&comma;150&comma;150&comma;0.1); border-radius: 4px; padding: 8px; text-align: center;'>\n<div style='font-size: 16px; color: inherit;'>802.11AC<\/div>\n<div style='font-size: 14px; color: inherit;'>WAVE2<\/div>\n<\/p><\/div>\n<\/p><\/div>\n<p> <!-- Secciones de caracter\u00edsticas --> <\/p>\n<div style='display: grid; grid-template-columns: repeat(auto-fill&comma; minmax(300px&comma; 1fr)); gap: 30px; margin-bottom: 30px;'>\n<div style='border: 1px solid rgba(150&comma;150&comma;150&comma;0.4); border-radius: 8px; overflow: hidden;'>\n<div style='padding: 15px; border-bottom: 1px solid rgba(150&comma;150&comma;150&comma;0.2); background: rgba(150&comma;150&comma;150&comma;0.05); font-weight: bold; color: inherit;'>CALIDAD DE SERVICIO<\/div>\n<div style='padding: 15px; color: inherit;'>\n<p>Un potente esquema de priorizaci\u00f3n multinivel que puede ser configurado por el operador de red para permitir la entrega de servicios diferenciados.<\/p>\n<\/p><\/div>\n<\/p><\/div>\n<div style='border: 1px solid rgba(150&comma;150&comma;150&comma;0.4); border-radius: 8px; overflow: hidden;'>\n<div style='padding: 15px; border-bottom: 1px solid rgba(150&comma;150&comma;150&comma;0.2); background: rgba(150&comma;150&comma;150&comma;0.05); font-weight: bold; color: inherit;'>SEGURIDAD<\/div>\n<div style='padding: 15px; color: inherit;'>\n<p>El cifrado AES de 128 bits&comma; las reglas de firewall L2 y L3&comma; la compatibilidad con diferentes niveles de usuario&comma; la compatibilidad con HTTP \/ SSH proporciona seguridad mejorada.<\/p>\n<\/p><\/div>\n<\/p><\/div>\n<div style='border: 1px solid rgba(150&comma;150&comma;150&comma;0.4); border-radius: 8px; overflow: hidden;'>\n<div style='padding: 15px; border-bottom: 1px solid rgba(150&comma;150&comma;150&comma;0.2); background: rgba(150&comma;150&comma;150&comma;0.05); font-weight: bold; color: inherit;'>MODOS FLEXIBLES DE OPERACI\u00d3N<\/div>\n<div style='padding: 15px; color: inherit;'>\n<p>Proporciona una latencia extremadamente baja para implementaciones de PTP&comma; modo altamente escalable sin sincronizaci\u00f3n GPS y operaci\u00f3n TDD para torres sincronizadas<\/p>\n<\/p><\/div>\n<\/p><\/div>\n<div style='border: 1px solid rgba(150&comma;150&comma;150&comma;0.4); border-radius: 8px; overflow: hidden;'>\n<div style='padding: 15px; border-bottom: 1px solid rgba(150&comma;150&comma;150&comma;0.2); background: rgba(150&comma;150&comma;150&comma;0.05); font-weight: bold; color: inherit;'>NUEVO TAMA\u00d1O DE CANAL Y MODULACI\u00d3N<\/div>\n<div style='padding: 15px; color: inherit;'>\n<p>Admite configuraci\u00f3n de tama\u00f1os de canal desde 20 MHz hasta 80 MHz y modula hasta 256 QAM<\/p>\n<\/p><\/div>\n<\/p><\/div>\n<\/p><\/div>\n<p> <!-- Analizador de espectro --> <\/p>\n<div style='margin: 30px 0;'>\n<h3 style='font-size: 18px; border-bottom: 2px solid currentColor; padding-bottom: 5px; margin: 20px 0 10px; color: inherit; opacity: 0.8;'>ANALIZADOR DE ESPECTRO EN VIVO INTEGRADO<\/h3>\n<p style='color: inherit;'>Compatible con el monitoreo constante del espectro de radio y permite la acci\u00f3n en vivo sin tirar el enlace.<\/p>\n<\/p><\/div>\n<p> <!-- Funciones principales --> <\/p>\n<div style='margin: 30px 0;'>\n<h3 style='font-size: 18px; border-bottom: 2px solid currentColor; padding-bottom: 5px; margin: 20px 0 10px; color: inherit; opacity: 0.8;'>Funciones principales<\/h3>\n<ul style='padding-left: 20px; color: inherit;'>\n<li style='margin-bottom: 5px;'>Puerto Gigabit Ethernet<\/li>\n<li style='margin-bottom: 5px;'>Permite PoE Cambium y PoE est\u00e1ndar (30Vdc)<\/li>\n<li style='margin-bottom: 5px;'>Incluye PoE<\/li>\n<li style='margin-bottom: 5px;'><strong>M\u00e1ximo desempe\u00f1o para aplicaciones de voz y video vigilancia<\/strong><\/li>\n<\/ul><\/div>\n<p> <!-- Especificaciones t\u00e9cnicas --> <\/p>\n<div style='margin: 30px 0;'>\n<h3 style='font-size: 18px; border-bottom: 2px solid currentColor; padding-bottom: 5px; margin: 20px 0 10px; color: inherit; opacity: 0.8;'>Especificaciones t\u00e9cnicas<\/h3>\n<div style='display: grid; grid-template-columns: repeat(auto-fill&comma; minmax(250px&comma; 1fr)); gap: 20px;'>\n<div style='border: 1px solid rgba(150&comma;150&comma;150&comma;0.4); border-radius: 8px; overflow: hidden;'>\n<div style='padding: 15px; background: rgba(150&comma;150&comma;150&comma;0.05); font-weight: bold; color: inherit;'>MIMO y modulaci\u00f3n<\/div>\n<div style='padding: 15px; color: inherit;'>2&#215;2 MIMO\/OFDM<\/div>\n<\/p><\/div>\n<div style='border: 1px solid rgba(150&comma;150&comma;150&comma;0.4); border-radius: 8px; overflow: hidden;'>\n<div style='padding: 15px; background: rgba(150&comma;150&comma;150&comma;0.05); font-weight: bold; color: inherit;'>Rango de frecuencias<\/div>\n<div style='padding: 15px; color: inherit;'>4.910 \u2013 5.970 MHz (definido por pa\u00eds de operaci\u00f3n)<\/div>\n<\/p><\/div>\n<div style='border: 1px solid rgba(150&comma;150&comma;150&comma;0.4); border-radius: 8px; overflow: hidden;'>\n<div style='padding: 15px; background: rgba(150&comma;150&comma;150&comma;0.05); font-weight: bold; color: inherit;'>Potencia m\u00e1xima output<\/div>\n<div style='padding: 15px; color: inherit;'>0 a +28 dB<\/div>\n<\/p><\/div>\n<div style='border: 1px solid rgba(150&comma;150&comma;150&comma;0.4); border-radius: 8px; overflow: hidden;'>\n<div style='padding: 15px; background: rgba(150&comma;150&comma;150&comma;0.05); font-weight: bold; color: inherit;'>Antena<\/div>\n<div style='padding: 15px; color: inherit;'>19 dBi<\/div>\n<\/p><\/div>\n<div style='border: 1px solid rgba(150&comma;150&comma;150&comma;0.4); border-radius: 8px; overflow: hidden;'>\n<div style='padding: 15px; background: rgba(150&comma;150&comma;150&comma;0.05); font-weight: bold; color: inherit;'>Consumo de potencia m\u00e1ximo<\/div>\n<div style='padding: 15px; color: inherit;'>12 Watts<\/div>\n<\/p><\/div>\n<div style='border: 1px solid rgba(150&comma;150&comma;150&comma;0.4); border-radius: 8px; overflow: hidden;'>\n<div style='padding: 15px; background: rgba(150&comma;150&comma;150&comma;0.05); font-weight: bold; color: inherit;'>Protecci\u00f3n exterior\/ Temperatura<\/div>\n<div style='padding: 15px; color: inherit;'>IP67 \/ -30\u00b0C a +60\u00b0C (-22\u00b0F a +140\u00b0F)<\/div>\n<\/p><\/div>\n<div style='border: 1px solid rgba(150&comma;150&comma;150&comma;0.4); border-radius: 8px; overflow: hidden;'>\n<div style='padding: 15px; background: rgba(150&comma;150&comma;150&comma;0.05); font-weight: bold; color: inherit;'>Gesti\u00f3n<\/div>\n<div style='padding: 15px; color: inherit;'>HTTPs&comma; SSH&comma; SNMPv2c<\/div>\n<\/p><\/div>\n<div style='border: 1px solid rgba(150&comma;150&comma;150&comma;0.4); border-radius: 8px; overflow: hidden;'>\n<div style='padding: 15px; background: rgba(150&comma;150&comma;150&comma;0.05); font-weight: bold; color: inherit;'>Espacios de canales<\/div>\n<div style='padding: 15px; color: inherit;'>Configurable en incrementos de 5 MHz<\/div>\n<\/p><\/div>\n<div style='border: 1px solid rgba(150&comma;150&comma;150&comma;0.4); border-radius: 8px; overflow: hidden;'>\n<div style='padding: 15px; background: rgba(150&comma;150&comma;150&comma;0.05); font-weight: bold; color: inherit;'>MAC Layer<\/div>\n<div style='padding: 15px; color: inherit;'>Cambium Proprietary<\/div>\n<\/p><\/div>\n<div style='border: 1px solid rgba(150&comma;150&comma;150&comma;0.4); border-radius: 8px; overflow: hidden;'>\n<div style='padding: 15px; background: rgba(150&comma;150&comma;150&comma;0.05); font-weight: bold; color: inherit;'>Estructura Ethernet<\/div>\n<div style='padding: 15px; color: inherit;'>10\/100\/1000BaseT&comma; rate auto negotiated Cambium PoE (Incluido)<\/div>\n<\/p><\/div>\n<div style='border: 1px solid rgba(150&comma;150&comma;150&comma;0.4); border-radius: 8px; overflow: hidden;'>\n<div style='padding: 15px; background: rgba(150&comma;150&comma;150&comma;0.05); font-weight: bold; color: inherit;'>Protocolos usados<\/div>\n<div style='padding: 15px; color: inherit;'>IPv4&comma; UDP&comma; TCP&comma; IP&comma; ICMP&comma; SSH&comma; SNMPv2c&comma; HTTPs&comma; STP&comma; SSH&comma; IGMP Snooping<\/div>\n<\/p><\/div>\n<div style='border: 1px solid rgba(150&comma;150&comma;150&comma;0.4); border-radius: 8px; overflow: hidden;'>\n<div style='padding: 15px; background: rgba(150&comma;150&comma;150&comma;0.05); font-weight: bold; color: inherit;'>VLAN<\/div>\n<div style='padding: 15px; color: inherit;'>802.1Q with 802.1p priority<\/div>\n<\/p><\/div>\n<div style='border: 1px solid rgba(150&comma;150&comma;150&comma;0.4); border-radius: 8px; overflow: hidden;'>\n<div style='padding: 15px; background: rgba(150&comma;150&comma;150&comma;0.05); font-weight: bold; color: inherit;'>Voltaje de entrada<\/div>\n<div style='padding: 15px; color: inherit;'>30 V (PoE Incluido)<\/div>\n<\/p><\/div>\n<div style='border: 1px solid rgba(150&comma;150&comma;150&comma;0.4); border-radius: 8px; overflow: hidden;'>\n<div style='padding: 15px; background: rgba(150&comma;150&comma;150&comma;0.05); font-weight: bold; color: inherit;'>Encriptaci\u00f3n<\/div>\n<div style='padding: 15px; color: inherit;'>128-bit AES (CCMP mode)<\/div>\n<\/p><\/div>\n<div style='border: 1px solid rgba(150&comma;150&comma;150&comma;0.4); border-radius: 8px; overflow: hidden;'>\n<div style='padding: 15px; background: rgba(150&comma;150&comma;150&comma;0.05); font-weight: bold; color: inherit;'>Tipo de Antena<\/div>\n<div style='padding: 15px; color: inherit;'>Conectorizado (cualquier antena en su rango de frecuencia es compatible)<\/div>\n<\/p><\/div>\n<div style='border: 1px solid rgba(150&comma;150&comma;150&comma;0.4); border-radius: 8px; overflow: hidden;'>\n<div style='padding: 15px; background: rgba(150&comma;150&comma;150&comma;0.05); font-weight: bold; color: inherit;'>Ancho de canal<\/div>\n<div style='padding: 15px; color: inherit;'>(1&#215;20&comma;1&#215;40&comma;1&#215;80 Mhz)<\/div>\n<\/p><\/div>\n<div style='border: 1px solid rgba(150&comma;150&comma;150&comma;0.4); border-radius: 8px; overflow: hidden;'>\n<div style='padding: 15px; background: rgba(150&comma;150&comma;150&comma;0.05); font-weight: bold; color: inherit;'>Garant\u00eda<\/div>\n<div style='padding: 15px; color: inherit;'>3 a\u00f1os<\/div>\n<\/p><\/div>\n<\/p><\/div>\n<\/p><\/div>\n<p> <!-- Software relacionado --> <\/p>\n<div style='margin: 30px 0;'>\n<h3 style='font-size: 18px; border-bottom: 2px solid currentColor; padding-bottom: 5px; margin: 20px 0 10px; color: inherit; opacity: 0.8;'>Software relacionado<\/h3>\n<div style='display: grid; grid-template-columns: repeat(auto-fill&comma; minmax(250px&comma; 1fr)); gap: 30px;'>\n<div style='text-align: center;'> <img style='width: 100%; max-width: 225px; height: auto; border: 1px solid rgba(150&comma;150&comma;150&comma;0.3); border-radius: 8px;' src='https:\/\/ftp3.syscom.mx\/usuarios\/hortega\/Cambium\/ePMP\/cnMaestro2.png' alt='cnMaestro'> <\/p>\n<p style='margin: 10px 0 0; color: inherit;'><a style='color: inherit; text-decoration: none; font-weight: bold;' href='https:\/\/www.cambiumnetworks.com\/products\/software\/cnmaestro\/'>cnMaestro<\/a><\/p>\n<p style='color: inherit; font-size: 14px; margin-top: 5px;'>Plataforma de software para gesti\u00f3n de red inal\u00e1mbrica<\/p>\n<\/p><\/div>\n<div style='text-align: center;'> <img style='width: 100%; max-width: 225px; height: auto; border: 1px solid rgba(150&comma;150&comma;150&comma;0.3); border-radius: 8px;' src='https:\/\/ftp3.syscom.mx\/usuarios\/hortega\/Cambium\/ePMP\/LinkPlanner-225x225.png' alt='LINKPlanner'> <\/p>\n<p style='margin: 10px 0 0; color: inherit;'><a style='color: inherit; text-decoration: none; font-weight: bold;' href='https:\/\/www.cambiumnetworks.com\/products\/software\/linkplanner\/'>LINKPlanner<\/a><\/p>\n<p style='color: inherit; font-size: 14px; margin-top: 5px;'>Herramienta de planificaci\u00f3n de enlaces RF<\/p>\n<\/p><\/div>\n<div style='text-align: center;'> <img style='width: 100%; max-width: 225px; height: auto; border: 1px solid rgba(150&comma;150&comma;150&comma;0.3); border-radius: 8px;' src='https:\/\/ftp3.syscom.mx\/usuarios\/hortega\/Cambium\/ePMP\/cnArcher-225x225.png' alt='cnArcher'> <\/p>\n<p style='margin: 10px 0 0; color: inherit;'><a style='color: inherit; text-decoration: none; font-weight: bold;' href='https:\/\/www.cambiumnetworks.com\/products\/software\/cnarcher\/'>cnArcher<\/a><\/p>\n<p style='color: inherit; font-size: 14px; margin-top: 5px;'>Aplicaci\u00f3n m\u00f3vil para configuraci\u00f3n de m\u00f3dulos<\/p>\n<\/p><\/div>\n<div style='text-align: center;'> <img style='width: 100%; max-width: 225px; height: auto; border: 1px solid rgba(150&comma;150&comma;150&comma;0.3); border-radius: 8px;' src='https:\/\/ftp3.syscom.mx\/usuarios\/hortega\/Cambium\/ePMP\/cnHeat.png' alt='cnHeat'> <\/p>\n<p style='margin: 10px 0 0; color: inherit;'><a style='color: inherit; text-decoration: none; font-weight: bold;' href='https:\/\/www.cambiumnetworks.com\/products\/software\/cnheat\/'>cnHeat<\/a><\/p>\n<p style='color: inherit; font-size: 14px; margin-top: 5px;'>Herramienta de planificaci\u00f3n de RF con datos SIG<\/p>\n<\/p><\/div>\n<\/p><\/div>\n<\/p><\/div>\n<p> <!-- Video --> <\/p>\n<div style='margin: 30px 0;'>\n<div style='position: relative; padding-bottom: 56.25%; height: 0; overflow: hidden;'>   <\/div>\n<\/p><\/div>\n<p> <!-- Garant\u00eda --> <\/p>\n<div style='margin: 30px 0; padding: 20px; border: 1px solid rgba(150&comma;150&comma;150&comma;0.3); border-radius: 8px;'>\n<p style='color: inherit; margin: 0; font-size: 15px;'>Garant\u00eda de 3 a\u00f1os ofrecida por Cambium Networks<\/p>\n<\/p><\/div>\n<\/p><\/div>\n","protected":false},"excerpt":{"rendered":"<p>FORCE-300 \/ IP67 \/ +600 MBps Reales \/ 5 GHz Wave2 802.11-AC \/ +Antena 19 dBi C050900C905A<\/p>\n","protected":false},"featured_media":77028,"comment_status":"open","ping_status":"closed","template":"","meta":[],"product_brand":[],"product_cat":[1998],"product_tag":[1999,1316,1980],"class_list":{"0":"post-77029","1":"product","2":"type-product","3":"status-publish","4":"has-post-thumbnail","6":"product_cat-5-y-6-ghz","7":"product_tag-5-y-6-ghz","8":"product_tag-cambium-networks","9":"product_tag-enlaces-ptp-y-ptmp","11":"first","12":"outofstock","13":"sale","14":"shipping-taxable","15":"purchasable","16":"product-type-simple"},"_links":{"self":[{"href":"https:\/\/soydeaqui.ddns.net\/pachuca\/index.php\/wp-json\/wp\/v2\/product\/77029","targetHints":{"allow":["GET"]}}],"collection":[{"href":"https:\/\/soydeaqui.ddns.net\/pachuca\/index.php\/wp-json\/wp\/v2\/product"}],"about":[{"href":"https:\/\/soydeaqui.ddns.net\/pachuca\/index.php\/wp-json\/wp\/v2\/types\/product"}],"replies":[{"embeddable":true,"href":"https:\/\/soydeaqui.ddns.net\/pachuca\/index.php\/wp-json\/wp\/v2\/comments?post=77029"}],"wp:featuredmedia":[{"embeddable":true,"href":"https:\/\/soydeaqui.ddns.net\/pachuca\/index.php\/wp-json\/wp\/v2\/media\/77028"}],"wp:attachment":[{"href":"https:\/\/soydeaqui.ddns.net\/pachuca\/index.php\/wp-json\/wp\/v2\/media?parent=77029"}],"wp:term":[{"taxonomy":"product_brand","embeddable":true,"href":"https:\/\/soydeaqui.ddns.net\/pachuca\/index.php\/wp-json\/wp\/v2\/product_brand?post=77029"},{"taxonomy":"product_cat","embeddable":true,"href":"https:\/\/soydeaqui.ddns.net\/pachuca\/index.php\/wp-json\/wp\/v2\/product_cat?post=77029"},{"taxonomy":"product_tag","embeddable":true,"href":"https:\/\/soydeaqui.ddns.net\/pachuca\/index.php\/wp-json\/wp\/v2\/product_tag?post=77029"}],"curies":[{"name":"wp","href":"https:\/\/api.w.org\/{rel}","templated":true}]}}