{"id":76860,"date":"2026-03-19T15:37:34","date_gmt":"2026-03-19T15:37:34","guid":{"rendered":"https:\/\/soydeaqui.ddns.net\/pachuca\/index.php\/producto\/airscout-gigacheck-kit-4-clientes-con-mapa-de-calor\/"},"modified":"2026-03-19T15:37:35","modified_gmt":"2026-03-19T15:37:35","slug":"airscout-gigacheck-kit-4-clientes-con-mapa-de-calor","status":"publish","type":"product","link":"https:\/\/soydeaqui.ddns.net\/pachuca\/index.php\/producto\/airscout-gigacheck-kit-4-clientes-con-mapa-de-calor\/","title":{"rendered":"Airscout gigacheck kit 4 clientes con mapa de calor"},"content":{"rendered":"<div style='width: 100%; max-width: 1200px; margin: 0 auto; font-family: sans-serif; line-height: 1.6; color: inherit; background-color: transparent;'> <!-- Imagen principal --> <\/p>\n<div style='width: 100%; text-align: center; margin-bottom: 30px;'> <img style='width: auto; max-width: 100%; height: auto; border: 1px solid rgba(150&comma;150&comma;150&comma;0.3); border-radius: 8px;' src='https:\/\/ftp3.syscom.mx\/usuarios\/orobles\/GREENLEE\/TEMPO-COMMUNICATIONS-lg.jpg' alt=''> <\/div>\n<p> <!-- Descripci\u00f3n --> <\/p>\n<div style='display: flex; flex-wrap: wrap; gap: 30px; margin-bottom: 30px;'>\n<div style='flex: 1 1 300px; min-width: 280px;'>\n<h3 style='font-size: 22px; border-bottom: 2px solid currentColor; padding-bottom: 5px; margin-top: 0; color: inherit; opacity: 0.8;'>Descripci\u00f3n<\/h3>\n<p style='font-size: 15px; color: inherit; text-align: justify;'> El kit AirScout ASK304-LP consta de un controlador maestro AirScout&comma; cuatro (4) dispositivos cliente AirScout y accesorios&comma; todos almacenados en un malet\u00edn de transporte resistente y pr\u00e1ctico en el que se cargan desde la red el\u00e9ctrica de CA o el suministro del veh\u00edculo de 12 V CC. <\/p>\n<p style='font-size: 15px; color: inherit; text-align: justify;'> La capacidad AirScout Live PRO est\u00e1 incluida en el ASK306-LP. AirScout Live PRO es una herramienta de soluci\u00f3n de problemas de grado de ingenier\u00eda f\u00e1cil de usar que lo ayuda a identificar las interferencias Wi-Fi y no Wi-Fi en su red. Tambi\u00e9n proporciona una vista en tiempo real de c\u00f3mo se utiliza su red y para qu\u00e9&comma; hasta el cliente. La interfaz simple y f\u00e1cil de usar significa que no hay necesidad de una capacitaci\u00f3n costosa: los usuarios pueden llegar r\u00e1pida y f\u00e1cilmente a la ra\u00edz del problema sin ser un genio de Wi-Fi. <\/p>\n<p style='font-size: 15px; color: inherit;'> <strong>Patentado:<\/strong> Patente # 9992690 <\/p>\n<\/p><\/div>\n<\/p><\/div>\n<p> <!-- Separador --> <\/p>\n<hr style='border: 0; border-top: 1px solid rgba(150&comma; 150&comma; 150&comma; 0.3); margin: 30px 0;'> <!-- Especificaciones --> <\/p>\n<div style='display: flex; flex-wrap: wrap; gap: 20px; margin-bottom: 30px;'>\n<div style='flex: 1 1 250px; border: 1px solid rgba(150&comma; 150&comma; 150&comma; 0.4); border-radius: 8px; overflow: hidden; display: flex; flex-direction: column;'>\n<div style='padding: 15px; border-bottom: 1px solid rgba(150&comma; 150&comma; 150&comma; 0.2); font-weight: bold; font-size: 18px; color: inherit;'>Especificaciones<\/div>\n<div style='padding: 15px; color: inherit;'>\n<ul style='padding-left: 20px; margin: 0; font-size: 14px; list-style-type: disc;'>\n<li style='margin-bottom: 5px;'><strong>Est\u00e1ndar:<\/strong> 802.11<\/li>\n<li style='margin-bottom: 5px;'><strong>Tipo:<\/strong> Herramienta de control de calidad Wi-Fi<\/li>\n<li style='margin-bottom: 5px;'><strong>Frecuencia:<\/strong> 2&comma;4 GHz y 5 GHz<\/li>\n<li style='margin-bottom: 5px;'><strong>Bater\u00eda:<\/strong> Pol\u00edmero de iones de litio 15&comma;5 Wh<\/li>\n<li style='margin-bottom: 5px;'><strong>Interfaz:<\/strong> LAN cableada 10\/100\/1000 Ethernet<\/li>\n<li style='margin-bottom: 5px;'><strong>Antena:<\/strong> 2 x 2 MIMO (controlador maestro y todos los clientes)<\/li>\n<li style='margin-bottom: 5px;'><strong>Tipo de red de \u00e1rea:<\/strong> WiFi<\/li>\n<li style='margin-bottom: 5px;'><strong>Recinto:<\/strong> Estuche r\u00edgido<\/li>\n<li style='margin-bottom: 5px;'><strong>Fuente de alimentaci\u00f3n:<\/strong> 11 a 15 V CC&comma; 2&comma;5 A<\/li>\n<li style='margin-bottom: 5px;'><strong>Temperatura de funcionamiento:<\/strong> 0 a +60 \u00b0C (+32 a +140 \u00b0F)<\/li>\n<li style='margin-bottom: 5px;'><strong>Largo:<\/strong> 37&comma;8 cm (14.88&#8242;)<\/li>\n<li style='margin-bottom: 5px;'><strong>Ancho:<\/strong> 30&comma;8 cm (12.13&#8242;)<\/li>\n<li style='margin-bottom: 5px;'><strong>Altura:<\/strong> 17&comma;5 cm (6.89&#8242;)<\/li>\n<\/ul><\/div>\n<\/p><\/div>\n<\/p><\/div>\n<p> <!-- Separador --> <\/p>\n<hr style='border: 0; border-top: 1px solid rgba(150&comma; 150&comma; 150&comma; 0.3); margin: 30px 0;'> <!-- Videos de YouTube --> <\/p>\n<div style='display: flex; flex-wrap: wrap; gap: 30px; margin-bottom: 30px;'>\n<div style='flex: 1 1 500px; min-width: 300px;'>\n<div style='position: relative; padding-bottom: 56.25%; height: 0; overflow: hidden; margin-bottom: 30px;'>   <\/div>\n<\/p><\/div>\n<div style='flex: 1 1 500px; min-width: 300px;'>\n<div style='position: relative; padding-bottom: 56.25%; height: 0; overflow: hidden; margin-bottom: 30px;'>   <\/div>\n<\/p><\/div>\n<div style='flex: 1 1 500px; min-width: 300px;'>\n<div style='position: relative; padding-bottom: 56.25%; height: 0; overflow: hidden; margin-bottom: 30px;'>   <\/div>\n<\/p><\/div>\n<div style='flex: 1 1 500px; min-width: 300px;'>\n<div style='position: relative; padding-bottom: 56.25%; height: 0; overflow: hidden; margin-bottom: 30px;'>   <\/div>\n<\/p><\/div>\n<div style='flex: 1 1 500px; min-width: 300px;'>\n<div style='position: relative; padding-bottom: 56.25%; height: 0; overflow: hidden; margin-bottom: 30px;'>   <\/div>\n<\/p><\/div>\n<\/p><\/div>\n<\/p><\/div>\n","protected":false},"excerpt":{"rendered":"<p>Airscout gigacheck kit 4 clientes con mapa de calor<\/p>\n","protected":false},"featured_media":76859,"comment_status":"open","ping_status":"closed","template":"","meta":[],"product_brand":[],"product_cat":[1794],"product_tag":[1795,1479,658],"class_list":{"0":"post-76860","1":"product","2":"type-product","3":"status-publish","4":"has-post-thumbnail","6":"product_cat-puntos-de-acceso","7":"product_tag-puntos-de-acceso","8":"product_tag-redes-wifi","9":"product_tag-tempo","11":"first","12":"outofstock","13":"sale","14":"shipping-taxable","15":"purchasable","16":"product-type-simple"},"_links":{"self":[{"href":"https:\/\/soydeaqui.ddns.net\/pachuca\/index.php\/wp-json\/wp\/v2\/product\/76860","targetHints":{"allow":["GET"]}}],"collection":[{"href":"https:\/\/soydeaqui.ddns.net\/pachuca\/index.php\/wp-json\/wp\/v2\/product"}],"about":[{"href":"https:\/\/soydeaqui.ddns.net\/pachuca\/index.php\/wp-json\/wp\/v2\/types\/product"}],"replies":[{"embeddable":true,"href":"https:\/\/soydeaqui.ddns.net\/pachuca\/index.php\/wp-json\/wp\/v2\/comments?post=76860"}],"wp:featuredmedia":[{"embeddable":true,"href":"https:\/\/soydeaqui.ddns.net\/pachuca\/index.php\/wp-json\/wp\/v2\/media\/76859"}],"wp:attachment":[{"href":"https:\/\/soydeaqui.ddns.net\/pachuca\/index.php\/wp-json\/wp\/v2\/media?parent=76860"}],"wp:term":[{"taxonomy":"product_brand","embeddable":true,"href":"https:\/\/soydeaqui.ddns.net\/pachuca\/index.php\/wp-json\/wp\/v2\/product_brand?post=76860"},{"taxonomy":"product_cat","embeddable":true,"href":"https:\/\/soydeaqui.ddns.net\/pachuca\/index.php\/wp-json\/wp\/v2\/product_cat?post=76860"},{"taxonomy":"product_tag","embeddable":true,"href":"https:\/\/soydeaqui.ddns.net\/pachuca\/index.php\/wp-json\/wp\/v2\/product_tag?post=76860"}],"curies":[{"name":"wp","href":"https:\/\/api.w.org\/{rel}","templated":true}]}}