{"id":7661,"date":"2026-03-18T06:59:03","date_gmt":"2026-03-18T06:59:03","guid":{"rendered":"https:\/\/soydeaqui.ddns.net\/pachuca\/index.php\/producto\/protector-de-120-vca-20ka\/"},"modified":"2026-03-18T06:59:03","modified_gmt":"2026-03-18T06:59:03","slug":"protector-de-120-vca-20ka","status":"publish","type":"product","link":"https:\/\/soydeaqui.ddns.net\/pachuca\/index.php\/producto\/protector-de-120-vca-20ka\/","title":{"rendered":"Protector de 120 Vca, 20kA"},"content":{"rendered":"<div style='width: 100%; max-width: 1200px; margin: 0 auto; font-family: sans-serif; line-height: 1.6; color: inherit; background-color: transparent;'> <!-- Secci\u00f3n de descripci\u00f3n principal --> <\/p>\n<div style='margin-bottom: 30px;'>\n<h2 style='font-size: 20px; margin-top: 0; margin-bottom: 15px; color: inherit; opacity: 0.9;'>Descripci\u00f3n<\/h2>\n<p style='font-size: 15px; margin-top: 0; color: inherit;'> El protector de 120 Vca est\u00e1 dise\u00f1ado para proteger los componentes electr\u00f3nicos sensibles en sistemas de distribuci\u00f3n de energ\u00eda contra sobretensiones causadas por rayos&comma; sobretensiones inducidas y descargas est\u00e1ticas. Es ideal para uso en equipos de CCTV&comma; alarmas&comma; paneles de detecci\u00f3n de incendios y sistemas de control de acceso. <\/p>\n<\/p><\/div>\n<p> <!-- Secci\u00f3n de caracter\u00edsticas --> <\/p>\n<div style='display: flex; flex-wrap: wrap; gap: 30px; margin-bottom: 30px;'>\n<div style='flex: 1 1 300px; min-width: 280px;'>\n<h3 style='font-size: 22px; border-bottom: 2px solid currentColor; padding-bottom: 5px; margin-top: 0; color: inherit; opacity: 0.8;'>Caracter\u00edsticas<\/h3>\n<ul style='padding-left: 20px; font-size: 15px; color: inherit;'>\n<li style='margin-bottom: 5px;'>Instalaci\u00f3n en carril DIN 35mm<\/li>\n<li style='margin-bottom: 5px;'>Conectores enchufables para conexi\u00f3n r\u00e1pida y f\u00e1cil<\/li>\n<li style='margin-bottom: 5px;'>40kA de corriente de sobretensi\u00f3n m\u00e1xima<\/li>\n<li style='margin-bottom: 5px;'>Dispositivo de desconexi\u00f3n t\u00e9rmica<\/li>\n<li style='margin-bottom: 5px;'>Indicadores de estado para verificar visualmente el nivel de protecci\u00f3n<\/li>\n<li style='margin-bottom: 5px;'>Cumple con est\u00e1ndares IEC61643-1 y ROHS<\/li>\n<\/ul><\/div>\n<p> <!-- Secci\u00f3n de especificaciones t\u00e9cnicas --> <\/p>\n<div style='flex: 1 1 300px; min-width: 280px;'>\n<h3 style='font-size: 22px; border-bottom: 2px solid currentColor; padding-bottom: 5px; margin-top: 0; color: inherit; opacity: 0.8;'>Especificaciones T\u00e9cnicas<\/h3>\n<ul style='padding-left: 20px; font-size: 15px; color: inherit;'>\n<li style='margin-bottom: 5px;'><strong>Voltaje nominal:<\/strong> 120 Vca (50\/60Hz)<\/li>\n<li style='margin-bottom: 5px;'><strong>Voltaje m\u00e1ximo de operaci\u00f3n:<\/strong> 150 Vca<\/li>\n<li style='margin-bottom: 5px;'><strong>Corriente nominal de descarga (8\/20\u03bcs):<\/strong> 20kA<\/li>\n<li style='margin-bottom: 5px;'><strong>Corriente m\u00e1xima de descarga (8\/20\u03bcs):<\/strong> 40kA<\/li>\n<li style='margin-bottom: 5px;'><strong>Nivel de protecci\u00f3n @ 20kA&comma; 8\/20\u03bcs:<\/strong> 800V<\/li>\n<li style='margin-bottom: 5px;'><strong>Tiempo de respuesta:<\/strong> \u2264 25ns<\/li>\n<li style='margin-bottom: 5px;'><strong>Modo de protecci\u00f3n:<\/strong> L-N&comma; N-PE<\/li>\n<li style='margin-bottom: 5px;'><strong>C\u00f3digo IP:<\/strong> IP20<\/li>\n<\/ul><\/div>\n<p> <!-- Secci\u00f3n de datos generales --> <\/p>\n<div style='flex: 1 1 300px; min-width: 280px;'>\n<h3 style='font-size: 22px; border-bottom: 2px solid currentColor; padding-bottom: 5px; margin-top: 0; color: inherit; opacity: 0.8;'>Datos Generales<\/h3>\n<ul style='padding-left: 20px; font-size: 15px; color: inherit;'>\n<li style='margin-bottom: 5px;'><strong>Dimensiones:<\/strong> 90(H) \u00d7 36(W) \u00d7 65(L) mm<\/li>\n<li style='margin-bottom: 5px;'><strong>Peso:<\/strong> 250g<\/li>\n<li style='margin-bottom: 5px;'><strong>Di\u00e1metro de conexi\u00f3n:<\/strong> \u226510mm\u00b2<\/li>\n<li style='margin-bottom: 5px;'><strong>Condiciones de operaci\u00f3n:<\/strong> Temperatura: -40\u00b0C a 80\u00b0C&comma; Humedad relativa: \u226495%<\/li>\n<\/ul><\/div>\n<\/p><\/div>\n<p> <!-- Secci\u00f3n de instrucciones de instalaci\u00f3n --> <\/p>\n<div style='margin-bottom: 30px;'>\n<h2 style='font-size: 20px; margin-top: 0; margin-bottom: 15px; color: inherit; opacity: 0.9;'>Instrucciones de Instalaci\u00f3n<\/h2>\n<ul style='padding-left: 20px; font-size: 15px; color: inherit;'>\n<li style='margin-bottom: 5px;'>El SPD debe instalarse en interiores o en cajas impermeables.<\/li>\n<li style='margin-bottom: 5px;'>Evitar la exposici\u00f3n directa al sol.<\/li>\n<li style='margin-bottom: 5px;'>No instalar en lugares con vibraciones violentas. Instalar sobre carril DIN de 35mm.<\/li>\n<li style='margin-bottom: 5px;'>No se requiere mantenimiento especial. Si surge un problema y se sospecha del SPD&comma; verificar el sistema sin el SPD. Si el sistema se recupera&comma; el SPD debe considerarse da\u00f1ado y reemplazarse inmediatamente.<\/li>\n<li style='margin-bottom: 5px;'>Para asegurar una conexi\u00f3n a tierra confiable&comma; la resistencia de tierra debe cumplir con las especificaciones requeridas.<\/li>\n<\/ul><\/div>\n<p> <!-- Separador --> <\/p>\n<hr style='border: 0; border-top: 1px solid rgba(150&comma; 150&comma; 150&comma; 0.3); margin: 30px 0;'> <\/div>\n","protected":false},"excerpt":{"rendered":"<p>Protector de 120 Vca, 20kA<\/p>\n","protected":false},"featured_media":7660,"comment_status":"open","ping_status":"closed","template":"","meta":[],"product_brand":[],"product_cat":[532],"product_tag":[533,62,560],"class_list":{"0":"post-7661","1":"product","2":"type-product","3":"status-publish","4":"has-post-thumbnail","6":"product_cat-todos-proteccion-contra-sobretensiones","7":"product_tag-proteccion-contra-sobretensiones","8":"product_tag-todos","9":"product_tag-txpro","11":"first","12":"outofstock","13":"sale","14":"shipping-taxable","15":"purchasable","16":"product-type-simple"},"_links":{"self":[{"href":"https:\/\/soydeaqui.ddns.net\/pachuca\/index.php\/wp-json\/wp\/v2\/product\/7661","targetHints":{"allow":["GET"]}}],"collection":[{"href":"https:\/\/soydeaqui.ddns.net\/pachuca\/index.php\/wp-json\/wp\/v2\/product"}],"about":[{"href":"https:\/\/soydeaqui.ddns.net\/pachuca\/index.php\/wp-json\/wp\/v2\/types\/product"}],"replies":[{"embeddable":true,"href":"https:\/\/soydeaqui.ddns.net\/pachuca\/index.php\/wp-json\/wp\/v2\/comments?post=7661"}],"wp:featuredmedia":[{"embeddable":true,"href":"https:\/\/soydeaqui.ddns.net\/pachuca\/index.php\/wp-json\/wp\/v2\/media\/7660"}],"wp:attachment":[{"href":"https:\/\/soydeaqui.ddns.net\/pachuca\/index.php\/wp-json\/wp\/v2\/media?parent=7661"}],"wp:term":[{"taxonomy":"product_brand","embeddable":true,"href":"https:\/\/soydeaqui.ddns.net\/pachuca\/index.php\/wp-json\/wp\/v2\/product_brand?post=7661"},{"taxonomy":"product_cat","embeddable":true,"href":"https:\/\/soydeaqui.ddns.net\/pachuca\/index.php\/wp-json\/wp\/v2\/product_cat?post=7661"},{"taxonomy":"product_tag","embeddable":true,"href":"https:\/\/soydeaqui.ddns.net\/pachuca\/index.php\/wp-json\/wp\/v2\/product_tag?post=7661"}],"curies":[{"name":"wp","href":"https:\/\/api.w.org\/{rel}","templated":true}]}}