{"id":76578,"date":"2026-03-19T15:26:12","date_gmt":"2026-03-19T15:26:12","guid":{"rendered":"https:\/\/soydeaqui.ddns.net\/pachuca\/index.php\/producto\/router-balanceador-de-carga-multi-wan-1-puerto-lan-10-100-mbps-1-puerto-wan-10-100-mbps-3-puertos-auto-configurables-lan-wan-sesiones-concurrentes-10000-para-pequena-oficina\/"},"modified":"2026-03-19T15:26:27","modified_gmt":"2026-03-19T15:26:27","slug":"router-balanceador-de-carga-multi-wan-1-puerto-lan-10-100-mbps-1-puerto-wan-10-100-mbps-3-puertos-auto-configurables-lan-wan-sesiones-concurrentes-10000-para-pequena-oficina","status":"publish","type":"product","link":"https:\/\/soydeaqui.ddns.net\/pachuca\/index.php\/producto\/router-balanceador-de-carga-multi-wan-1-puerto-lan-10-100-mbps-1-puerto-wan-10-100-mbps-3-puertos-auto-configurables-lan-wan-sesiones-concurrentes-10000-para-pequena-oficina\/","title":{"rendered":"Router Balanceador de Carga Multi-Wan, 1 puerto LAN 10\/100 Mbps, 1 puerto WAN 10\/100 Mbps, 3 puertos Auto configurables LAN\/WAN, Sesiones Concurrentes 10,000 para Peque\u00f1a Oficina"},"content":{"rendered":"<div style='width: 100%; max-width: 1200px; margin: 0 auto; font-family: sans-serif; line-height: 1.6; color: inherit; background-color: transparent;'> <!-- Secci\u00f3n de contenido con flex\/grid --> <\/p>\n<div style='display: flex; flex-wrap: wrap; gap: 30px; margin-bottom: 30px;'>\n<div style='flex: 1 1 300px; min-width: 280px;'>\n<h3 style='font-size: 22px; border-bottom: 2px solid currentColor; padding-bottom: 5px; margin-top: 0; color: inherit; opacity: 0.8;'>Router de banda ancha de Balanceador de carga<\/h3>\n<ul style='padding-left: 20px; font-size: 15px; color: inherit;'>\n<li style='margin-bottom: 5px;'>Hasta 4 puertos WAN equipados con balanceador de carga avanzado para garantizar capacidades m\u00e1ximas de respaldo y banda ancha<\/li>\n<li style='margin-bottom: 5px;'>Proporciona una administraci\u00f3n extensa de cuentas de usuarios y manejo de red para administradores con Servidor PPPoE soportado<\/li>\n<li style='margin-bottom: 5px;'>Recurso de banda ancha Marshals para usuarios espec\u00edficos basados en sus \u00fanicos entornos de aplicaci\u00f3n.<\/li>\n<li style='margin-bottom: 5px;'>Con un dise\u00f1o m\u00e1s peque\u00f1o para una soluci\u00f3n econ\u00f3mica en redes de peque\u00f1as oficinas o caf\u00e9s internet<\/li>\n<\/ul><\/div>\n<\/p><\/div>\n<p> <!-- Secci\u00f3n de cards con especificaciones --> <\/p>\n<div style='display: flex; flex-wrap: wrap; gap: 20px; margin-bottom: 30px;'>\n<div style='flex: 1 1 250px; border: 1px solid rgba(150&comma; 150&comma; 150&comma; 0.4); border-radius: 8px; overflow: hidden; display: flex; flex-direction: column;'>\n<div style='padding: 15px; border-bottom: 1px solid rgba(150&comma; 150&comma; 150&comma; 0.2); font-weight: bold; font-size: 18px; color: inherit;'>Caracter\u00edsticas<\/div>\n<div style='padding: 15px; color: inherit;'>\n<ul style='padding-left: 20px; margin: 0; font-size: 14px; list-style-type: disc;'>\n<li style='margin-bottom: 5px;'>IP din\u00e1mica&comma; IP est\u00e1tica&comma; PPPoE&comma; L2TP&comma; PPTP y BigPond las opciones de Internet por cable de conexi\u00f3n se conectan f\u00e1cilmente a Internet<\/li>\n<li style='margin-bottom: 5px;'>Basada en el tiempo de control de acceso permite a los padres o los administradores establecer pol\u00edticas de acceso restringido para los ni\u00f1os o el personal<\/li>\n<li style='margin-bottom: 5px;'>IP basada en el control de ancho de banda permite a los administradores determinar la cantidad de ancho de banda es asignado a cada PC que garantice el rendimiento de las aplicaciones de VoIP o de v\u00eddeo<\/li>\n<li style='margin-bottom: 5px;'>Construido en el servidor DHCP Es compatible con la distribuci\u00f3n de direcciones IP est\u00e1ticas<\/li>\n<li style='margin-bottom: 5px;'>Firewall integrado compatible con el filtrado de direcciones IP&comma; nombres de dominio de filtrado y filtrado de direcciones MAC<\/li>\n<li style='margin-bottom: 5px;'>IP y MAC funci\u00f3n vinculante efectivamente previene los ataques de virus ARP<\/li>\n<li style='margin-bottom: 5px;'>Potente ataque de denegaci\u00f3n de las garant\u00edas de protecci\u00f3n de la red<\/li>\n<li style='margin-bottom: 5px;'>Usuarios de Servidor Virtual&comma; Aplicaciones Especiales&comma; host DMZ y UPnP ayudar a construir sus propios servidores<\/li>\n<li style='margin-bottom: 5px;'>DDNS permite a los usuarios utilizar la gesti\u00f3n remota f\u00e1cilmente con un nombre de dominio<\/li>\n<li style='margin-bottom: 5px;'>Sesiones concurrentes 10&comma;000<\/li>\n<\/ul><\/div>\n<\/p><\/div>\n<\/p><\/div>\n<p> <!-- Separador --> <\/p>\n<hr style='border: 0; border-top: 1px solid rgba(150&comma; 150&comma; 150&comma; 0.3); margin: 30px 0;'> <\/div>\n","protected":false},"excerpt":{"rendered":"<p>Router Balanceador de Carga Multi-Wan, 1 puerto LAN 10\/100 Mbps, 1 puerto WAN 10\/100 Mbps, 3 puertos Auto configurables LAN\/WAN, Sesiones Concurrentes 10,000 para Peque\u00f1a Oficina<\/p>\n","protected":false},"featured_media":76577,"comment_status":"open","ping_status":"closed","template":"","meta":[],"product_brand":[],"product_cat":[2036,2035,2034],"product_tag":[2039,2038,664,2037,71],"class_list":{"0":"post-76578","1":"product","2":"type-product","3":"status-publish","4":"has-post-thumbnail","6":"product_cat-balanceadores","7":"product_cat-firewalls","8":"product_cat-routers","9":"product_tag-balanceadores","10":"product_tag-firewalls","11":"product_tag-networking","12":"product_tag-routers","13":"product_tag-tp-link","15":"first","16":"instock","17":"sale","18":"shipping-taxable","19":"purchasable","20":"product-type-simple"},"_links":{"self":[{"href":"https:\/\/soydeaqui.ddns.net\/pachuca\/index.php\/wp-json\/wp\/v2\/product\/76578","targetHints":{"allow":["GET"]}}],"collection":[{"href":"https:\/\/soydeaqui.ddns.net\/pachuca\/index.php\/wp-json\/wp\/v2\/product"}],"about":[{"href":"https:\/\/soydeaqui.ddns.net\/pachuca\/index.php\/wp-json\/wp\/v2\/types\/product"}],"replies":[{"embeddable":true,"href":"https:\/\/soydeaqui.ddns.net\/pachuca\/index.php\/wp-json\/wp\/v2\/comments?post=76578"}],"wp:featuredmedia":[{"embeddable":true,"href":"https:\/\/soydeaqui.ddns.net\/pachuca\/index.php\/wp-json\/wp\/v2\/media\/76577"}],"wp:attachment":[{"href":"https:\/\/soydeaqui.ddns.net\/pachuca\/index.php\/wp-json\/wp\/v2\/media?parent=76578"}],"wp:term":[{"taxonomy":"product_brand","embeddable":true,"href":"https:\/\/soydeaqui.ddns.net\/pachuca\/index.php\/wp-json\/wp\/v2\/product_brand?post=76578"},{"taxonomy":"product_cat","embeddable":true,"href":"https:\/\/soydeaqui.ddns.net\/pachuca\/index.php\/wp-json\/wp\/v2\/product_cat?post=76578"},{"taxonomy":"product_tag","embeddable":true,"href":"https:\/\/soydeaqui.ddns.net\/pachuca\/index.php\/wp-json\/wp\/v2\/product_tag?post=76578"}],"curies":[{"name":"wp","href":"https:\/\/api.w.org\/{rel}","templated":true}]}}