{"id":76543,"date":"2026-03-19T15:24:46","date_gmt":"2026-03-19T15:24:46","guid":{"rendered":"https:\/\/soydeaqui.ddns.net\/pachuca\/index.php\/producto\/switch-para-escritorio-8-puertos-10-100mbps\/"},"modified":"2026-03-19T15:25:10","modified_gmt":"2026-03-19T15:25:10","slug":"switch-para-escritorio-8-puertos-10-100mbps","status":"publish","type":"product","link":"https:\/\/soydeaqui.ddns.net\/pachuca\/index.php\/producto\/switch-para-escritorio-8-puertos-10-100mbps\/","title":{"rendered":"Switch para escritorio 8 puertos 10\/100Mbps"},"content":{"rendered":"<div style='width: 100%; max-width: 1200px; margin: 0 auto; font-family: sans-serif; line-height: 1.6; color: inherit; background-color: transparent;'>\n<div style='display: flex; flex-direction: column; align-items: center; text-align: center; margin-bottom: 30px;'>\n<h2 style='font-size: 28px; margin: 0; padding: 0; color: inherit; opacity: 0.9;'>Deja que LiteWave te brinde una vida m\u00e1s ligera<\/h2>\n<p style='font-size: 16px; margin-top: 20px; max-width: 800px; color: inherit; opacity: 0.8;'> Los conmutadores no administrados de la serie TP-Link LiteWave proporcionan una forma f\u00e1cil y econ\u00f3mica de expandir tu red cableada. Son f\u00e1ciles de usar y confiables. Con estos conmutadores plug-and-play&comma; puedes expandir tus conexiones de red a m\u00faltiples dispositivos al instante. Con todos los puertos compatibles con Auto-MDI \/ MDIX&comma; no hay necesidad de preocuparse por el tipo de cable a utilizar. <\/p>\n<\/p><\/div>\n<p> <!-- Secci\u00f3n de caracter\u00edsticas --> <\/p>\n<div style='display: flex; flex-wrap: wrap; gap: 30px; margin-bottom: 30px;'>\n<div style='flex: 1 1 300px; min-width: 280px;'>\n<h3 style='font-size: 20px; border-bottom: 2px solid currentColor; padding-bottom: 5px; margin-top: 0; color: inherit; opacity: 0.8;'>CARACTER\u00cdSTICAS DE HARDWARE<\/h3>\n<ul style='padding-left: 20px; font-size: 14px; color: inherit; list-style-type: none;'>\n<li style='margin-bottom: 10px;'><strong>Interface:<\/strong> 8\u00d7 10\/100Mbps&comma; Auto-Negotiation&comma; Auto-MDI\/MDIX Ports<\/li>\n<li style='margin-bottom: 10px;'><strong>Cantidad de Ventiladores:<\/strong> Fanless<\/li>\n<li style='margin-bottom: 10px;'><strong>Fuente de Alimentaci\u00f3n Externa:<\/strong> External Power Adapter (Output: 5VDC \/ 0.6A)<\/li>\n<li style='margin-bottom: 10px;'><strong>Dimensiones (W X D X H):<\/strong> 4.9 \u00d7 1.9 \u00d7 0.9 in. (124.6 \u00d7 48.7 \u00d7 22.8 mm)<\/li>\n<li style='margin-bottom: 10px;'><strong>Consumo M\u00e1ximo de energ\u00eda:<\/strong> 2.64W<\/li>\n<li style='margin-bottom: 10px;'><strong>Disipaci\u00f3n M\u00e1xima de Calor:<\/strong> 9.002 Btu\/hr<\/li>\n<\/ul><\/div>\n<\/p><\/div>\n<p> <!-- Secci\u00f3n de caracter\u00edsticas de software --> <\/p>\n<div style='display: flex; flex-wrap: wrap; gap: 30px; margin-bottom: 30px;'>\n<div style='flex: 1 1 300px; min-width: 280px;'>\n<h3 style='font-size: 20px; border-bottom: 2px solid currentColor; padding-bottom: 5px; margin-top: 0; color: inherit; opacity: 0.8;'>CARACTER\u00cdSTICAS DE SOFTWARE<\/h3>\n<ul style='padding-left: 20px; font-size: 14px; color: inherit; list-style-type: none;'>\n<li style='margin-bottom: 10px;'><strong>Caracter\u00edsticas Avanzadas:<\/strong> Green Technology&comma; 802.3X Flow Control&comma; Back Pressure<\/li>\n<li style='margin-bottom: 10px;'><strong>M\u00e9todo de Transferencia:<\/strong> Store and Forward<\/li>\n<\/ul><\/div>\n<\/p><\/div>\n<p> <!-- Secci\u00f3n de otros --> <\/p>\n<div style='display: flex; flex-wrap: wrap; gap: 30px; margin-bottom: 30px;'>\n<div style='flex: 1 1 300px; min-width: 280px;'>\n<h3 style='font-size: 20px; border-bottom: 2px solid currentColor; padding-bottom: 5px; margin-top: 0; color: inherit; opacity: 0.8;'>OTROS<\/h3>\n<ul style='padding-left: 20px; font-size: 14px; color: inherit; list-style-type: none;'>\n<li style='margin-bottom: 10px;'><strong>Certificaci\u00f3n:<\/strong> CE&comma; RoHS<\/li>\n<li style='margin-bottom: 10px;'><strong>Contenidos del Paquete:<\/strong> 8-Port 10\/100Mbps Desktop Switch&comma; Power Adapter&comma; Installation Guide<\/li>\n<li style='margin-bottom: 10px;'><strong>Ambiente:<\/strong> Operating Temperature: 0\u00b0C~40\u00b0C (32\u00b0F~104\u00b0F)&comma; Storage Temperature: -40\u00b0C~70\u00b0C (-40\u00b0F~158\u00b0F)&comma; Operating Humidity: 10% ~ 90% non-condensing&comma; Storage Humidity: 5%~90% non-condensing<\/li>\n<\/ul><\/div>\n<\/p><\/div>\n<p> <!-- Separador --> <\/p>\n<hr style='border: 0; border-top: 1px solid rgba(150&comma; 150&comma; 150&comma; 0.3); margin: 30px 0;'> <\/div>\n","protected":false},"excerpt":{"rendered":"<p>Switch para escritorio 8 puertos 10\/100Mbps<\/p>\n","protected":false},"featured_media":76542,"comment_status":"open","ping_status":"closed","template":"","meta":[],"product_brand":[],"product_cat":[1970],"product_tag":[664,1971,71],"class_list":{"0":"post-76543","1":"product","2":"type-product","3":"status-publish","4":"has-post-thumbnail","6":"product_cat-switches","7":"product_tag-networking","8":"product_tag-switches","9":"product_tag-tp-link","11":"first","12":"instock","13":"sale","14":"shipping-taxable","15":"purchasable","16":"product-type-simple"},"_links":{"self":[{"href":"https:\/\/soydeaqui.ddns.net\/pachuca\/index.php\/wp-json\/wp\/v2\/product\/76543","targetHints":{"allow":["GET"]}}],"collection":[{"href":"https:\/\/soydeaqui.ddns.net\/pachuca\/index.php\/wp-json\/wp\/v2\/product"}],"about":[{"href":"https:\/\/soydeaqui.ddns.net\/pachuca\/index.php\/wp-json\/wp\/v2\/types\/product"}],"replies":[{"embeddable":true,"href":"https:\/\/soydeaqui.ddns.net\/pachuca\/index.php\/wp-json\/wp\/v2\/comments?post=76543"}],"wp:featuredmedia":[{"embeddable":true,"href":"https:\/\/soydeaqui.ddns.net\/pachuca\/index.php\/wp-json\/wp\/v2\/media\/76542"}],"wp:attachment":[{"href":"https:\/\/soydeaqui.ddns.net\/pachuca\/index.php\/wp-json\/wp\/v2\/media?parent=76543"}],"wp:term":[{"taxonomy":"product_brand","embeddable":true,"href":"https:\/\/soydeaqui.ddns.net\/pachuca\/index.php\/wp-json\/wp\/v2\/product_brand?post=76543"},{"taxonomy":"product_cat","embeddable":true,"href":"https:\/\/soydeaqui.ddns.net\/pachuca\/index.php\/wp-json\/wp\/v2\/product_cat?post=76543"},{"taxonomy":"product_tag","embeddable":true,"href":"https:\/\/soydeaqui.ddns.net\/pachuca\/index.php\/wp-json\/wp\/v2\/product_tag?post=76543"}],"curies":[{"name":"wp","href":"https:\/\/api.w.org\/{rel}","templated":true}]}}