{"id":76481,"date":"2026-03-19T15:22:15","date_gmt":"2026-03-19T15:22:15","guid":{"rendered":"https:\/\/soydeaqui.ddns.net\/pachuca\/index.php\/producto\/net-cover-advanced-5-anos-para-at-x510-28gsx\/"},"modified":"2026-03-19T15:22:16","modified_gmt":"2026-03-19T15:22:16","slug":"net-cover-advanced-5-anos-para-at-x510-28gsx","status":"publish","type":"product","link":"https:\/\/soydeaqui.ddns.net\/pachuca\/index.php\/producto\/net-cover-advanced-5-anos-para-at-x510-28gsx\/","title":{"rendered":"NET.COVER ADVANCED &#8211; 5 A\u00d1OS PARA AT-x510-28GSX"},"content":{"rendered":"<div style='width: 100%; max-width: 1200px; margin: 0 auto; font-family: sans-serif; line-height: 1.6; color: inherit; background-color: transparent;'>\n<div style='display: flex; flex-wrap: wrap; gap: 30px; margin-bottom: 30px;'>\n<div style='flex: 1 1 300px; min-width: 280px;'>\n<h3 style='font-size: 22px; border-bottom: 2px solid currentColor; padding-bottom: 5px; margin-top: 0; color: inherit; opacity: 0.8;'>Programas de Soporte<\/h3>\n<ul style='padding-left: 20px; font-size: 15px; color: inherit;'>\n<li style='margin-bottom: 5px;'>Programas Net.Cover dise\u00f1ados para proveer soporte dedicado y completo para redes<\/li>\n<li style='margin-bottom: 5px;'>Incluye soporte t\u00e9cnico de m\u00faltiples niveles&comma; colas prioritarias y reemplazo avanzado de productos<\/li>\n<li style='margin-bottom: 5px;'>Disponible en t\u00e9rminos de 1&comma; 3 y 5 a\u00f1os<\/li>\n<li style='margin-bottom: 5px;'>Ofrece soporte para clientes que desean mejorar las caracter\u00edsticas del servicio est\u00e1ndar<\/li>\n<\/ul><\/div>\n<div style='flex: 1 1 300px; min-width: 280px;'>\n<h3 style='font-size: 22px; border-bottom: 2px solid currentColor; padding-bottom: 5px; margin-top: 0; color: inherit; opacity: 0.8;'>Servicios Incluidos<\/h3>\n<ul style='padding-left: 20px; font-size: 15px; color: inherit;'>\n<li style='margin-bottom: 5px;'>Soporte t\u00e9cnico telef\u00f3nico durante horas laborales&comma; 24&#215;5 y 24&#215;7 seg\u00fan nivel<\/li>\n<li style='margin-bottom: 5px;'>Acceso a la base de conocimiento Premium<\/li>\n<li style='margin-bottom: 5px;'>Actualizaciones y mejoras de software<\/li>\n<li style='margin-bottom: 5px;'>Soporte de hardware con opciones de reparaci\u00f3n y reemplazo<\/li>\n<li style='margin-bottom: 5px;'>Reemplazo con env\u00edo al d\u00eda h\u00e1bil siguiente<\/li>\n<\/ul><\/div>\n<div style='flex: 1 1 300px; min-width: 280px;'>\n<h3 style='font-size: 22px; border-bottom: 2px solid currentColor; padding-bottom: 5px; margin-top: 0; color: inherit; opacity: 0.8;'>Niveles de Servicio<\/h3>\n<ul style='padding-left: 20px; font-size: 15px; color: inherit;'>\n<li style='margin-bottom: 5px;'><strong>Preferred:<\/strong> Soporte b\u00e1sico con acceso a servicios en l\u00ednea<\/li>\n<li style='margin-bottom: 5px;'><strong>Advanced:<\/strong> Incluye reemplazo avanzado y soporte prioritario<\/li>\n<li style='margin-bottom: 5px;'><strong>Elite:<\/strong> Nivel m\u00e1s alto con soporte directo y consultor\u00eda especializada<\/li>\n<\/ul><\/div>\n<\/p><\/div>\n<div style='display: flex; flex-wrap: wrap; gap: 20px; margin-bottom: 30px;'>\n<div style='flex: 1 1 250px; border: 1px solid rgba(150&comma; 150&comma; 150&comma; 0.4); border-radius: 8px; overflow: hidden; display: flex; flex-direction: column;'>\n<div style='padding: 15px; border-bottom: 1px solid rgba(150&comma; 150&comma; 150&comma; 0.2); font-weight: bold; font-size: 18px; color: inherit;'>Soporte T\u00e9cnico<\/div>\n<div style='padding: 15px; color: inherit;'>\n<ul style='padding-left: 20px; margin: 0; font-size: 14px; list-style-type: disc;'>\n<li style='margin-bottom: 5px;'>Diagn\u00f3stico de fallas de hardware<\/li>\n<li style='margin-bottom: 5px;'>Reparaci\u00f3n y devoluci\u00f3n de hardware<\/li>\n<li style='margin-bottom: 5px;'>Reemplazo con env\u00edo al d\u00eda h\u00e1bil siguiente<\/li>\n<li style='margin-bottom: 5px;'>Colas prioritarias seg\u00fan nivel de servicio<\/li>\n<\/ul><\/div>\n<\/p><\/div>\n<div style='flex: 1 1 250px; border: 1px solid rgba(150&comma; 150&comma; 150&comma; 0.4); border-radius: 8px; overflow: hidden; display: flex; flex-direction: column;'>\n<div style='padding: 15px; border-bottom: 1px solid rgba(150&comma; 150&comma; 150&comma; 0.2); font-weight: bold; font-size: 18px; color: inherit;'>Servicios Adicionales<\/div>\n<div style='padding: 15px; color: inherit;'>\n<ul style='padding-left: 20px; margin: 0; font-size: 14px; list-style-type: disc;'>\n<li style='margin-bottom: 5px;'>Evaluaci\u00f3n de configuraci\u00f3n por ingeniero especializado<\/li>\n<li style='margin-bottom: 5px;'>Acceso a servicios profesionales<\/li>\n<li style='margin-bottom: 5px;'>Soporte directo con gerentes de cuenta (nivel Elite)<\/li>\n<li style='margin-bottom: 5px;'>Asistencia para selecci\u00f3n de soluciones<\/li>\n<\/ul><\/div>\n<\/p><\/div>\n<div style='flex: 1 1 250px; border: 1px solid rgba(150&comma; 150&comma; 150&comma; 0.4); border-radius: 8px; overflow: hidden; display: flex; flex-direction: column;'>\n<div style='padding: 15px; border-bottom: 1px solid rgba(150&comma; 150&comma; 150&comma; 0.2); font-weight: bold; font-size: 18px; color: inherit;'>Beneficios<\/div>\n<div style='padding: 15px; color: inherit;'>\n<ul style='padding-left: 20px; margin: 0; font-size: 14px; list-style-type: disc;'>\n<li style='margin-bottom: 5px;'>M\u00e1xima disponibilidad de red<\/li>\n<li style='margin-bottom: 5px;'>Mitigaci\u00f3n de riesgos<\/li>\n<li style='margin-bottom: 5px;'>Servicios proactivos<\/li>\n<li style='margin-bottom: 5px;'>Continuidad del negocio<\/li>\n<li style='margin-bottom: 5px;'>Presupuesto simplificado con tarifa \u00fanica<\/li>\n<\/ul><\/div>\n<\/p><\/div>\n<\/p><\/div>\n<div style='display: flex; flex-wrap: wrap; gap: 20px; margin-bottom: 30px;'>\n<div style='flex: 1 1 250px; border: 1px solid rgba(150&comma; 150&comma; 150&comma; 0.4); border-radius: 8px; overflow: hidden; display: flex; flex-direction: column;'>\n<div style='padding: 15px; border-bottom: 1px solid rgba(150&comma; 150&comma; 150&comma; 0.2); font-weight: bold; font-size: 18px; color: inherit;'>Servicios Online<\/div>\n<div style='padding: 15px; color: inherit;'>\n<ul style='padding-left: 20px; margin: 0; font-size: 14px; list-style-type: disc;'>\n<li style='margin-bottom: 5px;'>Acceso 24\/7 a portal de soporte<\/li>\n<li style='margin-bottom: 5px;'>Seguimiento de casos de soporte<\/li>\n<li style='margin-bottom: 5px;'>Acceso inmediato a base de conocimiento<\/li>\n<li style='margin-bottom: 5px;'>Documentaci\u00f3n t\u00e9cnica y notas de versi\u00f3n<\/li>\n<\/ul><\/div>\n<\/p><\/div>\n<div style='flex: 1 1 250px; border: 1px solid rgba(150&comma; 150&comma; 150&comma; 0.4); border-radius: 8px; overflow: hidden; display: flex; flex-direction: column;'>\n<div style='padding: 15px; border-bottom: 1px solid rgba(150&comma; 150&comma; 150&comma; 0.2); font-weight: bold; font-size: 18px; color: inherit;'>Soporte por Tel\u00e9fono<\/div>\n<div style='padding: 15px; color: inherit;'>\n<ul style='padding-left: 20px; margin: 0; font-size: 14px; list-style-type: disc;'>\n<li style='margin-bottom: 5px;'>Asistencia t\u00e9cnica por tel\u00e9fono<\/li>\n<li style='margin-bottom: 5px;'>Soporte durante horas laborales o 24&#215;5\/24&#215;7<\/li>\n<li style='margin-bottom: 5px;'>Ingenieros especializados en productos Allied Telesis<\/li>\n<li style='margin-bottom: 5px;'>Acceso a n\u00fameros locales por pa\u00eds<\/li>\n<\/ul><\/div>\n<\/p><\/div>\n<div style='flex: 1 1 250px; border: 1px solid rgba(150&comma; 150&comma; 150&comma; 0.4); border-radius: 8px; overflow: hidden; display: flex; flex-direction: column;'>\n<div style='padding: 15px; border-bottom: 1px solid rgba(150&comma; 150&comma; 150&comma; 0.2); font-weight: bold; font-size: 18px; color: inherit;'>Actualizaciones de Software<\/div>\n<div style='padding: 15px; color: inherit;'>\n<ul style='padding-left: 20px; margin: 0; font-size: 14px; list-style-type: disc;'>\n<li style='margin-bottom: 5px;'>Acceso a actualizaciones y mejoras<\/li>\n<li style='margin-bottom: 5px;'>Correcciones de errores y nuevas funcionalidades<\/li>\n<li style='margin-bottom: 5px;'>Documentaci\u00f3n t\u00e9cnica asociada<\/li>\n<li style='margin-bottom: 5px;'>Mantenci\u00f3n de software para redes din\u00e1micas<\/li>\n<\/ul><\/div>\n<\/p><\/div>\n<\/p><\/div>\n<div style='display: flex; flex-wrap: wrap; gap: 20px; margin-bottom: 30px;'>\n<div style='flex: 1 1 250px; border: 1px solid rgba(150&comma; 150&comma; 150&comma; 0.4); border-radius: 8px; overflow: hidden; display: flex; flex-direction: column;'>\n<div style='padding: 15px; border-bottom: 1px solid rgba(150&comma; 150&comma; 150&comma; 0.2); font-weight: bold; font-size: 18px; color: inherit;'>Soporte Proactivo<\/div>\n<div style='padding: 15px; color: inherit;'>\n<ul style='padding-left: 20px; margin: 0; font-size: 14px; list-style-type: disc;'>\n<li style='margin-bottom: 5px;'>Diagn\u00f3stico avanzado de fallas<\/li>\n<li style='margin-bottom: 5px;'>Evaluaci\u00f3n de configuraci\u00f3n de hardware y software<\/li>\n<li style='margin-bottom: 5px;'>Servicios consultor\u00eda en resoluci\u00f3n de problemas<\/li>\n<li style='margin-bottom: 5px;'>Soporte para an\u00e1lisis de red remoto y presencial<\/li>\n<\/ul><\/div>\n<\/p><\/div>\n<div style='flex: 1 1 250px; border: 1px solid rgba(150&comma; 150&comma; 150&comma; 0.4); border-radius: 8px; overflow: hidden; display: flex; flex-direction: column;'>\n<div style='padding: 15px; border-bottom: 1px solid rgba(150&comma; 150&comma; 150&comma; 0.2); font-weight: bold; font-size: 18px; color: inherit;'>Servicios Profesionales<\/div>\n<div style='padding: 15px; color: inherit;'>\n<ul style='padding-left: 20px; margin: 0; font-size: 14px; list-style-type: disc;'>\n<li style='margin-bottom: 5px;'>Consultor\u00eda especializada en implementaci\u00f3n<\/li>\n<li style='margin-bottom: 5px;'>Dise\u00f1o de soluciones personalizadas<\/li>\n<li style='margin-bottom: 5px;'>Documentaci\u00f3n t\u00e9cnica detallada<\/li>\n<li style='margin-bottom: 5px;'>Servicios facturados por hora o proyecto<\/li>\n<\/ul><\/div>\n<\/p><\/div>\n<div style='flex: 1 1 250px; border: 1px solid rgba(150&comma; 150&comma; 150&comma; 0.4); border-radius: 8px; overflow: hidden; display: flex; flex-direction: column;'>\n<div style='padding: 15px; border-bottom: 1px solid rgba(150&comma; 150&comma; 150&comma; 0.2); font-weight: bold; font-size: 18px; color: inherit;'>Servicios Complementarios<\/div>\n<div style='padding: 15px; color: inherit;'>\n<ul style='padding-left: 20px; margin: 0; font-size: 14px; list-style-type: disc;'>\n<li style='margin-bottom: 5px;'>Net.Monitor &#8211; Monitoreo 24\/7<\/li>\n<li style='margin-bottom: 5px;'>Net.Assist &#8211; Soporte integrado<\/li>\n<li style='margin-bottom: 5px;'>Net.Pro &#8211; Servicios de certificaci\u00f3n<\/li>\n<li style='margin-bottom: 5px;'>Net.Campus &#8211; Soluciones para campus<\/li>\n<\/ul><\/div>\n<\/p><\/div>\n<\/p><\/div>\n<hr style='border: 0; border-top: 1px solid rgba(150&comma; 150&comma; 150&comma; 0.3); margin: 30px 0;'>\n<div style='margin-bottom: 30px;'>\n<h3 style='font-size: 22px; border-bottom: 2px solid currentColor; padding-bottom: 5px; margin-top: 0; color: inherit; opacity: 0.8;'>Resumen de Niveles de Servicio<\/h3>\n<div style='overflow-x: auto;'>\n<table style='width: 100%; border-collapse: collapse; margin-top: 15px; color: inherit;'>\n<thead>\n<tr style='background-color: rgba(150&comma;150&comma;150&comma;0.05);'>\n<th style='padding: 12px; border: 1px solid rgba(150&comma;150&comma;150&comma;0.3); text-align: left;'>Servicio<\/th>\n<th style='padding: 12px; border: 1px solid rgba(150&comma;150&comma;150&comma;0.3); text-align: center;'>Preferred<\/th>\n<th style='padding: 12px; border: 1px solid rgba(150&comma;150&comma;150&comma;0.3); text-align: center;'>Advanced<\/th>\n<th style='padding: 12px; border: 1px solid rgba(150&comma;150&comma;150&comma;0.3); text-align: center;'>Elite<\/th>\n<\/tr>\n<\/thead>\n<tbody>\n<tr>\n<td style='padding: 10px; border: 1px solid rgba(150&comma;150&comma;150&comma;0.3);'>Soporte T\u00e9cnico 24&#215;7<\/td>\n<td style='padding: 10px; border: 1px solid rgba(150&comma;150&comma;150&comma;0.3); text-align: center;'>&#8211;<\/td>\n<td style='padding: 10px; border: 1px solid rgba(150&comma;150&comma;150&comma;0.3); text-align: center;'>\u2713<\/td>\n<td style='padding: 10px; border: 1px solid rgba(150&comma;150&comma;150&comma;0.3); text-align: center;'>\u2713<\/td>\n<\/tr>\n<tr>\n<td style='padding: 10px; border: 1px solid rgba(150&comma;150&comma;150&comma;0.3);'>Reemplazo Avanzado<\/td>\n<td style='padding: 10px; border: 1px solid rgba(150&comma;150&comma;150&comma;0.3); text-align: center;'>&#8211;<\/td>\n<td style='padding: 10px; border: 1px solid rgba(150&comma;150&comma;150&comma;0.3); text-align: center;'>\u2713<\/td>\n<td style='padding: 10px; border: 1px solid rgba(150&comma;150&comma;150&comma;0.3); text-align: center;'>\u2713<\/td>\n<\/tr>\n<tr>\n<td style='padding: 10px; border: 1px solid rgba(150&comma;150&comma;150&comma;0.3);'>Cola Prioritaria<\/td>\n<td style='padding: 10px; border: 1px solid rgba(150&comma;150&comma;150&comma;0.3); text-align: center;'>&#8211;<\/td>\n<td style='padding: 10px; border: 1px solid rgba(150&comma;150&comma;150&comma;0.3); text-align: center;'>\u2713<\/td>\n<td style='padding: 10px; border: 1px solid rgba(150&comma;150&comma;150&comma;0.3); text-align: center;'>\u2713<\/td>\n<\/tr>\n<tr>\n<td style='padding: 10px; border: 1px solid rgba(150&comma;150&comma;150&comma;0.3);'>Evaluaci\u00f3n de Configuraci\u00f3n<\/td>\n<td style='padding: 10px; border: 1px solid rgba(150&comma;150&comma;150&comma;0.3); text-align: center;'>&#8211;<\/td>\n<td style='padding: 10px; border: 1px solid rgba(150&comma;150&comma;150&comma;0.3); text-align: center;'>\u2713<\/td>\n<td style='padding: 10px; border: 1px solid rgba(150&comma;150&comma;150&comma;0.3); text-align: center;'>\u2713<\/td>\n<\/tr>\n<tr>\n<td style='padding: 10px; border: 1px solid rgba(150&comma;150&comma;150&comma;0.3);'>Soporte Directo con Especialistas<\/td>\n<td style='padding: 10px; border: 1px solid rgba(150&comma;150&comma;150&comma;0.3); text-align: center;'>&#8211;<\/td>\n<td style='padding: 10px; border: 1px solid rgba(150&comma;150&comma;150&comma;0.3); text-align: center;'>&#8211;<\/td>\n<td style='padding: 10px; border: 1px solid rgba(150&comma;150&comma;150&comma;0.3); text-align: center;'>\u2713<\/td>\n<\/tr>\n<\/tbody>\n<\/table><\/div>\n<\/p><\/div>\n<hr style='border: 0; border-top: 1px solid rgba(150&comma; 150&comma; 150&comma; 0.3); margin: 30px 0;'>\n<div style='margin-bottom: 30px;'>\n<h3 style='font-size: 22px; border-bottom: 2px solid currentColor; padding-bottom: 5px; margin-top: 0; color: inherit; opacity: 0.8;'>Servicios Adicionales Disponibles<\/h3>\n<div style='display: flex; flex-wrap: wrap; gap: 15px; margin-top: 15px;'>\n<div style='flex: 1 1 250px; min-width: 250px; border: 1px solid rgba(150&comma;150&comma;150&comma;0.3); border-radius: 8px; padding: 15px;'>\n<h4 style='margin-top: 0; margin-bottom: 8px; font-size: 18px; color: inherit;'>Net.Monitor<\/h4>\n<p style='margin: 0; font-size: 14px; color: inherit;'>Servicio de monitoreo 24\/7 para redes de alto rendimiento<\/p>\n<\/p><\/div>\n<div style='flex: 1 1 250px; min-width: 250px; border: 1px solid rgba(150&comma;150&comma;150&comma;0.3); border-radius: 8px; padding: 15px;'>\n<h4 style='margin-top: 0; margin-bottom: 8px; font-size: 18px; color: inherit;'>Net.Assist<\/h4>\n<p style='margin: 0; font-size: 14px; color: inherit;'>Soporte integrado para resoluci\u00f3n de problemas<\/p>\n<\/p><\/div>\n<div style='flex: 1 1 250px; min-width: 250px; border: 1px solid rgba(150&comma;150&comma;150&comma;0.3); border-radius: 8px; padding: 15px;'>\n<h4 style='margin-top: 0; margin-bottom: 8px; font-size: 18px; color: inherit;'>Net.Pro<\/h4>\n<p style='margin: 0; font-size: 14px; color: inherit;'>Servicios de certificaci\u00f3n y cursos t\u00e9cnicos<\/p>\n<\/p><\/div>\n<div style='flex: 1 1 250px; min-width: 250px; border: 1px solid rgba(150&comma;150&comma;150&comma;0.3); border-radius: 8px; padding: 15px;'>\n<h4 style='margin-top: 0; margin-bottom: 8px; font-size: 18px; color: inherit;'>Net.Campus<\/h4>\n<p style='margin: 0; font-size: 14px; color: inherit;'>Soluciones especializadas para redes de campus<\/p>\n<\/p><\/div>\n<\/p><\/div>\n<\/p><\/div>\n<div style='text-align: center; margin-top: 30px;'>\n<p style='font-size: 14px; color: inherit; margin: 0;'>Para m\u00e1s informaci\u00f3n visite: <a href='https:\/\/www.alliedtelesis.com\/service-support' style='color: inherit; text-decoration: underline;' target='_blank'>alliedtelesis.com\/service-support<\/a><\/p>\n<\/p><\/div>\n<\/p><\/div>\n","protected":false},"excerpt":{"rendered":"<p>NET.COVER ADVANCED &#8211; 5 A\u00d1OS PARA AT-x510-28GSX<\/p>\n","protected":false},"featured_media":76480,"comment_status":"open","ping_status":"closed","template":"","meta":[],"product_brand":[],"product_cat":[1993],"product_tag":[1995,664,1994],"class_list":{"0":"post-76481","1":"product","2":"type-product","3":"status-publish","4":"has-post-thumbnail","6":"product_cat-polizas-de-garantia","7":"product_tag-allied-telesis","8":"product_tag-networking","9":"product_tag-polizas-de-garantia","11":"first","12":"outofstock","13":"sale","14":"shipping-taxable","15":"purchasable","16":"product-type-simple"},"_links":{"self":[{"href":"https:\/\/soydeaqui.ddns.net\/pachuca\/index.php\/wp-json\/wp\/v2\/product\/76481","targetHints":{"allow":["GET"]}}],"collection":[{"href":"https:\/\/soydeaqui.ddns.net\/pachuca\/index.php\/wp-json\/wp\/v2\/product"}],"about":[{"href":"https:\/\/soydeaqui.ddns.net\/pachuca\/index.php\/wp-json\/wp\/v2\/types\/product"}],"replies":[{"embeddable":true,"href":"https:\/\/soydeaqui.ddns.net\/pachuca\/index.php\/wp-json\/wp\/v2\/comments?post=76481"}],"wp:featuredmedia":[{"embeddable":true,"href":"https:\/\/soydeaqui.ddns.net\/pachuca\/index.php\/wp-json\/wp\/v2\/media\/76480"}],"wp:attachment":[{"href":"https:\/\/soydeaqui.ddns.net\/pachuca\/index.php\/wp-json\/wp\/v2\/media?parent=76481"}],"wp:term":[{"taxonomy":"product_brand","embeddable":true,"href":"https:\/\/soydeaqui.ddns.net\/pachuca\/index.php\/wp-json\/wp\/v2\/product_brand?post=76481"},{"taxonomy":"product_cat","embeddable":true,"href":"https:\/\/soydeaqui.ddns.net\/pachuca\/index.php\/wp-json\/wp\/v2\/product_cat?post=76481"},{"taxonomy":"product_tag","embeddable":true,"href":"https:\/\/soydeaqui.ddns.net\/pachuca\/index.php\/wp-json\/wp\/v2\/product_tag?post=76481"}],"curies":[{"name":"wp","href":"https:\/\/api.w.org\/{rel}","templated":true}]}}