{"id":76461,"date":"2026-03-19T15:21:32","date_gmt":"2026-03-19T15:21:32","guid":{"rendered":"https:\/\/soydeaqui.ddns.net\/pachuca\/index.php\/producto\/ups-de-1500-va-1350-w-online-doble-conversion-entrada-220-vca-nema-5-20p-onda-senoidal-pura-rack-o-torre-de-2-ur-con-8-tomas-nema-5-15r\/"},"modified":"2026-03-19T15:21:36","modified_gmt":"2026-03-19T15:21:36","slug":"ups-de-1500-va-1350-w-online-doble-conversion-entrada-220-vca-nema-5-20p-onda-senoidal-pura-rack-o-torre-de-2-ur-con-8-tomas-nema-5-15r","status":"publish","type":"product","link":"https:\/\/soydeaqui.ddns.net\/pachuca\/index.php\/producto\/ups-de-1500-va-1350-w-online-doble-conversion-entrada-220-vca-nema-5-20p-onda-senoidal-pura-rack-o-torre-de-2-ur-con-8-tomas-nema-5-15r\/","title":{"rendered":"UPS DE 1500 VA\/1350 W, ONLINE DOBLE CONVERSI\u00f3N, ENTRADA 220 VCA NEMA 5-20P, ONDA SENOIDAL PURA, RACK O TORRE DE 2 UR, CON  8 TOMAS NEMA 5-15R"},"content":{"rendered":"<div style='width: 100%; max-width: 1200px; margin: 0 auto; font-family: sans-serif; line-height: 1.6; color: inherit; background-color: transparent;'>\n<div style='display: flex; flex-wrap: wrap; gap: 30px; margin-bottom: 30px;'>\n<div style='flex: 1 1 300px; min-width: 280px;'>\n<h3 style='font-size: 22px; border-bottom: 2px solid currentColor; padding-bottom: 5px; margin-top: 0; color: inherit; opacity: 0.8;'>Descripci\u00f3n<\/h3>\n<p style='margin: 15px 0; color: inherit;'>CyberPower OL1500RTXL2U garantiza protecci\u00f3n de respaldo de energ\u00eda para equipos de TI&comma; servidores&comma; estaciones de trabajo&comma; NAS \/ dispositivos de almacenamiento&comma; dispositivos de telecomunicaciones&comma; dispositivos de red&comma; sistemas de seguridad \/ emergencia y sistemas de vigilancia. El UPS adopta una topolog\u00eda de doble conversi\u00f3n para proporcionar potencia de salida de alta calidad con modo ECO adicional para ahorrar energ\u00eda y reducir costos.<\/p>\n<p style='margin: 15px 0; color: inherit;'>Este UPS compatible con generador incluye paquetes de bater\u00edas intercambiables en caliente para mantenimiento sin interrupci\u00f3n de energ\u00eda y un interruptor de apagado de emergencia (EPO) para permitir a los usuarios apagar el UPS inmediatamente durante una emergencia.<\/p>\n<p style='margin: 15px 0; color: inherit;'>Para extender la vida \u00fatil de la bater\u00eda&comma; el UPS adopta Smart Battery Management (SBM) para mejorar el proceso de carga de la bater\u00eda y lograr un menor costo total de propiedad. Este modelo tambi\u00e9n cuenta con un panel de pantalla LCD desmontable para reubicar el panel para una monitorizaci\u00f3n conveniente&comma; y un puerto RJ11 \/ RJ45 para proporcionar protecci\u00f3n de l\u00ednea de datos contra sobretensiones y picos. El software de administraci\u00f3n de energ\u00eda PowerPanel\u00ae permite al usuario realizar un monitoreo en tiempo real y una administraci\u00f3n remota del UPS.<\/p>\n<\/p><\/div>\n<div style='flex: 1 1 300px; min-width: 280px;'> <img style='width: 100%; height: auto; border: 1px solid rgba(150&comma;150&comma;150&comma;0.3); border-radius: 8px;' src='http:\/\/ftp3.syscom.mx\/usuarios\/fotos\/CP1000PFCLCD\/80782-cyber-power.jpg' alt='' \/> <\/div>\n<\/p><\/div>\n<div style='display: flex; flex-wrap: wrap; gap: 20px; margin-bottom: 30px;'>\n<div style='flex: 1 1 250px; border: 1px solid rgba(150&comma; 150&comma; 150&comma; 0.4); border-radius: 8px; overflow: hidden; display: flex; flex-direction: column;'>\n<div style='padding: 15px; border-bottom: 1px solid rgba(150&comma; 150&comma; 150&comma; 0.2); font-weight: bold; font-size: 18px; color: inherit;'>Especificaciones El\u00e9ctricas<\/div>\n<div style='padding: 15px; color: inherit;'>\n<ul style='padding-left: 20px; margin: 0; font-size: 14px; list-style-type: disc;'>\n<li style='margin-bottom: 5px;'><strong>Voltaje de entrada:<\/strong> 190 &#8211; 300 Vca<\/li>\n<li style='margin-bottom: 5px;'><strong>Frecuencia de entrada:<\/strong> 40 &#8211; 70 Hz<\/li>\n<li style='margin-bottom: 5px;'><strong>Enchufe de entrada:<\/strong> NEMA 5-15P<\/li>\n<li style='margin-bottom: 5px;'><img style='width: 40px; height: auto; border: 1px solid rgba(150&comma;150&comma;150&comma;0.3); border-radius: 4px;' src='https:\/\/www.cyberpower.com\/mx\/es\/File\/GetImageByDocId\/GeneralAttribute-235' alt='' \/><\/li>\n<li style='margin-bottom: 5px;'><strong>Longitud del cable:<\/strong> 3 m<\/li>\n<li style='margin-bottom: 5px;'><strong>Salida VA:<\/strong> 1500<\/li>\n<li style='margin-bottom: 5px;'><strong>Salida Watts:<\/strong> 1350<\/li>\n<li style='margin-bottom: 5px;'><strong>Factor de potencia:<\/strong> 0.9<\/li>\n<\/ul><\/div>\n<\/p><\/div>\n<div style='flex: 1 1 250px; border: 1px solid rgba(150&comma; 150&comma; 150&comma; 0.4); border-radius: 8px; overflow: hidden; display: flex; flex-direction: column;'>\n<div style='padding: 15px; border-bottom: 1px solid rgba(150&comma; 150&comma; 150&comma; 0.2); font-weight: bold; font-size: 18px; color: inherit;'>Caracter\u00edsticas F\u00edsicas<\/div>\n<div style='padding: 15px; color: inherit;'>\n<ul style='padding-left: 20px; margin: 0; font-size: 14px; list-style-type: disc;'>\n<li style='margin-bottom: 5px;'><strong>Voltaje de salida:<\/strong> 220 Vca<\/li>\n<li style='margin-bottom: 5px;'><strong>Total de tomas de salida:<\/strong> 8<\/li>\n<li style='margin-bottom: 5px;'><strong>Tipo de tomas de salida:<\/strong> NEMA 5-15R (8)<\/li>\n<li style='margin-bottom: 5px;'><img style='width: 40px; height: auto; border: 1px solid rgba(150&comma;150&comma;150&comma;0.3); border-radius: 4px;' src='https:\/\/www.cyberpower.com\/mx\/es\/File\/GetImageByDocId\/GeneralAttribute-238' alt='' \/><\/li>\n<li style='margin-bottom: 5px;'><strong>Tama\u00f1o en Rack:<\/strong> 2 UR<\/li>\n<li style='margin-bottom: 5px;'><strong>Dimensiones:<\/strong> 433 x 88 x 430 mm (Ancho x Alto x Profundidad)<\/li>\n<li style='margin-bottom: 5px;'><strong>Peso:<\/strong> 18 Kg<\/li>\n<\/ul><\/div>\n<\/p><\/div>\n<div style='flex: 1 1 250px; border: 1px solid rgba(150&comma; 150&comma; 150&comma; 0.4); border-radius: 8px; overflow: hidden; display: flex; flex-direction: column;'>\n<div style='padding: 15px; border-bottom: 1px solid rgba(150&comma; 150&comma; 150&comma; 0.2); font-weight: bold; font-size: 18px; color: inherit;'>Caracter\u00edsticas Adicionales<\/div>\n<div style='padding: 15px; color: inherit;'>\n<ul style='padding-left: 20px; margin: 0; font-size: 14px; list-style-type: disc;'>\n<li style='margin-bottom: 5px;'>Modo ECO para ahorro energ\u00e9tico<\/li>\n<li style='margin-bottom: 5px;'>Bater\u00edas intercambiables en caliente<\/li>\n<li style='margin-bottom: 5px;'>Interruptor de apagado de emergencia (EPO)<\/li>\n<li style='margin-bottom: 5px;'>Smart Battery Management (SBM)<\/li>\n<li style='margin-bottom: 5px;'>Panel de pantalla LCD desmontable<\/li>\n<li style='margin-bottom: 5px;'>Protecci\u00f3n de l\u00ednea de datos (RJ11\/RJ45)<\/li>\n<li style='margin-bottom: 5px;'>Software PowerPanel\u00ae para monitoreo remoto<\/li>\n<li style='margin-bottom: 5px;'>Protecci\u00f3n de picos grado de red<\/li>\n<li style='margin-bottom: 5px;'>M\u00f3dulo de Bater\u00edas Extendidas: BP36V60ART2U<\/li>\n<li style='margin-bottom: 5px;'>Administraci\u00f3n Remota SNMP \/ HTTP (RMCARD205 opcional)<\/li>\n<li style='margin-bottom: 5px;'>Incluye bater\u00eda<\/li>\n<\/ul><\/div>\n<\/p><\/div>\n<\/p><\/div>\n<\/p><\/div>\n","protected":false},"excerpt":{"rendered":"<p>UPS DE 1500 VA\/1350 W, ONLINE DOBLE CONVERSI\u00f3N, ENTRADA 220 VCA NEMA 5-20P, ONDA SENOIDAL PURA, RACK O TORRE DE 2 UR, CON  8 TOMAS NEMA 5-15R<\/p>\n","protected":false},"featured_media":76460,"comment_status":"open","ping_status":"closed","template":"","meta":[],"product_brand":[],"product_cat":[1231],"product_tag":[677,142,1232],"class_list":{"0":"post-76461","1":"product","2":"type-product","3":"status-publish","4":"has-post-thumbnail","6":"product_cat-ups-no-break-energia-videovigilancia","7":"product_tag-cyberpower","8":"product_tag-energia","9":"product_tag-ups-no-break-2","11":"first","12":"outofstock","13":"sale","14":"shipping-taxable","15":"purchasable","16":"product-type-simple"},"_links":{"self":[{"href":"https:\/\/soydeaqui.ddns.net\/pachuca\/index.php\/wp-json\/wp\/v2\/product\/76461","targetHints":{"allow":["GET"]}}],"collection":[{"href":"https:\/\/soydeaqui.ddns.net\/pachuca\/index.php\/wp-json\/wp\/v2\/product"}],"about":[{"href":"https:\/\/soydeaqui.ddns.net\/pachuca\/index.php\/wp-json\/wp\/v2\/types\/product"}],"replies":[{"embeddable":true,"href":"https:\/\/soydeaqui.ddns.net\/pachuca\/index.php\/wp-json\/wp\/v2\/comments?post=76461"}],"wp:featuredmedia":[{"embeddable":true,"href":"https:\/\/soydeaqui.ddns.net\/pachuca\/index.php\/wp-json\/wp\/v2\/media\/76460"}],"wp:attachment":[{"href":"https:\/\/soydeaqui.ddns.net\/pachuca\/index.php\/wp-json\/wp\/v2\/media?parent=76461"}],"wp:term":[{"taxonomy":"product_brand","embeddable":true,"href":"https:\/\/soydeaqui.ddns.net\/pachuca\/index.php\/wp-json\/wp\/v2\/product_brand?post=76461"},{"taxonomy":"product_cat","embeddable":true,"href":"https:\/\/soydeaqui.ddns.net\/pachuca\/index.php\/wp-json\/wp\/v2\/product_cat?post=76461"},{"taxonomy":"product_tag","embeddable":true,"href":"https:\/\/soydeaqui.ddns.net\/pachuca\/index.php\/wp-json\/wp\/v2\/product_tag?post=76461"}],"curies":[{"name":"wp","href":"https:\/\/api.w.org\/{rel}","templated":true}]}}