{"id":76419,"date":"2026-03-19T15:19:50","date_gmt":"2026-03-19T15:19:50","guid":{"rendered":"https:\/\/soydeaqui.ddns.net\/pachuca\/index.php\/producto\/bocina-hifi-poe-ethernet-ip-de-2-vias-30w-grado-de-proteccion-ip66-gris-claro\/"},"modified":"2026-03-19T15:19:50","modified_gmt":"2026-03-19T15:19:50","slug":"bocina-hifi-poe-ethernet-ip-de-2-vias-30w-grado-de-proteccion-ip66-gris-claro","status":"publish","type":"product","link":"https:\/\/soydeaqui.ddns.net\/pachuca\/index.php\/producto\/bocina-hifi-poe-ethernet-ip-de-2-vias-30w-grado-de-proteccion-ip66-gris-claro\/","title":{"rendered":"Bocina HiFi PoE Ethernet IP, de 2 vias 30W, grado de protecci\u00f3n IP66 Gris Claro"},"content":{"rendered":"<div style='width: 100%; max-width: 1200px; margin: 0 auto; font-family: sans-serif; line-height: 1.6; color: inherit; background-color: transparent;'>\n<div style='display: flex; flex-wrap: wrap; gap: 30px; margin-bottom: 30px;'>\n<div style='flex: 1 1 300px; min-width: 280px;'>\n<h3 style='font-size: 22px; border-bottom: 2px solid currentColor; padding-bottom: 5px; margin-top: 0; color: inherit; opacity: 0.8;'>Caracter\u00edsticas<\/h3>\n<ul style='padding-left: 20px; font-size: 15px; color: inherit;'>\n<li>Bocina de audio por IP para instalaci\u00f3n de interiores y exteriores<\/li>\n<li>Calidad de Sonido gracias a su amplia respuesta en frecuencia<\/li>\n<li>Reproducci\u00f3n de mensajes pregrabados de forma autom\u00e1tica mediante se\u00f1al externa o programador de eventos<\/li>\n<li>Reproducci\u00f3n manual de mensajes desde consola 1211<\/li>\n<li>Alimentaci\u00f3n PoE que simplifica su instalaci\u00f3n<\/li>\n<li>Compatible con el software de control Millennium IP que permite cargar el plano de la instalaci\u00f3n y distribuir sobre \u00e9l cada bocina.<\/li>\n<li>Autocomprobaci\u00f3n y verificaci\u00f3n de electr\u00f3nica y bocina para la emisi\u00f3n de mensajes correctamente.<\/li>\n<\/ul><\/div>\n<div style='flex: 1 1 300px; min-width: 280px;'>\n<h3 style='font-size: 22px; border-bottom: 2px solid currentColor; padding-bottom: 5px; margin-top: 0; color: inherit; opacity: 0.8;'>Modos de funcionamiento<\/h3>\n<ul style='padding-left: 20px; font-size: 15px; color: inherit;'>\n<li>Reproductor de audio interno (WAV&comma; MP3&comma; radio por internet&comma;&#8230;)<\/li>\n<li>Airplay\/DLNA<\/li>\n<li>Cliente VoIP&comma; Unicast o Multicast<\/li>\n<li>Protocolos RTP y SIP<\/li>\n<li>Compatibilidad con modbus<\/li>\n<li>Programador de eventos<\/li>\n<\/ul>\n<ul style='padding-left: 20px; font-size: 15px; color: inherit;'>\n<li>Memoria interna para almacenar audio con capacidad para 6GB libres<\/li>\n<li>Configuraci\u00f3n a trav\u00e9s de interfaz web accesible desde PC&comma; Smartphone o tablet<\/li>\n<\/ul><\/div>\n<\/p><\/div>\n<div style='display: flex; flex-wrap: wrap; gap: 20px; margin-bottom: 30px;'>\n<div style='flex: 1 1 250px; border: 1px solid rgba(150&comma; 150&comma; 150&comma; 0.4); border-radius: 8px; overflow: hidden; display: flex; flex-direction: column;'>\n<div style='padding: 15px; border-bottom: 1px solid rgba(150&comma; 150&comma; 150&comma; 0.2); font-weight: bold; font-size: 18px; color: inherit;'>Caracter\u00edsticas Generales<\/div>\n<div style='padding: 15px; color: inherit;'>\n<ul style='padding-left: 20px; margin: 0; font-size: 14px; list-style-type: disc;'>\n<li style='margin-bottom: 5px;'><strong>Alimentaci\u00f3n:<\/strong> A trav\u00e9s de Ethernet PoE IEEE 802.3 bt tipo 3&comma; 60 W (negociaci\u00f3n autom\u00e1tica de potencia)<\/li>\n<li style='margin-bottom: 5px;'><strong>Potencia de audio:<\/strong> 30W (RMS)<\/li>\n<li style='margin-bottom: 5px;'><strong>Potencia m\u00e1xima consumida:<\/strong> 45W<\/li>\n<li style='margin-bottom: 5px;'><strong>Rele in:<\/strong> Activado al cerrar contacto IN con GND<\/li>\n<li style='margin-bottom: 5px;'><strong>Rele out:<\/strong> 30 Vdc \u2014 1 A<\/li>\n<li style='margin-bottom: 5px;'><strong>Conexiones:<\/strong> Conector de presi\u00f3n multifilar. Regleta de conexi\u00f3n 4 contactos: rel\u00e9 IN\/OUT<\/li>\n<li style='margin-bottom: 5px;'><strong>Respuesta en frecuencia (@ -6 dB):<\/strong> 118 Hz \u2014 16.7 KHz<\/li>\n<li style='margin-bottom: 5px;'><strong>Sensibilidad (1W\/1m):<\/strong> 100dB<\/li>\n<li style='margin-bottom: 5px;'><strong>M\u00e1ximo nivel de presi\u00f3n sonora (SPL):<\/strong> 115dB<\/li>\n<li style='margin-bottom: 5px;'><strong>Controlador de altavoz:<\/strong> 6&#8221; + 1.5&#8221; tweeter<\/li>\n<\/ul><\/div>\n<\/p><\/div>\n<div style='flex: 1 1 250px; border: 1px solid rgba(150&comma; 150&comma; 150&comma; 0.4); border-radius: 8px; overflow: hidden; display: flex; flex-direction: column;'>\n<div style='padding: 15px; border-bottom: 1px solid rgba(150&comma; 150&comma; 150&comma; 0.2); font-weight: bold; font-size: 18px; color: inherit;'>Especificaciones<\/div>\n<div style='padding: 15px; color: inherit;'>\n<ul style='padding-left: 20px; margin: 0; font-size: 14px; list-style-type: disc;'>\n<li style='margin-bottom: 5px;'><strong>\u00c1ngulo de cobertura:<\/strong>\n<ul style='margin: 5px 0; padding-left: 20px;'>\n<li style='margin-bottom: 5px;'>91\u00ba@4KHz<\/li>\n<li style='margin-bottom: 5px;'>120\u00ba@8KHz<\/li>\n<\/ul>\n<\/li>\n<li style='margin-bottom: 5px;'><strong>Grado de protecci\u00f3n:<\/strong> IP66<\/li>\n<li style='margin-bottom: 5px;'><strong>Condiciones de funcionamiento:<\/strong> -20\u00baC a 60\u00baC<\/li>\n<li style='margin-bottom: 5px;'><strong>Velocidad de red:<\/strong> 10\/100 Mbps (min CAT5e)<\/li>\n<li style='margin-bottom: 5px;'><strong>Frecuencia de muestreo de audio:<\/strong> 44.1 KHz &#8211; 16 bits<\/li>\n<li style='margin-bottom: 5px;'><strong>Software de control:<\/strong>\n<ul style='margin: 5px 0; padding-left: 20px;'>\n<li style='margin-bottom: 5px;'>1810 Millennium IP Lite<\/li>\n<li style='margin-bottom: 5px;'>1811 Millennium IP Pro<\/li>\n<\/ul>\n<\/li>\n<li style='margin-bottom: 5px;'><strong>Montaje:<\/strong> Con soporte fijado por tornillo<\/li>\n<li style='margin-bottom: 5px;'><strong>Peso:<\/strong> 4.15Kg<\/li>\n<li style='margin-bottom: 5px;'><strong>Dimensiones:<\/strong> 360 x 255 x 315 mm<\/li>\n<\/ul><\/div>\n<\/p><\/div>\n<\/p><\/div>\n<hr style='border: 0; border-top: 1px solid rgba(150&comma; 150&comma; 150&comma; 0.3); margin: 30px 0;'>\n<div style='display: flex; flex-wrap: wrap; gap: 20px; margin-bottom: 30px;'>\n<div style='flex: 1 1 100%;'> <img style='width: 100%; height: auto; border: 1px solid rgba(150&comma;150&comma;150&comma;0.3); border-radius: 8px;' src='https:\/\/ftp3.syscom.mx\/usuarios\/luis.vargas\/EGI\/Logo.png' alt='Logo EGI'> <\/div>\n<div style='flex: 1 1 100%;'> <img style='width: 100%; height: auto; border: 1px solid rgba(150&comma;150&comma;150&comma;0.3); border-radius: 8px;' src='https:\/\/ftp3.syscom.mx\/usuarios\/luis.vargas\/EGI\/1601\/Caracteristicas.jpg' alt='Caracter\u00edsticas'> <\/div>\n<div style='flex: 1 1 100%;'> <img style='width: 100%; height: auto; border: 1px solid rgba(150&comma;150&comma;150&comma;0.3); border-radius: 8px;' src='https:\/\/ftp3.syscom.mx\/usuarios\/luis.vargas\/EGI\/1601\/Rfrecuencia1.png' alt='Respuesta en frecuencia'> <\/div>\n<div style='flex: 1 1 100%;'> <img style='width: 100%; height: auto; border: 1px solid rgba(150&comma;150&comma;150&comma;0.3); border-radius: 8px;' src='https:\/\/ftp3.syscom.mx\/usuarios\/luis.vargas\/EGI\/1601\/instalacion.png' alt='Instalaci\u00f3n'> <\/div>\n<\/p><\/div>\n<\/p><\/div>\n","protected":false},"excerpt":{"rendered":"<p>Bocina HiFi PoE Ethernet IP, de 2 vias 30W, grado de protecci\u00f3n IP66 Gris Claro<\/p>\n","protected":false},"featured_media":76418,"comment_status":"open","ping_status":"closed","template":"","meta":[],"product_brand":[],"product_cat":[2041],"product_tag":[697,2042,2004],"class_list":{"0":"post-76419","1":"product","2":"type-product","3":"status-publish","4":"has-post-thumbnail","6":"product_cat-sistemas-de-voceo-ip","7":"product_tag-egi-audio-solutions","8":"product_tag-sistemas-de-voceo-ip","9":"product_tag-voip-telefonia-ip-videoconferencia","11":"first","12":"instock","13":"sale","14":"shipping-taxable","15":"purchasable","16":"product-type-simple"},"_links":{"self":[{"href":"https:\/\/soydeaqui.ddns.net\/pachuca\/index.php\/wp-json\/wp\/v2\/product\/76419","targetHints":{"allow":["GET"]}}],"collection":[{"href":"https:\/\/soydeaqui.ddns.net\/pachuca\/index.php\/wp-json\/wp\/v2\/product"}],"about":[{"href":"https:\/\/soydeaqui.ddns.net\/pachuca\/index.php\/wp-json\/wp\/v2\/types\/product"}],"replies":[{"embeddable":true,"href":"https:\/\/soydeaqui.ddns.net\/pachuca\/index.php\/wp-json\/wp\/v2\/comments?post=76419"}],"wp:featuredmedia":[{"embeddable":true,"href":"https:\/\/soydeaqui.ddns.net\/pachuca\/index.php\/wp-json\/wp\/v2\/media\/76418"}],"wp:attachment":[{"href":"https:\/\/soydeaqui.ddns.net\/pachuca\/index.php\/wp-json\/wp\/v2\/media?parent=76419"}],"wp:term":[{"taxonomy":"product_brand","embeddable":true,"href":"https:\/\/soydeaqui.ddns.net\/pachuca\/index.php\/wp-json\/wp\/v2\/product_brand?post=76419"},{"taxonomy":"product_cat","embeddable":true,"href":"https:\/\/soydeaqui.ddns.net\/pachuca\/index.php\/wp-json\/wp\/v2\/product_cat?post=76419"},{"taxonomy":"product_tag","embeddable":true,"href":"https:\/\/soydeaqui.ddns.net\/pachuca\/index.php\/wp-json\/wp\/v2\/product_tag?post=76419"}],"curies":[{"name":"wp","href":"https:\/\/api.w.org\/{rel}","templated":true}]}}