{"id":76288,"date":"2026-03-19T15:14:37","date_gmt":"2026-03-19T15:14:37","guid":{"rendered":"https:\/\/soydeaqui.ddns.net\/pachuca\/index.php\/producto\/radio-de-backhaul-de-alta-capacidad-hasta-1-2-gbps-banda-licenciada-11-ghz-10-7-11-7-ghz-no-incluye-duplexers-2\/"},"modified":"2026-03-19T15:14:55","modified_gmt":"2026-03-19T15:14:55","slug":"radio-de-backhaul-de-alta-capacidad-hasta-1-2-gbps-banda-licenciada-11-ghz-10-7-11-7-ghz-no-incluye-duplexers-2","status":"publish","type":"product","link":"https:\/\/soydeaqui.ddns.net\/pachuca\/index.php\/producto\/radio-de-backhaul-de-alta-capacidad-hasta-1-2-gbps-banda-licenciada-11-ghz-10-7-11-7-ghz-no-incluye-duplexers-2\/","title":{"rendered":"Radio de Backhaul de alta capacidad hasta 1.2 Gbps, banda licenciada 11 GHz (10.7-11.7 GHz), no incluye duplexers"},"content":{"rendered":"<div style='width: 100%; max-width: 1200px; margin: 0 auto; font-family: sans-serif; line-height: 1.6; color: inherit; background-color: transparent;'> <!-- Secci\u00f3n de ingenier\u00eda avanzada --> <\/p>\n<div style='display: flex; flex-direction: column; align-items: center; text-align: center; margin-bottom: 30px;'>\n<h2 style='font-size: 26px; margin: 0 0 15px; color: inherit; opacity: 0.9;'>Ingenier\u00eda Avanzada<\/h2>\n<p style='font-size: 16px; max-width: 800px; margin: 0 0 15px; color: inherit; opacity: 0.85; line-height: 1.5;'> INVICTUS \u2122 2 de Ubiquiti y la arquitectura de radio patentada est\u00e1n dise\u00f1ados espec\u00edficamente para aplicaciones inal\u00e1mbricas de larga distancia al aire libre&comma; proporcionando un rendimiento superior&comma; capacidad de largo alcance y un mayor rendimiento. <\/p>\n<p> <img style='width: 100%; max-width: 800px; height: auto; border: 1px solid rgba(150&comma;150&comma;150&comma;0.3); border-radius: 8px; margin-top: 15px;' src='https:\/\/ftp3.syscom.mx\/usuarios\/adiaz\/vista-producto\/AF11\/AF11_1.png' alt=''> <\/div>\n<p> <!-- Secci\u00f3n de opciones de fuente de energ\u00eda --> <\/p>\n<div style='display: flex; flex-direction: column; align-items: center; text-align: center; margin-bottom: 30px;'>\n<h2 style='font-size: 26px; margin: 0 0 15px; color: inherit; opacity: 0.9;'>Opciones de Fuente de Energ\u00eda<\/h2>\n<p style='font-size: 16px; max-width: 800px; margin: 0 0 15px; color: inherit; opacity: 0.85; line-height: 1.5;'> El soporte para alimentaci\u00f3n PoE o DC le brinda la flexibilidad de alimentar el AF-11 por separado del tr\u00e1fico Ethernet. <\/p>\n<p> <img style='width: 100%; max-width: 800px; height: auto; border: 1px solid rgba(150&comma;150&comma;150&comma;0.3); border-radius: 8px; margin-top: 15px;' src='https:\/\/ftp3.syscom.mx\/usuarios\/adiaz\/vista-producto\/AF11\/AF11_2.jpg' alt=''> <\/div>\n<p> <!-- Secci\u00f3n de duplexers reversibles --> <\/p>\n<div style='display: flex; flex-direction: column; align-items: center; text-align: center; margin-bottom: 30px;'>\n<h2 style='font-size: 26px; margin: 0 0 15px; color: inherit; opacity: 0.9;'>Duplexers Reversibles<\/h2>\n<p style='font-size: 16px; max-width: 800px; margin: 0 0 15px; color: inherit; opacity: 0.85; line-height: 1.5;'> Cada AF-11 requiere uno o dos Duplexers (se venden por separado; modelos AF-11-DUP-H y AF-11-DUP-L). <\/p>\n<p> <img style='width: 100%; max-width: 800px; height: auto; border: 1px solid rgba(150&comma;150&comma;150&comma;0.3); border-radius: 8px; margin-top: 15px;' src='https:\/\/ftp3.syscom.mx\/usuarios\/adiaz\/vista-producto\/AF11\/AF11_3.jpg' alt=''> <\/div>\n<p> <!-- Secci\u00f3n de configuraci\u00f3n del canal --> <\/p>\n<div style='display: flex; flex-direction: column; align-items: center; text-align: center; margin-bottom: 30px;'>\n<h2 style='font-size: 26px; margin: 0 0 15px; color: inherit; opacity: 0.9;'>Configuraci\u00f3n del Canal<\/h2>\n<p style='font-size: 16px; max-width: 800px; margin: 0 0 15px; color: inherit; opacity: 0.85; line-height: 1.5;'> El airFiber AF-11 puede usar canales individuales (SISO) o unidos (MIMO)&comma; seg\u00fan sus requisitos de licencia espec\u00edficos. El AF-11 tambi\u00e9n presenta diferentes anchos de canal para satisfacer sus necesidades de implementaci\u00f3n&comma; y puede configurar de forma independiente las frecuencias de canal TX y RX. <\/p>\n<p> <img style='width: 100%; max-width: 800px; height: auto; border: 1px solid rgba(150&comma;150&comma;150&comma;0.3); border-radius: 8px; margin-top: 15px;' src='https:\/\/ftp3.syscom.mx\/usuarios\/adiaz\/vista-producto\/AF11\/AF11_4.jpg' alt=''> <\/div>\n<p> <!-- Separador --> <\/p>\n<hr style='border: 0; border-top: 1px solid rgba(150&comma; 150&comma; 150&comma; 0.3); margin: 30px 0;'> <!-- Tabla de especificaciones --> <\/p>\n<div style='display: flex; flex-wrap: wrap; gap: 20px; margin-bottom: 30px;'>\n<div style='flex: 1 1 250px; border: 1px solid rgba(150&comma; 150&comma; 150&comma; 0.4); border-radius: 8px; overflow: hidden; display: flex; flex-direction: column;'>\n<div style='padding: 15px; border-bottom: 1px solid rgba(150&comma; 150&comma; 150&comma; 0.2); font-weight: bold; font-size: 18px; color: inherit;'>Especificaci\u00f3n del producto<\/div>\n<div style='padding: 15px; color: inherit;'>\n<ul style='padding-left: 20px; margin: 0; font-size: 14px; list-style-type: disc;'>\n<li style='margin-bottom: 5px;'><strong>Dimensiones:<\/strong> 327 x 112 x 86 mm (12.87 x 4.41 x 3.39&#8242;)<\/li>\n<li style='margin-bottom: 5px;'><strong>Peso:<\/strong> 2.26 kg (5.0 lb)<\/li>\n<li style='margin-bottom: 5px;'><strong>Conectores RF:<\/strong> (4) SMA Weatherproof&comma; Two per Chain: TX 0&comma; RX 0 (Chain 0) and TX 1&comma; RX 1 (Chain 1) (2) N-Type Waterproof&comma; One per Duplexer<\/li>\n<li style='margin-bottom: 5px;'><strong>Fuente de Alimentaci\u00f3n:<\/strong> Adaptador Gigabit PoE&comma; 50V&comma; 1.2A (Incluido)<\/li>\n<li style='margin-bottom: 5px;'><strong>M\u00e9todo de Alimentaci\u00f3n:<\/strong> PoE Pasivo o terminal de alimentaci\u00f3n de CC<\/li>\n<li style='margin-bottom: 5px;'><strong>Rango de Voltaje Soportado:<\/strong> 38-56Vcc<\/li>\n<li style='margin-bottom: 5px;'><strong>Certificaciones:<\/strong> FCC Part 101&comma; ETSI EN 302 217<\/li>\n<li style='margin-bottom: 5px;'><strong>Temperatura de Operaci\u00f3n:<\/strong> -40 a 55\u00b0 C (-40 a 131\u00b0 F)<\/li>\n<li style='margin-bottom: 5px;'><strong>Interfaz de red:<\/strong> (1) 10\/100\/1000 Ethernet Port (1) 10\/100 Ethernet Port<\/li>\n<\/ul><\/div>\n<\/p><\/div>\n<div style='flex: 1 1 250px; border: 1px solid rgba(150&comma; 150&comma; 150&comma; 0.4); border-radius: 8px; overflow: hidden; display: flex; flex-direction: column;'>\n<div style='padding: 15px; border-bottom: 1px solid rgba(150&comma; 150&comma; 150&comma; 0.2); font-weight: bold; font-size: 18px; color: inherit;'>Sistema<\/div>\n<div style='padding: 15px; color: inherit;'>\n<ul style='padding-left: 20px; margin: 0; font-size: 14px; list-style-type: disc;'>\n<li style='margin-bottom: 5px;'><strong>Procesador:<\/strong> INVICTUS\u2122 2 IC<\/li>\n<li style='margin-bottom: 5px;'><strong>M\u00e1ximo rendimiento:<\/strong> 1.2+ Gbps<\/li>\n<li style='margin-bottom: 5px;'><strong>Encriptaci\u00f3n:<\/strong> 128-bit AES<\/li>\n<li style='margin-bottom: 5px;'><strong>OS:<\/strong> airOS F<\/li>\n<li style='margin-bottom: 5px;'><strong>Modos inal\u00e1mbricos:<\/strong> SISO\/MIMO<\/li>\n<\/ul><\/div>\n<\/p><\/div>\n<div style='flex: 1 1 250px; border: 1px solid rgba(150&comma; 150&comma; 150&comma; 0.4); border-radius: 8px; overflow: hidden; display: flex; flex-direction: column;'>\n<div style='padding: 15px; border-bottom: 1px solid rgba(150&comma; 150&comma; 150&comma; 0.2); font-weight: bold; font-size: 18px; color: inherit;'>Radio<\/div>\n<div style='padding: 15px; color: inherit;'>\n<ul style='padding-left: 20px; margin: 0; font-size: 14px; list-style-type: disc;'>\n<li style='margin-bottom: 5px;'><strong>Frecuencia de Operaci\u00f3n:<\/strong> 10.7-11.7 GHz (Depende de la Regi\u00f3n Reguladora*)<\/li>\n<li style='margin-bottom: 5px;'><strong>Max. TX Power:<\/strong> 30 dBm (Depende de la Regi\u00f3n Reguladora*)<\/li>\n<li style='margin-bottom: 5px;'><strong>Precisi\u00f3n de Frecuencia:<\/strong> \u00b1 1 ppm<\/li>\n<li style='margin-bottom: 5px;'><strong>Channel Bandwidth:<\/strong> 3.5\/5\/7\/10\/14\/20\/28\/30\/40\/50\/56 MHz** Ciclos de trabajo programables de enlace ascendente y enlace descendente<\/li>\n<\/ul><\/div>\n<\/p><\/div>\n<div style='flex: 1 1 250px; border: 1px solid rgba(150&comma; 150&comma; 150&comma; 0.4); border-radius: 8px; overflow: hidden; display: flex; flex-direction: column;'>\n<div style='padding: 15px; border-bottom: 1px solid rgba(150&comma; 150&comma; 150&comma; 0.2); font-weight: bold; font-size: 18px; color: inherit;'>Requisitos de instalaci\u00f3n<\/div>\n<div style='padding: 15px; color: inherit;'>\n<ul style='padding-left: 20px; margin: 0; font-size: 14px; list-style-type: disc;'>\n<li style='margin-bottom: 5px;'>L\u00ednea de visi\u00f3n clara entre dispositivos airFiber<\/li>\n<li style='margin-bottom: 5px;'>Orientaci\u00f3n de montaje vertical<\/li>\n<li style='margin-bottom: 5px;'><strong>Punto de montaje:<\/strong>\n<ul style='padding-left: 20px; margin-top: 5px;'>\n<li style='margin-bottom: 5px; list-style: circle;'>Al menos 1 m por debajo del punto m\u00e1s alto de la estructura<\/li>\n<li style='margin-bottom: 5px; list-style: circle;'>Para instalaci\u00f3n en torres&comma; al menos 3 metros por debajo de la parte superior de la torre<\/li>\n<\/ul>\n<\/li>\n<li style='margin-bottom: 5px;'>Cable de tierra: m\u00ednimo 10 AWG (5 mm\u00b2) y longitud m\u00e1xima de: 1 m. Como precauci\u00f3n&comma; conecte el dispositivo airFiber a una toma de tierra&comma; poste&comma; torre o barra de conexi\u00f3n de tierra.<\/li>\n<\/ul><\/div>\n<\/p><\/div>\n<\/p><\/div>\n<p> <!-- Advertencia --> <\/p>\n<div style='border: 1px solid rgba(226&comma; 80&comma; 65&comma; 0.6); border-radius: 8px; padding: 15px; margin-bottom: 30px; background-color: rgba(226&comma; 80&comma; 65&comma; 0.05);'>\n<div style='display: flex; align-items: center; gap: 15px;'> <img style='width: 50px; height: auto;' src='https:\/\/dl.ubnt.com\/qsg\/AF11-Complete\/image\/Warning_v2.png' alt=''> <\/p>\n<h4 style='margin: 0; font-size: 18px; color: rgba(226&comma; 80&comma; 65&comma; 0.9); font-weight: bold;'> ADVERTENCIA: Si no se conecta a tierra correctamente&comma; se anular\u00e1 su garant\u00eda. <\/h4>\n<\/p><\/div>\n<\/p><\/div>\n<p> <!-- Imagen final --> <\/p>\n<div style='display: flex; justify-content: center; margin-bottom: 30px;'> <img style='width: 100%; max-width: 800px; height: auto; border: 1px solid rgba(150&comma;150&comma;150&comma;0.3); border-radius: 8px;' src='https:\/\/pliki.ip-sa.pl\/wiki\/attach\/UBNT-AIRFIBER11FX-DUP-H\/UBNT-AIRFIBER11FX-DUP.jpg' alt=''> <\/div>\n<\/p><\/div>\n","protected":false},"excerpt":{"rendered":"<p>Radio de Backhaul de alta capacidad hasta 1.2 Gbps, banda licenciada 11 GHz (10.7-11.7 GHz), no incluye duplexers<\/p>\n","protected":false},"featured_media":76287,"comment_status":"open","ping_status":"closed","template":"","meta":[],"product_brand":[],"product_cat":[2086],"product_tag":[1991,2007,166],"class_list":{"0":"post-76288","1":"product","2":"type-product","3":"status-publish","4":"has-post-thumbnail","6":"product_cat-otras-bandas-enlaces-de-backhaul","7":"product_tag-enlaces-de-backhaul","8":"product_tag-otras-bandas","9":"product_tag-ubiquiti","11":"first","12":"outofstock","13":"sale","14":"shipping-taxable","15":"purchasable","16":"product-type-simple"},"_links":{"self":[{"href":"https:\/\/soydeaqui.ddns.net\/pachuca\/index.php\/wp-json\/wp\/v2\/product\/76288","targetHints":{"allow":["GET"]}}],"collection":[{"href":"https:\/\/soydeaqui.ddns.net\/pachuca\/index.php\/wp-json\/wp\/v2\/product"}],"about":[{"href":"https:\/\/soydeaqui.ddns.net\/pachuca\/index.php\/wp-json\/wp\/v2\/types\/product"}],"replies":[{"embeddable":true,"href":"https:\/\/soydeaqui.ddns.net\/pachuca\/index.php\/wp-json\/wp\/v2\/comments?post=76288"}],"wp:featuredmedia":[{"embeddable":true,"href":"https:\/\/soydeaqui.ddns.net\/pachuca\/index.php\/wp-json\/wp\/v2\/media\/76287"}],"wp:attachment":[{"href":"https:\/\/soydeaqui.ddns.net\/pachuca\/index.php\/wp-json\/wp\/v2\/media?parent=76288"}],"wp:term":[{"taxonomy":"product_brand","embeddable":true,"href":"https:\/\/soydeaqui.ddns.net\/pachuca\/index.php\/wp-json\/wp\/v2\/product_brand?post=76288"},{"taxonomy":"product_cat","embeddable":true,"href":"https:\/\/soydeaqui.ddns.net\/pachuca\/index.php\/wp-json\/wp\/v2\/product_cat?post=76288"},{"taxonomy":"product_tag","embeddable":true,"href":"https:\/\/soydeaqui.ddns.net\/pachuca\/index.php\/wp-json\/wp\/v2\/product_tag?post=76288"}],"curies":[{"name":"wp","href":"https:\/\/api.w.org\/{rel}","templated":true}]}}