{"id":7611,"date":"2026-03-18T06:58:31","date_gmt":"2026-03-18T06:58:31","guid":{"rendered":"https:\/\/soydeaqui.ddns.net\/pachuca\/index.php\/producto\/portal-de-acceso-inalambrico-para-camaras-honeywell-total-connect\/"},"modified":"2026-03-18T06:58:31","modified_gmt":"2026-03-18T06:58:31","slug":"portal-de-acceso-inalambrico-para-camaras-honeywell-total-connect","status":"publish","type":"product","link":"https:\/\/soydeaqui.ddns.net\/pachuca\/index.php\/producto\/portal-de-acceso-inalambrico-para-camaras-honeywell-total-connect\/","title":{"rendered":"Portal de Acceso Inal\u00e1mbrico Para C\u00e1maras Honeywell Total Connect."},"content":{"rendered":"<div style='width: 100%; max-width: 1200px; margin: 0 auto; font-family: sans-serif; line-height: 1.6; color: inherit; background-color: transparent;'>\n<div style='display: flex; flex-wrap: wrap; gap: 30px; margin-bottom: 30px;'>\n<div style='flex: 1 1 300px; min-width: 280px;'>\n<p style='font-size: 15px; color: inherit; margin-bottom: 20px;'>El Honeywell WAP es un punto de acceso inal\u00e1mbrico dise\u00f1ado espec\u00edficamente para las c\u00e1maras de seguridad Honeywell IPCamaras serie. Siempre se puede conectar una c\u00e1mara IP-WI2&comma; c\u00e1mara IP-PT o c\u00e1mara IP-WO c\u00e1mara de seguridad para el router con un cable Ethernet&comma; pero es mucho m\u00e1s f\u00e1cil de conectar de forma inal\u00e1mbrica las c\u00e1maras de seguridad de su router con el WAP. Todas las c\u00e1maras de v\u00eddeo de Honeywell cuentan con Wi-Fi y puede conectarse de forma inal\u00e1mbrica a un router que tiene WiFi Protected Setup (WPS) y un bot\u00f3n de encriptaci\u00f3n de un solo toque. Sin embargo&comma; algunos routers tienen problemas de conexi\u00f3n a las c\u00e1maras de seguridad Honeywell IPCamara serie. Si su router no tiene un bot\u00f3n de encriptaci\u00f3n WPS&comma; o no son capaces de conectar con \u00e9xito sus c\u00e1maras de seguridad Honeywell inal\u00e1mbrica a su router&comma; le recomendamos probar el WAP.<\/p>\n<p style='font-size: 15px; color: inherit; margin-bottom: 20px;'>Para m\u00e1s informaci\u00f3n consulte al departamento de ingenier\u00eda de SYSCOM<\/p>\n<p style='font-size: 15px; color: inherit; margin-bottom: 0;'><strong>*1 A\u00f1o de Garant\u00eda.<\/strong><\/p>\n<\/p><\/div>\n<\/p><\/div>\n<\/p><\/div>\n","protected":false},"excerpt":{"rendered":"<p>Portal de Acceso Inal\u00e1mbrico Para C\u00e1maras Honeywell Total Connect.<\/p>\n","protected":false},"featured_media":7610,"comment_status":"open","ping_status":"closed","template":"","meta":[],"product_brand":[],"product_cat":[412],"product_tag":[211,209,180],"class_list":{"0":"post-7611","1":"product","2":"type-product","3":"status-publish","4":"has-post-thumbnail","6":"product_cat-camaras-total-connect-honeywell","7":"product_tag-camaras","8":"product_tag-honeywell","9":"product_tag-total-connect-honeywell","11":"first","12":"outofstock","13":"sale","14":"shipping-taxable","15":"purchasable","16":"product-type-simple"},"_links":{"self":[{"href":"https:\/\/soydeaqui.ddns.net\/pachuca\/index.php\/wp-json\/wp\/v2\/product\/7611","targetHints":{"allow":["GET"]}}],"collection":[{"href":"https:\/\/soydeaqui.ddns.net\/pachuca\/index.php\/wp-json\/wp\/v2\/product"}],"about":[{"href":"https:\/\/soydeaqui.ddns.net\/pachuca\/index.php\/wp-json\/wp\/v2\/types\/product"}],"replies":[{"embeddable":true,"href":"https:\/\/soydeaqui.ddns.net\/pachuca\/index.php\/wp-json\/wp\/v2\/comments?post=7611"}],"wp:featuredmedia":[{"embeddable":true,"href":"https:\/\/soydeaqui.ddns.net\/pachuca\/index.php\/wp-json\/wp\/v2\/media\/7610"}],"wp:attachment":[{"href":"https:\/\/soydeaqui.ddns.net\/pachuca\/index.php\/wp-json\/wp\/v2\/media?parent=7611"}],"wp:term":[{"taxonomy":"product_brand","embeddable":true,"href":"https:\/\/soydeaqui.ddns.net\/pachuca\/index.php\/wp-json\/wp\/v2\/product_brand?post=7611"},{"taxonomy":"product_cat","embeddable":true,"href":"https:\/\/soydeaqui.ddns.net\/pachuca\/index.php\/wp-json\/wp\/v2\/product_cat?post=7611"},{"taxonomy":"product_tag","embeddable":true,"href":"https:\/\/soydeaqui.ddns.net\/pachuca\/index.php\/wp-json\/wp\/v2\/product_tag?post=7611"}],"curies":[{"name":"wp","href":"https:\/\/api.w.org\/{rel}","templated":true}]}}