{"id":75955,"date":"2026-03-19T15:01:01","date_gmt":"2026-03-19T15:01:01","guid":{"rendered":"https:\/\/soydeaqui.ddns.net\/pachuca\/index.php\/producto\/mant30-pa-antena-direccional-4-7-5-8-ghz-30dbi-de-ganancia-conector-sma-hembra-con-montaje-de-alineacion-de-precision\/"},"modified":"2026-03-19T15:01:14","modified_gmt":"2026-03-19T15:01:14","slug":"mant30-pa-antena-direccional-4-7-5-8-ghz-30dbi-de-ganancia-conector-sma-hembra-con-montaje-de-alineacion-de-precision","status":"publish","type":"product","link":"https:\/\/soydeaqui.ddns.net\/pachuca\/index.php\/producto\/mant30-pa-antena-direccional-4-7-5-8-ghz-30dbi-de-ganancia-conector-sma-hembra-con-montaje-de-alineacion-de-precision\/","title":{"rendered":"(mANT30 PA) Antena direccional 4.7 &#8211; 5.8 GHz, 30dBi de ganancia conector SMA Hembra. Con montaje de alineaci\u00f3n de precisi\u00f3n"},"content":{"rendered":"<div style='width: 100%; max-width: 1200px; margin: 0 auto; font-family: sans-serif; line-height: 1.6; color: inherit; background-color: transparent;'> <!-- Descripci\u00f3n principal --> <\/p>\n<div style='margin-bottom: 30px; font-size: 15px;'>\n<p><strong>mANT30PA<\/strong> es una antena parab\u00f3lica profesional de 5 GHz de 30 dBi&comma; construida seg\u00fan los m\u00e1s altos est\u00e1ndares de la industria. Dise\u00f1ada para adaptarse perfectamente a nuestros productos Mikrotik conectorizados&comma; pero se pueden usar para cualquier dispositivo inal\u00e1mbrico montado en poste debido a la longitud adecuada del cable FlexGuide incluido.<\/p>\n<p>La antena incluye un montaje de alineaci\u00f3n de precisi\u00f3n y cables o jumpers necesarios para sus conexiones.<\/p>\n<p><strong>Nota:<\/strong> El dispositivo inal\u00e1mbrico Basebox ilustrado no est\u00e1 incluido<\/p>\n<\/p><\/div>\n<p> <!-- Secci\u00f3n de especificaciones --> <\/p>\n<div style='margin-bottom: 30px;'>\n<h3 style='font-size: 22px; border-bottom: 2px solid currentColor; padding-bottom: 5px; margin-top: 0; color: inherit; opacity: 0.8;'>Especificaciones del producto<\/h3>\n<p> <!-- Cards de especificaciones --> <\/p>\n<div style='display: flex; flex-wrap: wrap; gap: 20px; margin-top: 20px;'> <!-- Card 1 --> <\/p>\n<div style='flex: 1 1 250px; border: 1px solid rgba(150&comma; 150&comma; 150&comma; 0.4); border-radius: 8px; overflow: hidden; display: flex; flex-direction: column;'>\n<div style='padding: 15px; border-bottom: 1px solid rgba(150&comma; 150&comma; 150&comma; 0.2); font-weight: bold; font-size: 18px; color: inherit;'>Detalles<\/div>\n<div style='padding: 15px; color: inherit;'>\n<ul style='padding-left: 20px; margin: 0; font-size: 14px; list-style-type: disc;'>\n<li style='margin-bottom: 5px;'><strong>C\u00f3digo de producto:<\/strong> MTAD-5G-30D3-PA<\/li>\n<li style='margin-bottom: 5px;'><strong>Apertura:<\/strong> +\/- 2&comma;5 grados<\/li>\n<li style='margin-bottom: 5px;'><strong>Certificaci\u00f3n:<\/strong> CE&comma; ROHS<\/li>\n<li style='margin-bottom: 5px;'><strong>Conector:<\/strong> 2x RP-SMA Hembra (rosca exterior)<\/li>\n<li style='margin-bottom: 5px;'><strong>Polarizaci\u00f3n cruzada:<\/strong> > 40 dB<\/li>\n<li style='margin-bottom: 5px;'><strong>Di\u00e1metro x profundidad:<\/strong> 70 x 45 cm (27&comma;5 x 17&comma;8 pulgadas)<\/li>\n<\/ul><\/div>\n<\/p><\/div>\n<p> <!-- Card 2 --> <\/p>\n<div style='flex: 1 1 250px; border: 1px solid rgba(150&comma; 150&comma; 150&comma; 0.4); border-radius: 8px; overflow: hidden; display: flex; flex-direction: column;'>\n<div style='padding: 15px; border-bottom: 1px solid rgba(150&comma; 150&comma; 150&comma; 0.2); font-weight: bold; font-size: 18px; color: inherit;'>Caracter\u00edsticas<\/div>\n<div style='padding: 15px; color: inherit;'>\n<ul style='padding-left: 20px; margin: 0; font-size: 14px; list-style-type: disc;'>\n<li style='margin-bottom: 5px;'><strong>Rango de ajuste de elevaci\u00f3n:<\/strong> +\/- 15 grados<\/li>\n<li style='margin-bottom: 5px;'><strong>Rango de frecuencia:<\/strong> 4&comma;7-5&comma;875 GHz<\/li>\n<li style='margin-bottom: 5px;'><strong>Relaci\u00f3n de adelante hacia atr\u00e1s:<\/strong> > 30 dB<\/li>\n<li style='margin-bottom: 5px;'><strong>Impedancia:<\/strong> 50 ohms<\/li>\n<li style='margin-bottom: 5px;'><strong>MTBF:<\/strong> Aproximadamente 200.000 horas a 25 \u00b0C<\/li>\n<li style='margin-bottom: 5px;'><strong>Calificaci\u00f3n al aire libre:<\/strong> ETSI EN 300 019-2-4<\/li>\n<\/ul><\/div>\n<\/p><\/div>\n<p> <!-- Card 3 --> <\/p>\n<div style='flex: 1 1 250px; border: 1px solid rgba(150&comma; 150&comma; 150&comma; 0.4); border-radius: 8px; overflow: hidden; display: flex; flex-direction: column;'>\n<div style='padding: 15px; border-bottom: 1px solid rgba(150&comma; 150&comma; 150&comma; 0.2); font-weight: bold; font-size: 18px; color: inherit;'>Especificaciones f\u00edsicas<\/div>\n<div style='padding: 15px; color: inherit;'>\n<ul style='padding-left: 20px; margin: 0; font-size: 14px; list-style-type: disc;'>\n<li style='margin-bottom: 5px;'><strong>Tama\u00f1o empaquetado:<\/strong> 73x73x20cm (29x29x8 pulgadas)<\/li>\n<li style='margin-bottom: 5px;'><strong>Peso empaquetado:<\/strong> 8&comma;4 kg (18&comma;5)<\/li>\n<li style='margin-bottom: 5px;'><strong>Polarizaci\u00f3n:<\/strong> Vertical y Horizontal<\/li>\n<li style='margin-bottom: 5px;'><strong>Rango de di\u00e1metro de montaje en poste:<\/strong> 3 a 10 cm (1&comma;2 a 3&comma;9 pulgadas)<\/li>\n<li style='margin-bottom: 5px;'><strong>Aislamiento de puerto a puerto:<\/strong> > 40dB min<\/li>\n<li style='margin-bottom: 5px;'><strong>Potencia nominal:<\/strong> 100W<\/li>\n<\/ul><\/div>\n<\/p><\/div>\n<p> <!-- Card 4 --> <\/p>\n<div style='flex: 1 1 250px; border: 1px solid rgba(150&comma; 150&comma; 150&comma; 0.4); border-radius: 8px; overflow: hidden; display: flex; flex-direction: column;'>\n<div style='padding: 15px; border-bottom: 1px solid rgba(150&comma; 150&comma; 150&comma; 0.2); font-weight: bold; font-size: 18px; color: inherit;'>Resistencia y rendimiento<\/div>\n<div style='padding: 15px; color: inherit;'>\n<ul style='padding-left: 20px; margin: 0; font-size: 14px; list-style-type: disc;'>\n<li style='margin-bottom: 5px;'><strong>Reflector:<\/strong> Aluminio<\/li>\n<li style='margin-bottom: 5px;'><strong>Est\u00e1ndares:<\/strong> EN 302326 DN1&comma; DN2&comma; DN3&comma; DN5<\/li>\n<li style='margin-bottom: 5px;'><strong>Temperatura ambiente probada:<\/strong> -50 \u00b0C a 80 \u00b0C (-49 \u00b0F a 158 \u00b0F)<\/li>\n<li style='margin-bottom: 5px;'><strong>VSWR:<\/strong> \u2264 1&comma;4 t\u00edpico&comma; \u2264 1&comma;8 m\u00e1x.<\/li>\n<li style='margin-bottom: 5px;'><strong>Peso:<\/strong> 5&comma;7 kg (12&comma;6 libras)<\/li>\n<li style='margin-bottom: 5px;'><strong>Carga de viento (125 mph):<\/strong> 181&comma;4 kg (400 libras)&comma; 50 kg a 40 m\/s&comma; 28 kg a 30 m\/s<\/li>\n<li style='margin-bottom: 5px;'><strong>Supervivencia del viento:<\/strong> 201 km\/h (125 mph)<\/li>\n<\/ul><\/div>\n<\/p><\/div>\n<\/p><\/div>\n<\/p><\/div>\n<\/p><\/div>\n","protected":false},"excerpt":{"rendered":"<p>(mANT30 PA) Antena direccional 4.7 &#8211; 5.8 GHz, 30dBi de ganancia conector SMA Hembra. Con montaje de alineaci\u00f3n de precisi\u00f3n<\/p>\n","protected":false},"featured_media":75954,"comment_status":"open","ping_status":"closed","template":"","meta":[],"product_brand":[],"product_cat":[1918],"product_tag":[1404,1919,643],"class_list":{"0":"post-75955","1":"product","2":"type-product","3":"status-publish","4":"has-post-thumbnail","6":"product_cat-direccionales","7":"product_tag-antenas","8":"product_tag-direccionales","9":"product_tag-mikrotik","11":"first","12":"instock","13":"sale","14":"shipping-taxable","15":"purchasable","16":"product-type-simple"},"_links":{"self":[{"href":"https:\/\/soydeaqui.ddns.net\/pachuca\/index.php\/wp-json\/wp\/v2\/product\/75955","targetHints":{"allow":["GET"]}}],"collection":[{"href":"https:\/\/soydeaqui.ddns.net\/pachuca\/index.php\/wp-json\/wp\/v2\/product"}],"about":[{"href":"https:\/\/soydeaqui.ddns.net\/pachuca\/index.php\/wp-json\/wp\/v2\/types\/product"}],"replies":[{"embeddable":true,"href":"https:\/\/soydeaqui.ddns.net\/pachuca\/index.php\/wp-json\/wp\/v2\/comments?post=75955"}],"wp:featuredmedia":[{"embeddable":true,"href":"https:\/\/soydeaqui.ddns.net\/pachuca\/index.php\/wp-json\/wp\/v2\/media\/75954"}],"wp:attachment":[{"href":"https:\/\/soydeaqui.ddns.net\/pachuca\/index.php\/wp-json\/wp\/v2\/media?parent=75955"}],"wp:term":[{"taxonomy":"product_brand","embeddable":true,"href":"https:\/\/soydeaqui.ddns.net\/pachuca\/index.php\/wp-json\/wp\/v2\/product_brand?post=75955"},{"taxonomy":"product_cat","embeddable":true,"href":"https:\/\/soydeaqui.ddns.net\/pachuca\/index.php\/wp-json\/wp\/v2\/product_cat?post=75955"},{"taxonomy":"product_tag","embeddable":true,"href":"https:\/\/soydeaqui.ddns.net\/pachuca\/index.php\/wp-json\/wp\/v2\/product_tag?post=75955"}],"curies":[{"name":"wp","href":"https:\/\/api.w.org\/{rel}","templated":true}]}}