{"id":75928,"date":"2026-03-19T14:59:51","date_gmt":"2026-03-19T14:59:51","guid":{"rendered":"https:\/\/soydeaqui.ddns.net\/pachuca\/index.php\/producto\/qrt-5-punto-de-acceso-hasta-300-mbps-en-5-ghz-4-9-5-875-antena-integrada-24-dbi-hasta-1000-mw-de-potencia\/"},"modified":"2026-03-19T14:59:58","modified_gmt":"2026-03-19T14:59:58","slug":"qrt-5-punto-de-acceso-hasta-300-mbps-en-5-ghz-4-9-5-875-antena-integrada-24-dbi-hasta-1000-mw-de-potencia","status":"publish","type":"product","link":"https:\/\/soydeaqui.ddns.net\/pachuca\/index.php\/producto\/qrt-5-punto-de-acceso-hasta-300-mbps-en-5-ghz-4-9-5-875-antena-integrada-24-dbi-hasta-1000-mw-de-potencia\/","title":{"rendered":"(QRT 5) Punto de Acceso hasta 300 Mbps en 5 GHz (4.9 &#8211; 5.875), Antena Integrada 24 dBi, Hasta 1000 mW de Potencia"},"content":{"rendered":"<div style='width: 100%; max-width: 1200px; margin: 0 auto; font-family: sans-serif; line-height: 1.6; color: inherit; background-color: transparent;'>\n<div style='display: flex; flex-wrap: wrap; gap: 30px; margin-bottom: 30px;'>\n<div style='flex: 1 1 300px; min-width: 280px;'>\n<h3 style='font-size: 22px; border-bottom: 2px solid currentColor; padding-bottom: 5px; margin-top: 0; color: inherit; opacity: 0.8;'>Descripci\u00f3n<\/h3>\n<p style='font-size: 15px; color: inherit;'>El QRT 5 es una antena resistente de panel ideal para exterior con un Routerboard incorporado. El dispositivo tiene una antena de 24 dBi y un transmisor inal\u00e1mbrico de alta potencia de 5 GHz.<\/p>\n<p style='font-size: 15px; color: inherit;'>En el interior se encuentra el dispositivo inal\u00e1mbrico de doble cadena RB911 de alta potencia con un transmisor inal\u00e1mbrico de alto rendimiento. Tiene un puerto Gigabit Ethernet para aprovechar al m\u00e1ximo las ventajas de la conexi\u00f3n inal\u00e1mbrica de alta velocidad 802.11n. F\u00e1cil de usar y r\u00e1pido de implementar&comma; QRT es ideal para enlaces punto a punto.<\/p>\n<\/p><\/div>\n<\/p><\/div>\n<div style='display: flex; flex-wrap: wrap; gap: 20px; margin-bottom: 30px;'>\n<div style='flex: 1 1 250px; border: 1px solid rgba(150&comma; 150&comma; 150&comma; 0.4); border-radius: 8px; overflow: hidden; display: flex; flex-direction: column;'>\n<div style='padding: 15px; border-bottom: 1px solid rgba(150&comma; 150&comma; 150&comma; 0.2); font-weight: bold; font-size: 18px; color: inherit;'>Caracter\u00edsticas<\/div>\n<div style='padding: 15px; color: inherit;'>\n<ul style='padding-left: 20px; margin: 0; font-size: 14px; list-style-type: disc; color: inherit;'>\n<li style='margin-bottom: 5px; color: inherit;'>Banda de operaci\u00f3n de 4.9 &#8211; 5.875 GHz<\/li>\n<li style='margin-bottom: 5px; color: inherit;'>Est\u00e1ndar 802.11a\/n<\/li>\n<li style='margin-bottom: 5px; color: inherit;'>Modo de Operaci\u00f3n: Punto de Acceso y Cliente<\/li>\n<li style='margin-bottom: 5px; color: inherit;'>Antena Integrada de 24 dBi<\/li>\n<li style='margin-bottom: 5px; color: inherit;'>Hasta 1000 mW<\/li>\n<li style='margin-bottom: 5px; color: inherit;'>1 Puerto Gigabit<\/li>\n<li style='margin-bottom: 5px; color: inherit;'>Nivel de Licencia 4<\/li>\n<li style='margin-bottom: 5px; color: inherit;'>Dimensiones 309 x 320 x 50 mm<\/li>\n<\/ul><\/div>\n<\/p><\/div>\n<\/p><\/div>\n<hr style='border: 0; border-top: 1px solid rgba(150&comma; 150&comma; 150&comma; 0.3); margin: 30px 0;'>\n<div style='display: flex; flex-wrap: wrap; gap: 30px; margin-bottom: 30px;'>\n<div style='flex: 1 1 300px; min-width: 280px;'>\n<h3 style='font-size: 22px; border-bottom: 2px solid currentColor; padding-bottom: 5px; margin-top: 0; color: inherit; opacity: 0.8;'>Accesorios Incluidos<\/h3>\n<div style='display: flex; flex-wrap: wrap; gap: 15px; justify-content: center;'> <img style='width: 100%; max-width: 128px; height: auto; border: 1px solid rgba(150&comma;150&comma;150&comma;0.3); border-radius: 8px;' src='https:\/\/ftp3.syscom.mx\/usuarios\/alevario\/mikrotik\/part141391160278s.jpg' alt=''> <img style='width: 100%; max-width: 113px; height: auto; border: 1px solid rgba(150&comma;150&comma;150&comma;0.3); border-radius: 8px;' src='https:\/\/ftp3.syscom.mx\/usuarios\/alevario\/mikrotik\/part121391159986s.jpg' alt=''> <img style='width: 100%; max-width: 108px; height: auto; border: 1px solid rgba(150&comma;150&comma;150&comma;0.3); border-radius: 8px;' src='https:\/\/ftp3.syscom.mx\/usuarios\/alevario\/mikrotik\/part111391160732s.jpg' alt=''> <img style='width: 100%; max-width: 116px; height: auto; border: 1px solid rgba(150&comma;150&comma;150&comma;0.3); border-radius: 8px;' src='https:\/\/ftp3.syscom.mx\/usuarios\/alevario\/mikrotik\/part131391160260s.jpg' alt=''> <img style='width: 100%; max-width: 134px; height: auto; border: 1px solid rgba(150&comma;150&comma;150&comma;0.3); border-radius: 8px;' src='https:\/\/ftp3.syscom.mx\/usuarios\/alevario\/mikrotik\/part11391161548s.jpg' alt=''> <img style='width: 100%; max-width: 120px; height: auto; border: 1px solid rgba(150&comma;150&comma;150&comma;0.3); border-radius: 8px;' src='https:\/\/ftp3.syscom.mx\/usuarios\/alevario\/mikrotik\/part71391160316s.jpg' alt=''> <\/div>\n<\/p><\/div>\n<\/p><\/div>\n<hr style='border: 0; border-top: 1px solid rgba(150&comma; 150&comma; 150&comma; 0.3); margin: 30px 0;'>\n<div style='display: flex; flex-wrap: wrap; gap: 30px;'>\n<div style='flex: 1 1 300px; min-width: 280px;'>\n<h3 style='font-size: 22px; border-bottom: 2px solid currentColor; padding-bottom: 5px; margin-top: 0; color: inherit; opacity: 0.8;'>Garant\u00eda<\/h3>\n<p> <img style='width: 100%; max-width: 302px; height: auto; border: 1px solid rgba(150&comma;150&comma;150&comma;0.3); border-radius: 8px;' src='https:\/\/ftp3.syscom.mx\/usuarios\/fotos\/CCR10097G1C1S+PC\/137052-garantia1.png' alt=''> <\/div>\n<\/p><\/div>\n<\/p><\/div>\n","protected":false},"excerpt":{"rendered":"<p>(QRT 5) Punto de Acceso hasta 300 Mbps en 5 GHz (4.9 &#8211; 5.875), Antena Integrada 24 dBi, Hasta 1000 mW de Potencia<\/p>\n","protected":false},"featured_media":75927,"comment_status":"open","ping_status":"closed","template":"","meta":[],"product_brand":[],"product_cat":[1998],"product_tag":[1999,1980,643],"class_list":{"0":"post-75928","1":"product","2":"type-product","3":"status-publish","4":"has-post-thumbnail","6":"product_cat-5-y-6-ghz","7":"product_tag-5-y-6-ghz","8":"product_tag-enlaces-ptp-y-ptmp","9":"product_tag-mikrotik","11":"first","12":"outofstock","13":"sale","14":"shipping-taxable","15":"purchasable","16":"product-type-simple"},"_links":{"self":[{"href":"https:\/\/soydeaqui.ddns.net\/pachuca\/index.php\/wp-json\/wp\/v2\/product\/75928","targetHints":{"allow":["GET"]}}],"collection":[{"href":"https:\/\/soydeaqui.ddns.net\/pachuca\/index.php\/wp-json\/wp\/v2\/product"}],"about":[{"href":"https:\/\/soydeaqui.ddns.net\/pachuca\/index.php\/wp-json\/wp\/v2\/types\/product"}],"replies":[{"embeddable":true,"href":"https:\/\/soydeaqui.ddns.net\/pachuca\/index.php\/wp-json\/wp\/v2\/comments?post=75928"}],"wp:featuredmedia":[{"embeddable":true,"href":"https:\/\/soydeaqui.ddns.net\/pachuca\/index.php\/wp-json\/wp\/v2\/media\/75927"}],"wp:attachment":[{"href":"https:\/\/soydeaqui.ddns.net\/pachuca\/index.php\/wp-json\/wp\/v2\/media?parent=75928"}],"wp:term":[{"taxonomy":"product_brand","embeddable":true,"href":"https:\/\/soydeaqui.ddns.net\/pachuca\/index.php\/wp-json\/wp\/v2\/product_brand?post=75928"},{"taxonomy":"product_cat","embeddable":true,"href":"https:\/\/soydeaqui.ddns.net\/pachuca\/index.php\/wp-json\/wp\/v2\/product_cat?post=75928"},{"taxonomy":"product_tag","embeddable":true,"href":"https:\/\/soydeaqui.ddns.net\/pachuca\/index.php\/wp-json\/wp\/v2\/product_tag?post=75928"}],"curies":[{"name":"wp","href":"https:\/\/api.w.org\/{rel}","templated":true}]}}