{"id":75871,"date":"2026-03-19T14:57:32","date_gmt":"2026-03-19T14:57:32","guid":{"rendered":"https:\/\/soydeaqui.ddns.net\/pachuca\/index.php\/producto\/ups-de-1500-va-1500-w-topologia-linea-interactiva-entrada-120-vca-nema-5-15p-onda-senoidal-pura-torre-o-rack-2-ur-con-8-tomas-nema-5-15r\/"},"modified":"2026-03-19T14:57:45","modified_gmt":"2026-03-19T14:57:45","slug":"ups-de-1500-va-1500-w-topologia-linea-interactiva-entrada-120-vca-nema-5-15p-onda-senoidal-pura-torre-o-rack-2-ur-con-8-tomas-nema-5-15r","status":"publish","type":"product","link":"https:\/\/soydeaqui.ddns.net\/pachuca\/index.php\/producto\/ups-de-1500-va-1500-w-topologia-linea-interactiva-entrada-120-vca-nema-5-15p-onda-senoidal-pura-torre-o-rack-2-ur-con-8-tomas-nema-5-15r\/","title":{"rendered":"UPS de 1500 VA\/1500 W, Topolog\u00eda L\u00ednea Interactiva, Entrada 120 Vca NEMA 5-15P, Onda Senoidal Pura, Torre o Rack 2 UR, Con 8 Tomas NEMA 5-15R"},"content":{"rendered":"<div style='width: 100%; max-width: 1200px; margin: 0 auto; font-family: sans-serif; line-height: 1.6; color: inherit; background-color: transparent;'> <!-- Logo --> <\/p>\n<div style='text-align: center; margin: 20px 0;'> <img style='width: 100%; max-width: 600px; height: auto; border: 1px solid rgba(150&comma;150&comma;150&comma;0.3); border-radius: 8px;' src='https:\/\/ftp3.syscom.mx\/usuarios\/fotos\/logotipos\/cyberpower.png' alt=''> <\/div>\n<p> <!-- Descripci\u00f3n principal --> <\/p>\n<div style='margin-bottom: 30px;'>\n<p style='font-size: 15px; margin-bottom: 15px;'>CyberPower PR1500LCDRTXL2U UPS de l\u00ednea interactiva&comma; con onda sinusoidal integrada&comma; proporciona la mejor protecci\u00f3n de energ\u00eda disponible para dispositivos de sistema de oficina&comma; como PC&comma; estaciones de trabajo&comma; dispositivos de red y perif\u00e9ricos. Normalmente se integra en el entorno de back office&comma; sala de servidores y centro de datos.<\/p>\n<p style='font-size: 15px; margin-bottom: 15px;'>El dise\u00f1o convertible en torre le otorga una mayor flexibilidad para la instalaci\u00f3n y operaci\u00f3n en casi cualquier entorno. Se pueden conectar varios sistemas UPS a un \u00fanico interruptor principal de apagado de emergencia (EPO). En caso de una emergencia&comma; los sistemas UPS se pueden apagar inmediatamente con el bot\u00f3n EPO. En cuanto al mantenimiento de la bater\u00eda&comma; el UPS permite el intercambio en caliente de la bater\u00eda&comma; lo que permite a los usuarios realizar el mantenimiento normal de la bater\u00eda sin una interrupci\u00f3n significativa.<\/p>\n<\/p><\/div>\n<p> <!-- Especificaciones t\u00e9cnicas --> <\/p>\n<div style='margin-bottom: 30px;'>\n<h3 style='font-size: 22px; border-bottom: 2px solid currentColor; padding-bottom: 5px; margin-top: 0; color: inherit; opacity: 0.8;'>Especificaciones t\u00e9cnicas:<\/h3>\n<ul style='padding-left: 20px; font-size: 15px; color: inherit; list-style-type: disc;'>\n<li style='margin-bottom: 5px;'>Rango de voltaje de entrada: 80 &#8211; 150 Vca<\/li>\n<li style='margin-bottom: 5px;'>Frecuencia de entrada: 50\/60Hz \u00b1 3Hz<\/li>\n<li style='margin-bottom: 5px; display: flex; align-items: center;'><span>Tipo de enchufe de entrada: NEMA 5-15P<\/span><img style='margin-left: 10px; border: 0px; width: 40px; height: 40px; vertical-align: middle;' src='https:\/\/www.cyberpower.com\/mx\/es\/File\/GetImageByDocId\/GeneralAttribute-235' alt=''><\/li>\n<li style='margin-bottom: 5px;'>Longitud de cable de entrada: 3 m.<\/li>\n<li style='margin-bottom: 5px;'>Salida VA: 1500<\/li>\n<li style='margin-bottom: 5px;'>Watts de salida: 1500<\/li>\n<li style='margin-bottom: 5px;'>Factor de potencia: 1.0<\/li>\n<li style='margin-bottom: 5px; display: flex; align-items: center;'><span>Tomas de salida: 8 NEMA 5-15R<\/span><img style='margin-left: 10px; border: 0px; width: 40px; height: 40px; vertical-align: middle;' src='https:\/\/www.cyberpower.com\/mx\/es\/File\/GetImageByDocId\/GeneralAttribute-238' alt=''><\/li>\n<li style='margin-bottom: 5px;'>Especificaciones de bater\u00eda: 4 x 12V\/9Ah<\/li>\n<li style='margin-bottom: 5px;'>Tiempo de respaldo con media carga (750 W): 14 Minutos<\/li>\n<li style='margin-bottom: 5px;'>Tiempo de respaldo con carga completa (1500 W): 4 Minutos<\/li>\n<li style='margin-bottom: 5px;'>Protecci\u00f3n de picos: 2060 Joules<\/li>\n<li style='margin-bottom: 5px;'>Protecci\u00f3n: RJ11 y RJ45<\/li>\n<li style='margin-bottom: 5px;'>Indicadores: Pantalla LCD de monitoreo<\/li>\n<li style='margin-bottom: 5px;'>Modulo de bater\u00eda extendible: BP48V75ART2U (opcional)<\/li>\n<li style='margin-bottom: 5px;'>Administraci\u00f3n remota SNMP\/HTTP con tarjeta RMCARD205 (opcional)<\/li>\n<li style='margin-bottom: 5px;'>Dimensiones: 572 x 255 x 615 mm (Ancho x Alto X Profundidad)<\/li>\n<li style='margin-bottom: 5px;'>Peso: 37.1 kg<\/li>\n<li style='margin-bottom: 5px;'><strong>(Incluye bater\u00eda)<\/strong><\/li>\n<li style='margin-bottom: 5px;'><strong>NO es compatible con generador de energ\u00eda (plantas de respaldo)<\/strong><\/li>\n<\/ul><\/div>\n<p> <!-- Tarjetas de informaci\u00f3n adicional --> <\/p>\n<div style='display: flex; flex-wrap: wrap; gap: 20px; margin-bottom: 30px;'>\n<div style='flex: 1 1 250px; border: 1px solid rgba(150&comma; 150&comma; 150&comma; 0.4); border-radius: 8px; overflow: hidden; display: flex; flex-direction: column;'>\n<div style='padding: 15px; border-bottom: 1px solid rgba(150&comma; 150&comma; 150&comma; 0.2); font-weight: bold; font-size: 18px; color: inherit;'>Caracter\u00edsticas f\u00edsicas<\/div>\n<div style='padding: 15px; color: inherit;'>\n<ul style='padding-left: 20px; margin: 0; font-size: 14px; list-style-type: disc;'>\n<li style='margin-bottom: 5px;'>Dimensiones: 572 x 255 x 615 mm<\/li>\n<li style='margin-bottom: 5px;'>Peso: 37.1 kg<\/li>\n<li style='margin-bottom: 5px;'>Factor de forma: Torre o Rack 2U<\/li>\n<\/ul><\/div>\n<\/p><\/div>\n<div style='flex: 1 1 250px; border: 1px solid rgba(150&comma; 150&comma; 150&comma; 0.4); border-radius: 8px; overflow: hidden; display: flex; flex-direction: column;'>\n<div style='padding: 15px; border-bottom: 1px solid rgba(150&comma; 150&comma; 150&comma; 0.2); font-weight: bold; font-size: 18px; color: inherit;'>Conexiones<\/div>\n<div style='padding: 15px; color: inherit;'>\n<ul style='padding-left: 20px; margin: 0; font-size: 14px; list-style-type: disc;'>\n<li style='margin-bottom: 5px;'>Entrada: NEMA 5-15P<\/li>\n<li style='margin-bottom: 5px;'>Salida: 8 x NEMA 5-15R<\/li>\n<li style='margin-bottom: 5px;'>Protecci\u00f3n: RJ11 y RJ45<\/li>\n<\/ul><\/div>\n<\/p><\/div>\n<div style='flex: 1 1 250px; border: 1px solid rgba(150&comma; 150&comma; 150&comma; 0.4); border-radius: 8px; overflow: hidden; display: flex; flex-direction: column;'>\n<div style='padding: 15px; border-bottom: 1px solid rgba(150&comma; 150&comma; 150&comma; 0.2); font-weight: bold; font-size: 18px; color: inherit;'>Rendimiento<\/div>\n<div style='padding: 15px; color: inherit;'>\n<ul style='padding-left: 20px; margin: 0; font-size: 14px; list-style-type: disc;'>\n<li style='margin-bottom: 5px;'>Salida: 1500 VA \/ 1500 W<\/li>\n<li style='margin-bottom: 5px;'>Factor de potencia: 1.0<\/li>\n<li style='margin-bottom: 5px;'>Tiempo de respaldo con media carga (750 W): 14 Minutos<\/li>\n<li style='margin-bottom: 5px;'>Tiempo de respaldo con carga completa (1500 W): 4 Minutos<\/li>\n<\/ul><\/div>\n<\/p><\/div>\n<div style='flex: 1 1 250px; border: 1px solid rgba(150&comma; 150&comma; 150&comma; 0.4); border-radius: 8px; overflow: hidden; display: flex; flex-direction: column;'>\n<div style='padding: 15px; border-bottom: 1px solid rgba(150&comma; 150&comma; 150&comma; 0.2); font-weight: bold; font-size: 18px; color: inherit;'>Protecci\u00f3n<\/div>\n<div style='padding: 15px; color: inherit;'>\n<ul style='padding-left: 20px; margin: 0; font-size: 14px; list-style-type: disc;'>\n<li style='margin-bottom: 5px;'>Topolog\u00eda: L\u00ednea Interactiva<\/li>\n<li style='margin-bottom: 5px;'>Onda de salida: Senoidal Pura<\/li>\n<li style='margin-bottom: 5px;'>Protecci\u00f3n de picos: 2060 Joules<\/li>\n<li style='margin-bottom: 5px;'>Protecci\u00f3n contra sobretensiones: S\u00ed<\/li>\n<\/ul><\/div>\n<\/p><\/div>\n<\/p><\/div>\n<p> <!-- Secci\u00f3n de compatibilidad --> <\/p>\n<div style='margin-bottom: 30px;'>\n<h3 style='font-size: 22px; border-bottom: 2px solid currentColor; padding-bottom: 5px; margin-top: 0; color: inherit; opacity: 0.8;'>Compatibilidad y opciones<\/h3>\n<ul style='padding-left: 20px; font-size: 15px; color: inherit; list-style-type: disc;'>\n<li style='margin-bottom: 5px;'>Dise\u00f1o convertible de torre a rack 2U<\/li>\n<li style='margin-bottom: 5px;'>M\u00f3dulo de bater\u00eda extendible: BP48V75ART2U (opcional)<\/li>\n<li style='margin-bottom: 5px;'>Administraci\u00f3n remota SNMP\/HTTP con tarjeta RMCARD205 (opcional)<\/li>\n<li style='margin-bottom: 5px;'>No compatible con generador de energ\u00eda (plantas de respaldo)<\/li>\n<\/ul><\/div>\n<p> <!-- Separador final --> <\/p>\n<hr style='border: 0; border-top: 1px solid rgba(150&comma; 150&comma; 150&comma; 0.3); margin: 30px 0;'> <\/div>\n","protected":false},"excerpt":{"rendered":"<p>UPS de 1500 VA\/1500 W, Topolog\u00eda L\u00ednea Interactiva, Entrada 120 Vca NEMA 5-15P, Onda Senoidal Pura, Torre o Rack 2 UR, Con 8 Tomas NEMA 5-15R<\/p>\n","protected":false},"featured_media":75870,"comment_status":"open","ping_status":"closed","template":"","meta":[],"product_brand":[],"product_cat":[1231],"product_tag":[677,142,1232],"class_list":{"0":"post-75871","1":"product","2":"type-product","3":"status-publish","4":"has-post-thumbnail","6":"product_cat-ups-no-break-energia-videovigilancia","7":"product_tag-cyberpower","8":"product_tag-energia","9":"product_tag-ups-no-break-2","11":"first","12":"outofstock","13":"sale","14":"shipping-taxable","15":"purchasable","16":"product-type-simple"},"_links":{"self":[{"href":"https:\/\/soydeaqui.ddns.net\/pachuca\/index.php\/wp-json\/wp\/v2\/product\/75871","targetHints":{"allow":["GET"]}}],"collection":[{"href":"https:\/\/soydeaqui.ddns.net\/pachuca\/index.php\/wp-json\/wp\/v2\/product"}],"about":[{"href":"https:\/\/soydeaqui.ddns.net\/pachuca\/index.php\/wp-json\/wp\/v2\/types\/product"}],"replies":[{"embeddable":true,"href":"https:\/\/soydeaqui.ddns.net\/pachuca\/index.php\/wp-json\/wp\/v2\/comments?post=75871"}],"wp:featuredmedia":[{"embeddable":true,"href":"https:\/\/soydeaqui.ddns.net\/pachuca\/index.php\/wp-json\/wp\/v2\/media\/75870"}],"wp:attachment":[{"href":"https:\/\/soydeaqui.ddns.net\/pachuca\/index.php\/wp-json\/wp\/v2\/media?parent=75871"}],"wp:term":[{"taxonomy":"product_brand","embeddable":true,"href":"https:\/\/soydeaqui.ddns.net\/pachuca\/index.php\/wp-json\/wp\/v2\/product_brand?post=75871"},{"taxonomy":"product_cat","embeddable":true,"href":"https:\/\/soydeaqui.ddns.net\/pachuca\/index.php\/wp-json\/wp\/v2\/product_cat?post=75871"},{"taxonomy":"product_tag","embeddable":true,"href":"https:\/\/soydeaqui.ddns.net\/pachuca\/index.php\/wp-json\/wp\/v2\/product_tag?post=75871"}],"curies":[{"name":"wp","href":"https:\/\/api.w.org\/{rel}","templated":true}]}}