{"id":75807,"date":"2026-03-19T14:54:59","date_gmt":"2026-03-19T14:54:59","guid":{"rendered":"https:\/\/soydeaqui.ddns.net\/pachuca\/index.php\/producto\/telefono-ip-empresarial-android-para-conferencia-de-6-lineas-y-conferencia-de-7-vias-con-pantalla-tactil\/"},"modified":"2026-03-19T14:55:05","modified_gmt":"2026-03-19T14:55:05","slug":"telefono-ip-empresarial-android-para-conferencia-de-6-lineas-y-conferencia-de-7-vias-con-pantalla-tactil","status":"publish","type":"product","link":"https:\/\/soydeaqui.ddns.net\/pachuca\/index.php\/producto\/telefono-ip-empresarial-android-para-conferencia-de-6-lineas-y-conferencia-de-7-vias-con-pantalla-tactil\/","title":{"rendered":"Tel\u00e9fono IP Empresarial Android para Conferencia de 6 l\u00edneas y conferencia de 7 v\u00edas con pantalla t\u00e1ctil"},"content":{"rendered":"<div style=\"width: 100%; max-width: 1200px; margin: 0 auto; font-family: sans-serif; line-height: 1.6; color: inherit; background-color: transparent;\">\n<div style=\"display: flex; flex-wrap: wrap; gap: 30px; margin-bottom: 30px;\">\n<div style=\"flex: 1 1 300px; min-width: 280px;\">\n<h3 style=\"font-size: 22px; border-bottom: 2px solid currentColor; padding-bottom: 5px; margin-top: 0; color: inherit; opacity: 0.8;\">Descripci&oacute;n<\/h3>\n<p style=\"font-size: 15px; color: inherit;\">El GAC2500 es la soluci&oacute;n ideal para la salas de conferencia&comma; ya que ofrece una excelente calidad de audio a todos los participantes en salas de conferencias&comma; salas de juntas y oficinas. Incluye soporte para 6 l&iacute;neas con hasta 6 cuentas SIP&comma; una pantalla t&aacute;ctil capacitiva de 4.3 pulgadas&comma; Ethernet con velocidad Gigabit&comma; conferencia de voz de 7 v&iacute;as y conexi&oacute;n en cascada.<\/p>\n<p style=\"font-size: 15px; color: inherit;\">El GAC2500 est&aacute; basado en Android y ofrece acceso total a todas las aplicaciones dentro de Google Play Store&comma; incluyendo aplicaciones populares como Skype y Google Hangouts. El GAC2500 proporciona calidad de audio HD&comma; aprovisionamiento automatizado para f&aacute;cil implementaci&oacute;n&comma; protecci&oacute;n de seguridad avanzada para privacidad y amplia interoperabilidad con la mayor&iacute;a de los dispositivos SIP externos y las principales plataformas SIP\/NGN\/IMS.<\/p>\n<\/div>\n<\/div>\n<div style=\"display: flex; flex-wrap: wrap; gap: 20px; margin-bottom: 30px;\">\n<div style=\"flex: 1 1 250px; border: 1px solid rgba(150&comma; 150&comma; 150&comma; 0.4); border-radius: 8px; overflow: hidden; display: flex; flex-direction: column;\">\n<div style=\"padding: 15px; border-bottom: 1px solid rgba(150&comma; 150&comma; 150&comma; 0.2); font-weight: bold; font-size: 18px; color: inherit;\">Principales<\/div>\n<div style=\"padding: 15px; color: inherit;\">\n<ul style=\"padding-left: 20px; margin: 0; font-size: 14px; list-style-type: disc;\">\n<li style=\"margin-bottom: 5px;\">6 l&iacute;neas&comma; 6 cuentas SIP y conferencia de 7 v&iacute;as.<\/li>\n<li style=\"margin-bottom: 5px;\">3 Micr&oacute;fonos cardioides; Distancia de captaci&oacute;n de hasta 4 metros.<\/li>\n<li style=\"margin-bottom: 5px;\">1 Altavoz de 8W con alcance de hasta 5 metros.<\/li>\n<li style=\"margin-bottom: 5px;\">Pantalla t&aacute;ctil LCD 4.3&#39; de 800 x 480.<\/li>\n<li style=\"margin-bottom: 5px;\">Audio HD.<\/li>\n<\/ul>\n<\/div>\n<\/div>\n<div style=\"flex: 1 1 250px; border: 1px solid rgba(150&comma; 150&comma; 150&comma; 0.4); border-radius: 8px; overflow: hidden; display: flex; flex-direction: column;\">\n<div style=\"padding: 15px; border-bottom: 1px solid rgba(150&comma; 150&comma; 150&comma; 0.2); font-weight: bold; font-size: 18px; color: inherit;\">Interfaces<\/div>\n<div style=\"padding: 15px; color: inherit;\">\n<ul style=\"padding-left: 20px; margin: 0; font-size: 14px; list-style-type: disc;\">\n<li style=\"margin-bottom: 5px;\">Wi-Fi 802.11 b\/g\/n.<\/li>\n<li style=\"margin-bottom: 5px;\">Bluetooth 4.0 integrado.<\/li>\n<li style=\"margin-bottom: 5px;\">Puerto Ethernet con detecci&oacute;n autom&aacute;tica y PoE+ integrado (IEEE 802.3at Class4).<\/li>\n<li style=\"margin-bottom: 5px;\">Puerto de audio auxiliar 3.5 mm&comma; USB Micro-B&comma; puerto serial RJ48.<\/li>\n<\/ul>\n<\/div>\n<\/div>\n<div style=\"flex: 1 1 250px; border: 1px solid rgba(150&comma; 150&comma; 150&comma; 0.4); border-radius: 8px; overflow: hidden; display: flex; flex-direction: column;\">\n<div style=\"padding: 15px; border-bottom: 1px solid rgba(150&comma; 150&comma; 150&comma; 0.2); font-weight: bold; font-size: 18px; color: inherit;\">Funciones de telefon&iacute;a<\/div>\n<div style=\"padding: 15px; color: inherit;\">\n<ul style=\"padding-left: 20px; margin: 0; font-size: 14px; list-style-type: disc;\">\n<li style=\"margin-bottom: 5px;\">6 cuentas SIP&comma; retenci&oacute;n&comma; transferencia&comma; desv&iacute;o&comma; conferencia de 7 v&iacute;as&comma; Parqueo de llamadas<\/li>\n<li style=\"margin-bottom: 5px;\">Directorio telef&oacute;nico descargable (XML&comma; LDAP&comma; hasta 2000 contactos)<\/li>\n<li style=\"margin-bottom: 5px;\">Llamada en espera&comma; lista de llamadas (hasta 2000 registros)<\/li>\n<li style=\"margin-bottom: 5px;\">Personalizaci&oacute;n XML de pantalla&comma; contestaci&oacute;n autom&aacute;tica&comma; clic para marcar<\/li>\n<li style=\"margin-bottom: 5px;\">Plan de marcaci&oacute;n flexible&comma; hot desking (estaciones de trabajo compartidas)<\/li>\n<li style=\"margin-bottom: 5px;\">Tono de llamada con m&uacute;sica personalizada y m&uacute;sica en espera<\/li>\n<li style=\"margin-bottom: 5px;\">Redundancia de servidores y conmutaci&oacute;n por error (fail-over)<\/li>\n<\/ul>\n<\/div>\n<\/div>\n<div style=\"flex: 1 1 250px; border: 1px solid rgba(150&comma; 150&comma; 150&comma; 0.4); border-radius: 8px; overflow: hidden; display: flex; flex-direction: column;\">\n<div style=\"padding: 15px; border-bottom: 1px solid rgba(150&comma; 150&comma; 150&comma; 0.2); font-weight: bold; font-size: 18px; color: inherit;\">Aplicaciones de muestra<\/div>\n<div style=\"padding: 15px; color: inherit;\">\n<ul style=\"padding-left: 20px; margin: 0; font-size: 14px; list-style-type: disc;\">\n<li style=\"margin-bottom: 5px;\">Skype<\/li>\n<li style=\"margin-bottom: 5px;\">Google Hangouts<\/li>\n<li style=\"margin-bottom: 5px;\">Skype for Business (Lync)<\/li>\n<li style=\"margin-bottom: 5px;\">Navegador de Internet<\/li>\n<li style=\"margin-bottom: 5px;\">Adobe Flash<\/li>\n<li style=\"margin-bottom: 5px;\">Facebook<\/li>\n<li style=\"margin-bottom: 5px;\">Twitter<\/li>\n<li style=\"margin-bottom: 5px;\">YouTube<\/li>\n<li style=\"margin-bottom: 5px;\">Calendario de Google<\/li>\n<li style=\"margin-bottom: 5px;\">Importaci&oacute;n\/exportaci&oacute;n de datos de tel&eacute;fono m&oacute;vil por medio de Bluetooth<\/li>\n<li style=\"margin-bottom: 5px;\">API\/SDK disponible para el desarrollo avanzado de aplicaciones personalizadas<\/li>\n<\/ul>\n<\/div>\n<\/div>\n<div style=\"flex: 1 1 250px; border: 1px solid rgba(150&comma; 150&comma; 150&comma; 0.4); border-radius: 8px; overflow: hidden; display: flex; flex-direction: column;\">\n<div style=\"padding: 15px; border-bottom: 1px solid rgba(150&comma; 150&comma; 150&comma; 0.2); font-weight: bold; font-size: 18px; color: inherit;\">C&oacute;decs<\/div>\n<div style=\"padding: 15px; color: inherit;\">\n<ul style=\"padding-left: 20px; margin: 0; font-size: 14px; list-style-type: disc;\">\n<li style=\"margin-bottom: 5px;\">G.711&mu;\/a&comma; G.722 (banda ancha)&comma; G.723 (pendiente)&comma; G.726-32&comma; G.729 A\/B<\/li>\n<li style=\"margin-bottom: 5px;\">DTMF en banda y fuera de banda (In audio&comma; RFC2833&comma; SIP INFO)<\/li>\n<li style=\"margin-bottom: 5px;\">VAD&comma; CNG&comma; AEC&comma; PLC&comma; AJB&comma; AGC<\/li>\n<\/ul>\n<\/div>\n<\/div>\n<div style=\"flex: 1 1 250px; border: 1px solid rgba(150&comma; 150&comma; 150&comma; 0.4); border-radius: 8px; overflow: hidden; display: flex; flex-direction: column;\">\n<div style=\"padding: 15px; border-bottom: 1px solid rgba(150&comma; 150&comma; 150&comma; 0.2); font-weight: bold; font-size: 18px; color: inherit;\">Seguridad<\/div>\n<div style=\"padding: 15px; color: inherit;\">\n<ul style=\"padding-left: 20px; margin: 0; font-size: 14px; list-style-type: disc;\">\n<li style=\"margin-bottom: 5px;\">Contrase&ntilde;as a nivel de usuario y administrador<\/li>\n<li style=\"margin-bottom: 5px;\">Autenticaci&oacute;n basada en MD5 y MD5-sess<\/li>\n<li style=\"margin-bottom: 5px;\">Archivo de configuraci&oacute;n cifrado con AES de 256 bits<\/li>\n<li style=\"margin-bottom: 5px;\">TLS&comma; SRTP&comma; HTTPS&comma; 802.1x Media Access Control<\/li>\n<\/ul>\n<\/div>\n<\/div>\n<div style=\"flex: 1 1 250px; border: 1px solid rgba(150&comma; 150&comma; 150&comma; 0.4); border-radius: 8px; overflow: hidden; display: flex; flex-direction: column;\">\n<div style=\"padding: 15px; border-bottom: 1px solid rgba(150&comma; 150&comma; 150&comma; 0.2); font-weight: bold; font-size: 18px; color: inherit;\">Calidad de servicio<\/div>\n<div style=\"padding: 15px; color: inherit;\">\n<ul style=\"padding-left: 20px; margin: 0; font-size: 14px; list-style-type: disc;\">\n<li style=\"margin-bottom: 5px;\">QoS de Capa (802.1Q&comma; 802.1P)<\/li>\n<li style=\"margin-bottom: 5px;\">QoS de Capa 3 (ToS&comma; DiffServ&comma; MPLS)<\/li>\n<\/ul>\n<\/div>\n<\/div>\n<div style=\"flex: 1 1 250px; border: 1px solid rgba(150&comma; 150&comma; 150&comma; 0.4); border-radius: 8px; overflow: hidden; display: flex; flex-direction: column;\">\n<div style=\"padding: 15px; border-bottom: 1px solid rgba(150&comma; 150&comma; 150&comma; 0.2); font-weight: bold; font-size: 18px; color: inherit;\">Lenguajes<\/div>\n<div style=\"padding: 15px; color: inherit;\">\n<ul style=\"padding-left: 20px; margin: 0; font-size: 14px; list-style-type: disc;\">\n<li style=\"margin-bottom: 5px;\">Espa&ntilde;ol<\/li>\n<li style=\"margin-bottom: 5px;\">Ingl&eacute;s<\/li>\n<li style=\"margin-bottom: 5px;\">Alem&aacute;n<\/li>\n<li style=\"margin-bottom: 5px;\">Italiano<\/li>\n<li style=\"margin-bottom: 5px;\">Franc&eacute;s<\/li>\n<li style=\"margin-bottom: 5px;\">Portugu&eacute;s<\/li>\n<li style=\"margin-bottom: 5px;\">Ruso<\/li>\n<li style=\"margin-bottom: 5px;\">Croata<\/li>\n<li style=\"margin-bottom: 5px;\">Chino simplificado y tradicional<\/li>\n<li style=\"margin-bottom: 5px;\">Coreano<\/li>\n<li style=\"margin-bottom: 5px;\">Japon&eacute;s<\/li>\n<\/ul>\n<\/div>\n<\/div>\n<div style=\"flex: 1 1 250px; border: 1px solid rgba(150&comma; 150&comma; 150&comma; 0.4); border-radius: 8px; overflow: hidden; display: flex; flex-direction: column;\">\n<div style=\"padding: 15px; border-bottom: 1px solid rgba(150&comma; 150&comma; 150&comma; 0.2); font-weight: bold; font-size: 18px; color: inherit;\">Protocolos y normas<\/div>\n<div style=\"padding: 15px; color: inherit;\">\n<ul style=\"padding-left: 20px; margin: 0; font-size: 14px; list-style-type: disc;\">\n<li style=\"margin-bottom: 5px;\">FCC: Parte 15 (CFR 47) Clase B<\/li>\n<li style=\"margin-bottom: 5px;\">UL 60950 (adaptador de corriente)<\/li>\n<li style=\"margin-bottom: 5px;\">CE: EN55022 Clase B&comma; EN55024&comma; EN61000-3-2&comma; EN61000-3-3&comma; EN60950-1&comma; EN62479<\/li>\n<li style=\"margin-bottom: 5px;\">RoHS<\/li>\n<li style=\"margin-bottom: 5px;\">RCM: AS\/ACIF S004; AS\/NZS CISPR22\/24; AS\/NZS 60950; AS\/NZS 4268<\/li>\n<\/ul>\n<\/div>\n<\/div>\n<div style=\"flex: 1 1 250px; border: 1px solid rgba(150&comma; 150&comma; 150&comma; 0.4); border-radius: 8px; overflow: hidden; display: flex; flex-direction: column;\">\n<div style=\"padding: 15px; border-bottom: 1px solid rgba(150&comma; 150&comma; 150&comma; 0.2); font-weight: bold; font-size: 18px; color: inherit;\">Conformidad<\/div>\n<div style=\"padding: 15px; color: inherit;\">\n<ul style=\"padding-left: 20px; margin: 0; font-size: 14px; list-style-type: disc;\">\n<li style=\"margin-bottom: 5px;\">FCC: Parte 15 (CFR 47) Clase B<\/li>\n<li style=\"margin-bottom: 5px;\">UL 60950 (adaptador de corriente)<\/li>\n<li style=\"margin-bottom: 5px;\">CE: EN55022 Clase B&comma; EN55024&comma; EN61000-3-2&comma; EN61000-3-3&comma; EN60950-1&comma; EN62479&comma; RoHS<\/li>\n<li style=\"margin-bottom: 5px;\">RCM: AS\/ACIF S004; AS\/NZS CISPR22\/24; AS\/NZS 60950; AS\/NZS 4268<\/li>\n<\/ul>\n<\/div>\n<\/div>\n<div style=\"flex: 1 1 250px; border: 1px solid rgba(150&comma; 150&comma; 150&comma; 0.4); border-radius: 8px; overflow: hidden; display: flex; flex-direction: column;\">\n<div style=\"padding: 15px; border-bottom: 1px solid rgba(150&comma; 150&comma; 150&comma; 0.2); font-weight: bold; font-size: 18px; color: inherit;\">Caracter&iacute;sticas f&iacute;sicas y el&eacute;ctricas<\/div>\n<div style=\"padding: 15px; color: inherit;\">\n<ul style=\"padding-left: 20px; margin: 0; font-size: 14px; list-style-type: disc;\">\n<li style=\"margin-bottom: 5px;\">Fuente de Alimentaci&oacute;n Universal: Entrada:100-240VAC 50-60Hz; Salida:12VDC&comma;2A (24W)<\/li>\n<li style=\"margin-bottom: 5px;\">Dimensiones: 280 x 285 x 60 mm<\/li>\n<li style=\"margin-bottom: 5px;\">Peso: 1.34 kg<\/li>\n<li style=\"margin-bottom: 5px;\">Temperatura de operaci&oacute;n: 0~40&ordm;C<\/li>\n<\/ul>\n<\/div>\n<\/div>\n<div style=\"flex: 1 1 250px; border: 1px solid rgba(150&comma; 150&comma; 150&comma; 0.4); border-radius: 8px; overflow: hidden; display: flex; flex-direction: column;\">\n<div style=\"padding: 15px; border-bottom: 1px solid rgba(150&comma; 150&comma; 150&comma; 0.2); font-weight: bold; font-size: 18px; color: inherit;\">Contenido del paquete<\/div>\n<div style=\"padding: 15px; color: inherit;\">\n<ul style=\"padding-left: 20px; margin: 0; font-size: 14px; list-style-type: disc;\">\n<li style=\"margin-bottom: 5px;\">Tel&eacute;fono GAC2500<\/li>\n<li style=\"margin-bottom: 5px;\">Fuente de alimentaci&oacute;n universal<\/li>\n<li style=\"margin-bottom: 5px;\">Cable de red<\/li>\n<li style=\"margin-bottom: 5px;\">Cable USB<\/li>\n<li style=\"margin-bottom: 5px;\">Cable de cascada RJ48<\/li>\n<li style=\"margin-bottom: 5px;\">Gu&iacute;a de Instalaci&oacute;n R&aacute;pida<\/li>\n<\/ul>\n<\/div>\n<\/div>\n<\/div>\n<div style=\"display: flex; flex-wrap: wrap; gap: 30px; margin-bottom: 30px;\">\n<div style=\"flex: 1 1 300px; min-width: 280px;\">\n<h3 style=\"font-size: 22px; border-bottom: 2px solid currentColor; padding-bottom: 5px; margin-top: 0; color: inherit; opacity: 0.8;\">Recursos multimedia<\/h3>\n<div style=\"margin-bottom: 30px;\">\n<div style=\"position: relative; padding-bottom: 56.25%; height: 0; overflow: hidden; margin-bottom: 30px;\"> <\/div>\n<div style=\"position: relative; padding-bottom: 56.25%; height: 0; overflow: hidden; margin-bottom: 30px;\"> <\/div>\n<\/div>\n<\/div>\n<div style=\"flex: 1 1 300px; min-width: 280px;\">\n<h3 style=\"font-size: 22px; border-bottom: 2px solid currentColor; padding-bottom: 5px; margin-top: 0; color: inherit; opacity: 0.8;\">Im&aacute;genes del producto<\/h3>\n<div style=\"display: flex; flex-direction: column; gap: 15px;\"><img decoding=\"async\" style=\"width: 100%; height: auto; border: 1px solid rgba(150&comma; 150&comma; 150&comma; 0.3); border-radius: 8px;\" src=\"http:\/\/ftp3.syscom.mx\/usuarios\/fotos\/GAC2500\/84361-gac2500_front.png\" alt=\"\" class=\"fr-fil fr-dib\">&nbsp;<img decoding=\"async\" style=\"width: 100%; height: auto; border: 1px solid rgba(150&comma; 150&comma; 150&comma; 0.3); border-radius: 8px;\" src=\"http:\/\/ftp3.syscom.mx\/usuarios\/fotos\/GAC2500\/84361-gac2500_top.png\" alt=\"\" class=\"fr-fil fr-dib\"><\/div>\n<\/div>\n<\/div>\n<\/div>\n","protected":false},"excerpt":{"rendered":"<p>Tel\u00e9fono IP Empresarial Android para Conferencia de 6 l\u00edneas y conferencia de 7 v\u00edas con pantalla t\u00e1ctil<\/p>\n","protected":false},"featured_media":75806,"comment_status":"open","ping_status":"closed","template":"","meta":[],"product_brand":[],"product_cat":[2003],"product_tag":[909,2005,2004],"class_list":{"0":"post-75807","1":"product","2":"type-product","3":"status-publish","4":"has-post-thumbnail","6":"product_cat-telefonos-ip","7":"product_tag-grandstream","8":"product_tag-telefonos-ip","9":"product_tag-voip-telefonia-ip-videoconferencia","11":"first","12":"outofstock","13":"sale","14":"shipping-taxable","15":"purchasable","16":"product-type-simple"},"_links":{"self":[{"href":"https:\/\/soydeaqui.ddns.net\/pachuca\/index.php\/wp-json\/wp\/v2\/product\/75807","targetHints":{"allow":["GET"]}}],"collection":[{"href":"https:\/\/soydeaqui.ddns.net\/pachuca\/index.php\/wp-json\/wp\/v2\/product"}],"about":[{"href":"https:\/\/soydeaqui.ddns.net\/pachuca\/index.php\/wp-json\/wp\/v2\/types\/product"}],"replies":[{"embeddable":true,"href":"https:\/\/soydeaqui.ddns.net\/pachuca\/index.php\/wp-json\/wp\/v2\/comments?post=75807"}],"wp:featuredmedia":[{"embeddable":true,"href":"https:\/\/soydeaqui.ddns.net\/pachuca\/index.php\/wp-json\/wp\/v2\/media\/75806"}],"wp:attachment":[{"href":"https:\/\/soydeaqui.ddns.net\/pachuca\/index.php\/wp-json\/wp\/v2\/media?parent=75807"}],"wp:term":[{"taxonomy":"product_brand","embeddable":true,"href":"https:\/\/soydeaqui.ddns.net\/pachuca\/index.php\/wp-json\/wp\/v2\/product_brand?post=75807"},{"taxonomy":"product_cat","embeddable":true,"href":"https:\/\/soydeaqui.ddns.net\/pachuca\/index.php\/wp-json\/wp\/v2\/product_cat?post=75807"},{"taxonomy":"product_tag","embeddable":true,"href":"https:\/\/soydeaqui.ddns.net\/pachuca\/index.php\/wp-json\/wp\/v2\/product_tag?post=75807"}],"curies":[{"name":"wp","href":"https:\/\/api.w.org\/{rel}","templated":true}]}}