{"id":75775,"date":"2026-03-19T14:53:43","date_gmt":"2026-03-19T14:53:43","guid":{"rendered":"https:\/\/soydeaqui.ddns.net\/pachuca\/index.php\/producto\/n009045d001a-antena-ap-60-grados-900-mhz-13-dbi\/"},"modified":"2026-03-19T14:53:44","modified_gmt":"2026-03-19T14:53:44","slug":"n009045d001a-antena-ap-60-grados-900-mhz-13-dbi","status":"publish","type":"product","link":"https:\/\/soydeaqui.ddns.net\/pachuca\/index.php\/producto\/n009045d001a-antena-ap-60-grados-900-mhz-13-dbi\/","title":{"rendered":"N009045D001A &#8211; Antena AP (60 grados), 900 MHz, 13 dBi"},"content":{"rendered":"<div style='width: 100%; max-width: 1200px; margin: 0 auto; font-family: sans-serif; line-height: 1.6; color: inherit; background-color: transparent;'> <!-- Secci\u00f3n de caracter\u00edsticas principales --> <\/p>\n<div style='display: flex; flex-wrap: wrap; gap: 30px; margin-bottom: 30px;'>\n<div style='flex: 1 1 300px; min-width: 280px;'>\n<h3 style='font-size: 22px; border-bottom: 2px solid currentColor; padding-bottom: 5px; margin-top: 0; color: inherit; opacity: 0.8;'>Caracter\u00edsticas Principales<\/h3>\n<ul style='padding-left: 20px; font-size: 15px; color: inherit;'>\n<li style='margin-bottom: 5px;'><strong>Frecuencia de operaci\u00f3n:<\/strong> 900-930 MHz<\/li>\n<li style='margin-bottom: 5px;'><strong>Ganancia de antena:<\/strong> 13 dBi<\/li>\n<li style='margin-bottom: 5px;'><strong>Resistencia al viento:<\/strong> 210 km\/h<\/li>\n<li style='margin-bottom: 5px;'><strong>Temperatura de operaci\u00f3n:<\/strong> -40~+65\u00b0C<\/li>\n<li style='margin-bottom: 5px;'><strong>Tama\u00f1o de la caja:<\/strong> 910 x 345 x 220 mm<\/li>\n<\/ul><\/div>\n<\/p><\/div>\n<p> <!-- Secci\u00f3n de datos el\u00e9ctricos --> <\/p>\n<div style='display: flex; flex-wrap: wrap; gap: 20px; margin-bottom: 30px;'>\n<div style='flex: 1 1 250px; border: 1px solid rgba(150&comma; 150&comma; 150&comma; 0.4); border-radius: 8px; overflow: hidden; display: flex; flex-direction: column;'>\n<div style='padding: 15px; border-bottom: 1px solid rgba(150&comma; 150&comma; 150&comma; 0.2); font-weight: bold; font-size: 18px; color: inherit;'>Datos El\u00e9ctricos<\/div>\n<div style='padding: 15px; color: inherit;'>\n<ul style='padding-left: 20px; margin: 0; font-size: 14px; list-style-type: disc;'>\n<li style='margin-bottom: 5px;'><strong>Frecuencia:<\/strong> 900-930 MHz<\/li>\n<li style='margin-bottom: 5px;'><strong>Ganancia:<\/strong> 13 dBi<\/li>\n<li style='margin-bottom: 5px;'><strong>VSWR:<\/strong> <1.7:1<\/li>\n<li style='margin-bottom: 5px;'><strong>Polarizaci\u00f3n:<\/strong> Dual slant&comma; \u00b145\u00b0<\/li>\n<li style='margin-bottom: 5px;'><strong>Apertura horizontal:<\/strong> 65\u00b0<\/li>\n<li style='margin-bottom: 5px;'><strong>Apertura vertical:<\/strong> 23\u00b0<\/li>\n<li style='margin-bottom: 5px;'><strong>Relaci\u00f3n Front-to-back:<\/strong> >30dB<\/li>\n<li style='margin-bottom: 5px;'><strong>Aislamiento:<\/strong> >30dB<\/li>\n<li style='margin-bottom: 5px;'><strong>Relaci\u00f3n de cruce polar:<\/strong> >15dB (\u00b160\u00b0\u226510)<\/li>\n<li style='margin-bottom: 5px;'><strong>Impedancia:<\/strong> 50 Ohms<\/li>\n<li style='margin-bottom: 5px;'><strong>Potencia m\u00e1xima de entrada:<\/strong> 100W<\/li>\n<li style='margin-bottom: 5px;'><strong>Protecci\u00f3n contra rayos:<\/strong> DC Ground<\/li>\n<\/ul><\/div>\n<\/p><\/div>\n<\/p><\/div>\n<p> <!-- Secci\u00f3n de datos mec\u00e1nicos --> <\/p>\n<div style='display: flex; flex-wrap: wrap; gap: 20px; margin-bottom: 30px;'>\n<div style='flex: 1 1 250px; border: 1px solid rgba(150&comma; 150&comma; 150&comma; 0.4); border-radius: 8px; overflow: hidden; display: flex; flex-direction: column;'>\n<div style='padding: 15px; border-bottom: 1px solid rgba(150&comma; 150&comma; 150&comma; 0.2); font-weight: bold; font-size: 18px; color: inherit;'>Datos Mec\u00e1nicos<\/div>\n<div style='padding: 15px; color: inherit;'>\n<ul style='padding-left: 20px; margin: 0; font-size: 14px; list-style-type: disc;'>\n<li style='margin-bottom: 5px;'><strong>Conectores:<\/strong> 2*N Hembra<\/li>\n<li style='margin-bottom: 5px;'><strong>Posici\u00f3n de conectores:<\/strong> Inferior<\/li>\n<li style='margin-bottom: 5px;'><strong>Dimensiones:<\/strong> 880*288*132mm<\/li>\n<li style='margin-bottom: 5px;'><strong>Dimensiones en pulgadas:<\/strong> 34.6*11.3*5.2 pulgadas<\/li>\n<li style='margin-bottom: 5px;'><strong>Peso:<\/strong> 8.5kg\/18.7lb<\/li>\n<li style='margin-bottom: 5px;'><strong>Material:<\/strong> PVC con protecci\u00f3n UV<\/li>\n<li style='margin-bottom: 5px;'><strong>M\u00e9todo de montaje:<\/strong> M\u00e1stil<\/li>\n<li style='margin-bottom: 5px;'><strong>Tama\u00f1o del m\u00e1stil:<\/strong> \u00d830-\u00d8120mm<\/li>\n<li style='margin-bottom: 5px;'><strong>Velocidad de viento nominal:<\/strong> 210km\/h<\/li>\n<li style='margin-bottom: 5px;'><strong>Temperatura de operaci\u00f3n:<\/strong> -40~+65\u00b0C<\/li>\n<\/ul><\/div>\n<\/p><\/div>\n<\/p><\/div>\n<p> <!-- Secci\u00f3n de datos de env\u00edo --> <\/p>\n<div style='display: flex; flex-wrap: wrap; gap: 20px; margin-bottom: 30px;'>\n<div style='flex: 1 1 250px; border: 1px solid rgba(150&comma; 150&comma; 150&comma; 0.4); border-radius: 8px; overflow: hidden; display: flex; flex-direction: column;'>\n<div style='padding: 15px; border-bottom: 1px solid rgba(150&comma; 150&comma; 150&comma; 0.2); font-weight: bold; font-size: 18px; color: inherit;'>Datos de Env\u00edo<\/div>\n<div style='padding: 15px; color: inherit;'>\n<ul style='padding-left: 20px; margin: 0; font-size: 14px; list-style-type: disc;'>\n<li style='margin-bottom: 5px;'><strong>Cantidad por caja:<\/strong> 1 pc\/Carton<\/li>\n<li style='margin-bottom: 5px;'><strong>Tama\u00f1o de caja:<\/strong> 910*345*220mm<\/li>\n<li style='margin-bottom: 5px;'><strong>Tama\u00f1o de caja en pulgadas:<\/strong> 35.8*13.6*8.7 pulgadas<\/li>\n<li style='margin-bottom: 5px;'><strong>Peso del empaque:<\/strong> 9.9kg\/21.8lb<\/li>\n<\/ul><\/div>\n<\/p><\/div>\n<\/p><\/div>\n<p> <!-- Secci\u00f3n de accesorios --> <\/p>\n<div style='display: flex; flex-wrap: wrap; gap: 20px; margin-bottom: 30px;'>\n<div style='flex: 1 1 250px; border: 1px solid rgba(150&comma; 150&comma; 150&comma; 0.4); border-radius: 8px; overflow: hidden; display: flex; flex-direction: column;'>\n<div style='padding: 15px; border-bottom: 1px solid rgba(150&comma; 150&comma; 150&comma; 0.2); font-weight: bold; font-size: 18px; color: inherit;'>Accesorios<\/div>\n<div style='padding: 15px; color: inherit;'>\n<ul style='padding-left: 20px; margin: 0; font-size: 14px; list-style-type: disc;'>\n<li style='margin-bottom: 5px;'>4*Tornillo M10x120<\/li>\n<li style='margin-bottom: 5px;'>6*Tornillo M10x120<\/li>\n<li style='margin-bottom: 5px;'>M\u00e1stil (\u00d830-\u00d8120mm)<\/li>\n<li style='margin-bottom: 5px;'>2*Placa de montaje<\/li>\n<li style='margin-bottom: 5px;'>4*Tuerca M10<\/li>\n<li style='margin-bottom: 5px;'>Radio<\/li>\n<\/ul><\/div>\n<\/p><\/div>\n<\/p><\/div>\n<p> <!-- Separador --> <\/p>\n<hr style='border: 0; border-top: 1px solid rgba(150&comma; 150&comma; 150&comma; 0.3); margin: 30px 0;'> <\/div>\n","protected":false},"excerpt":{"rendered":"<p>N009045D001A &#8211; Antena AP (60 grados), 900 MHz, 13 dBi<\/p>\n","protected":false},"featured_media":75774,"comment_status":"open","ping_status":"closed","template":"","meta":[],"product_brand":[],"product_cat":[1895],"product_tag":[1404,1316,1896],"class_list":{"0":"post-75775","1":"product","2":"type-product","3":"status-publish","4":"has-post-thumbnail","6":"product_cat-sectoriales","7":"product_tag-antenas","8":"product_tag-cambium-networks","9":"product_tag-sectoriales","11":"first","12":"outofstock","13":"sale","14":"shipping-taxable","15":"purchasable","16":"product-type-simple"},"_links":{"self":[{"href":"https:\/\/soydeaqui.ddns.net\/pachuca\/index.php\/wp-json\/wp\/v2\/product\/75775","targetHints":{"allow":["GET"]}}],"collection":[{"href":"https:\/\/soydeaqui.ddns.net\/pachuca\/index.php\/wp-json\/wp\/v2\/product"}],"about":[{"href":"https:\/\/soydeaqui.ddns.net\/pachuca\/index.php\/wp-json\/wp\/v2\/types\/product"}],"replies":[{"embeddable":true,"href":"https:\/\/soydeaqui.ddns.net\/pachuca\/index.php\/wp-json\/wp\/v2\/comments?post=75775"}],"wp:featuredmedia":[{"embeddable":true,"href":"https:\/\/soydeaqui.ddns.net\/pachuca\/index.php\/wp-json\/wp\/v2\/media\/75774"}],"wp:attachment":[{"href":"https:\/\/soydeaqui.ddns.net\/pachuca\/index.php\/wp-json\/wp\/v2\/media?parent=75775"}],"wp:term":[{"taxonomy":"product_brand","embeddable":true,"href":"https:\/\/soydeaqui.ddns.net\/pachuca\/index.php\/wp-json\/wp\/v2\/product_brand?post=75775"},{"taxonomy":"product_cat","embeddable":true,"href":"https:\/\/soydeaqui.ddns.net\/pachuca\/index.php\/wp-json\/wp\/v2\/product_cat?post=75775"},{"taxonomy":"product_tag","embeddable":true,"href":"https:\/\/soydeaqui.ddns.net\/pachuca\/index.php\/wp-json\/wp\/v2\/product_tag?post=75775"}],"curies":[{"name":"wp","href":"https:\/\/api.w.org\/{rel}","templated":true}]}}