{"id":75740,"date":"2026-03-19T14:52:20","date_gmt":"2026-03-19T14:52:20","guid":{"rendered":"https:\/\/soydeaqui.ddns.net\/pachuca\/index.php\/producto\/multicontacto-con-supresor-de-picos-voltaje-de-entrada-125-vca-nema-5-15p-con-7-salidas-nema-5-15r-1950-joules-proteccion-rj11-y-coaxial-rg6\/"},"modified":"2026-03-19T14:52:32","modified_gmt":"2026-03-19T14:52:32","slug":"multicontacto-con-supresor-de-picos-voltaje-de-entrada-125-vca-nema-5-15p-con-7-salidas-nema-5-15r-1950-joules-proteccion-rj11-y-coaxial-rg6","status":"publish","type":"product","link":"https:\/\/soydeaqui.ddns.net\/pachuca\/index.php\/producto\/multicontacto-con-supresor-de-picos-voltaje-de-entrada-125-vca-nema-5-15p-con-7-salidas-nema-5-15r-1950-joules-proteccion-rj11-y-coaxial-rg6\/","title":{"rendered":"Multicontacto Con Supresor de Picos, Voltaje de Entrada 125 Vca NEMA 5-15P, Con 7 Salidas NEMA 5-15R, 1950 Joules, Protecci\u00f3n RJ11 y Coaxial RG6"},"content":{"rendered":"<div style='width: 100%; max-width: 1200px; margin: 0 auto; font-family: sans-serif; line-height: 1.6; color: inherit; background-color: transparent;'>\n<div style='display: flex; flex-wrap: wrap; gap: 30px; margin-bottom: 30px;'>\n<div style='flex: 1 1 300px; min-width: 280px;'>\n<h3 style='font-size: 22px; border-bottom: 2px solid currentColor; padding-bottom: 5px; margin-top: 0; color: inherit; opacity: 0.8;'>Caracter\u00edsticas<\/h3>\n<p style='font-size: 15px; color: inherit;'>CyberPower CSHT706TC protege los equipos conectados contra sobretensiones y picos. El protector contra sobretensiones de cine en casa incluye salidas protegidas contra sobretensiones para distribuir energ\u00eda a m\u00faltiples dispositivos. El producto tambi\u00e9n est\u00e1 equipado con protecci\u00f3n coaxial (RG6) para proteger los cables de TV y protecci\u00f3n de l\u00ednea de datos para proteger dispositivos de telecomunicaciones como tel\u00e9fonos&comma; faxes&comma; m\u00f3dems y m\u00e1s.<\/p>\n<p style='font-size: 15px; color: inherit;'>El protector es adecuado para aplicaciones de cine en casa&comma; como sistemas de juegos&comma; televisores LCD&comma; reproductores de Blu-Ray&comma; parlantes de audio&comma; reproductores de CD \/ DVD&comma; amplificadores&comma; dispositivos multimedia&comma; computadoras personales y m\u00e1s.<\/p>\n<p style='font-size: 15px; color: inherit;'>El protector contra sobretensiones del sistema de cine en casa est\u00e1 dise\u00f1ado con tecnolog\u00eda de varistores de \u00f3xido de metal (MOV) para absorber el sobrevoltaje causado por tormentas y rayos&comma; por lo tanto&comma; ofrece protecci\u00f3n para equipos y dispositivos. El producto tambi\u00e9n proporciona protecci\u00f3n de sobrecarga&comma; filtros de ruido y protecci\u00f3n de grado de computadora para proteger los dispositivos conectados.<\/p>\n<\/p><\/div>\n<div style='flex: 1 1 300px; min-width: 280px;'>\n<h3 style='font-size: 22px; border-bottom: 2px solid currentColor; padding-bottom: 5px; margin-top: 0; color: inherit; opacity: 0.8;'>Especificaciones T\u00e9cnicas<\/h3>\n<ul style='padding-left: 20px; font-size: 15px; color: inherit;'>\n<li style='margin-bottom: 5px;'><strong>Voltaje de Entrada:<\/strong> 125 Vca<\/li>\n<li style='margin-bottom: 5px;'><strong>Tipo de Entrada:<\/strong> NEMA 5-15P<\/li>\n<li style='margin-bottom: 5px;'><strong>Longitud del cable:<\/strong> 1.8 metros<\/li>\n<li style='margin-bottom: 5px;'><strong>Voltaje de Salida:<\/strong> 125 Vca<\/li>\n<li style='margin-bottom: 5px;'><strong>Tipos de Salidas:<\/strong> (7) NEMA 5-15R<\/li>\n<li style='margin-bottom: 5px;'><strong>Salidas protegidas:<\/strong> 7<\/li>\n<li style='margin-bottom: 5px;'><strong>Supresi\u00f3n de sobretensiones (Joules):<\/strong> 1950<\/li>\n<li style='margin-bottom: 5px;'><strong>Protecci\u00f3n contra sobretensiones (Amp):<\/strong> 15<\/li>\n<li style='margin-bottom: 5px;'><strong>Tensi\u00f3n de sobretensi\u00f3n m\u00e1xima (Vca):<\/strong> 6000<\/li>\n<li style='margin-bottom: 5px;'><strong>Filtraci\u00f3n EMI y RFI (s.f.):<\/strong> 150KHz ~ 100MHz<\/li>\n<li style='margin-bottom: 5px;'><strong>Tiempo de respuesta (ns):<\/strong> < 1<\/li>\n<li style='margin-bottom: 5px;'><strong>Atenuaci\u00f3n (dB):<\/strong> Arriba de 43 dB<\/li>\n<li style='margin-bottom: 5px;'><strong>Protecci\u00f3n tel\u00e9fonico RJ11:<\/strong> 1 entrada&comma; 2 salidas<\/li>\n<li style='margin-bottom: 5px;'><strong>Protecci\u00f3n coaxial RG6:<\/strong> 1 entrada&comma; 1 salida<\/li>\n<\/ul><\/div>\n<div style='flex: 1 1 300px; min-width: 280px;'>\n<h3 style='font-size: 22px; border-bottom: 2px solid currentColor; padding-bottom: 5px; margin-top: 0; color: inherit; opacity: 0.8;'>Conectores<\/h3>\n<div style='display: flex; flex-direction: column; gap: 15px;'>\n<div style='display: flex; align-items: center; gap: 10px;'> <img style='width: 40px; height: 40px; border: 1px solid rgba(150&comma;150&comma;150&comma;0.3); border-radius: 8px;' src='https:\/\/www.cyberpower.com\/mx\/es\/File\/GetImageByDocId\/GeneralAttribute-235' alt='Conector NEMA 5-15P' \/> <span style='color: inherit;'>Conector de entrada NEMA 5-15P<\/span> <\/div>\n<div style='display: flex; align-items: center; gap: 10px;'> <img style='width: 40px; height: 40px; border: 1px solid rgba(150&comma;150&comma;150&comma;0.3); border-radius: 8px;' src='https:\/\/www.cyberpower.com\/mx\/es\/File\/GetImageByDocId\/GeneralAttribute-238' alt='Conector NEMA 5-15R' \/> <span style='color: inherit;'>Conector de salida NEMA 5-15R<\/span> <\/div>\n<\/p><\/div>\n<\/p><\/div>\n<\/p><\/div>\n<div style='display: flex; flex-wrap: wrap; gap: 20px; margin-bottom: 30px;'>\n<div style='flex: 1 1 250px; border: 1px solid rgba(150&comma; 150&comma; 150&comma; 0.4); border-radius: 8px; overflow: hidden; display: flex; flex-direction: column;'>\n<div style='padding: 15px; border-bottom: 1px solid rgba(150&comma; 150&comma; 150&comma; 0.2); font-weight: bold; font-size: 18px; color: inherit;'>Protecci\u00f3n<\/div>\n<div style='padding: 15px; color: inherit;'>\n<ul style='padding-left: 20px; margin: 0; font-size: 14px; list-style-type: disc;'>\n<li style='margin-bottom: 5px;'>Protecci\u00f3n contra sobretensiones<\/li>\n<li style='margin-bottom: 5px;'>Filtros de ruido EMI\/RFI<\/li>\n<li style='margin-bottom: 5px;'>Protecci\u00f3n de sobrecarga<\/li>\n<li style='margin-bottom: 5px;'>Protecci\u00f3n de grado de computadora<\/li>\n<li style='margin-bottom: 5px;'>Protecci\u00f3n coaxial RG6<\/li>\n<li style='margin-bottom: 5px;'>Protecci\u00f3n tel\u00e9fonico RJ11<\/li>\n<\/ul><\/div>\n<\/p><\/div>\n<div style='flex: 1 1 250px; border: 1px solid rgba(150&comma; 150&comma; 150&comma; 0.4); border-radius: 8px; overflow: hidden; display: flex; flex-direction: column;'>\n<div style='padding: 15px; border-bottom: 1px solid rgba(150&comma; 150&comma; 150&comma; 0.2); font-weight: bold; font-size: 18px; color: inherit;'>Caracter\u00edsticas El\u00e9ctricas<\/div>\n<div style='padding: 15px; color: inherit;'>\n<ul style='padding-left: 20px; margin: 0; font-size: 14px; list-style-type: disc;'>\n<li style='margin-bottom: 5px;'>Voltaje de Entrada: 125 Vca<\/li>\n<li style='margin-bottom: 5px;'>Voltaje de Salida: 125 Vca<\/li>\n<li style='margin-bottom: 5px;'>Supresi\u00f3n de sobretensiones: 1950 Joules<\/li>\n<li style='margin-bottom: 5px;'>Protecci\u00f3n contra sobretensiones: 15 Amp<\/li>\n<li style='margin-bottom: 5px;'>Tensi\u00f3n de sobretensi\u00f3n m\u00e1xima: 6000 Vca<\/li>\n<\/ul><\/div>\n<\/p><\/div>\n<div style='flex: 1 1 250px; border: 1x solid rgba(150&comma; 150&comma; 150&comma; 0.4); border-radius: 8px; overflow: hidden; display: flex; flex-direction: column;'>\n<div style='padding: 15px; border-bottom: 1px solid rgba(150&comma; 150&comma; 150&comma; 0.2); font-weight: bold; font-size: 18px; color: inherit;'>Conectividad<\/div>\n<div style='padding: 15px; color: inherit;'>\n<ul style='padding-left: 20px; margin: 0; font-size: 14px; list-style-type: disc;'>\n<li style='margin-bottom: 5px;'>Entrada: 1 x NEMA 5-15P<\/li>\n<li style='margin-bottom: 5px;'>Salidas: 7 x NEMA 5-15R<\/li>\n<li style='margin-bottom: 5px;'>Protecci\u00f3n tel\u00e9fonico RJ11: 1 entrada&comma; 2 salidas<\/li>\n<li style='margin-bottom: 5px;'>Protecci\u00f3n coaxial RG6: 1 entrada&comma; 1 salida<\/li>\n<li style='margin-bottom: 5px;'>Longitud del cable: 1.8 metros<\/li>\n<\/ul><\/div>\n<\/p><\/div>\n<\/p><\/div>\n<div style='display: flex; justify-content: center; margin-bottom: 30px;'> <img style='width: 100%; max-width: 600px; height: auto; border: 1px solid rgba(150&comma;150&comma;150&comma;0.3); border-radius: 8px;' src='https:\/\/ftp3.syscom.mx\/usuarios\/fotos\/logotipos\/cyberpower.png' alt='Logo CyberPower' \/> <\/div>\n<\/p><\/div>\n","protected":false},"excerpt":{"rendered":"<p>Multicontacto Con Supresor de Picos, Voltaje de Entrada 125 Vca NEMA 5-15P, Con 7 Salidas NEMA 5-15R, 1950 Joules, Protecci\u00f3n RJ11 y Coaxial RG6<\/p>\n","protected":false},"featured_media":75739,"comment_status":"open","ping_status":"closed","template":"","meta":[],"product_brand":[],"product_cat":[532],"product_tag":[677,533,62],"class_list":{"0":"post-75740","1":"product","2":"type-product","3":"status-publish","4":"has-post-thumbnail","6":"product_cat-todos-proteccion-contra-sobretensiones","7":"product_tag-cyberpower","8":"product_tag-proteccion-contra-sobretensiones","9":"product_tag-todos","11":"first","12":"outofstock","13":"sale","14":"shipping-taxable","15":"purchasable","16":"product-type-simple"},"_links":{"self":[{"href":"https:\/\/soydeaqui.ddns.net\/pachuca\/index.php\/wp-json\/wp\/v2\/product\/75740","targetHints":{"allow":["GET"]}}],"collection":[{"href":"https:\/\/soydeaqui.ddns.net\/pachuca\/index.php\/wp-json\/wp\/v2\/product"}],"about":[{"href":"https:\/\/soydeaqui.ddns.net\/pachuca\/index.php\/wp-json\/wp\/v2\/types\/product"}],"replies":[{"embeddable":true,"href":"https:\/\/soydeaqui.ddns.net\/pachuca\/index.php\/wp-json\/wp\/v2\/comments?post=75740"}],"wp:featuredmedia":[{"embeddable":true,"href":"https:\/\/soydeaqui.ddns.net\/pachuca\/index.php\/wp-json\/wp\/v2\/media\/75739"}],"wp:attachment":[{"href":"https:\/\/soydeaqui.ddns.net\/pachuca\/index.php\/wp-json\/wp\/v2\/media?parent=75740"}],"wp:term":[{"taxonomy":"product_brand","embeddable":true,"href":"https:\/\/soydeaqui.ddns.net\/pachuca\/index.php\/wp-json\/wp\/v2\/product_brand?post=75740"},{"taxonomy":"product_cat","embeddable":true,"href":"https:\/\/soydeaqui.ddns.net\/pachuca\/index.php\/wp-json\/wp\/v2\/product_cat?post=75740"},{"taxonomy":"product_tag","embeddable":true,"href":"https:\/\/soydeaqui.ddns.net\/pachuca\/index.php\/wp-json\/wp\/v2\/product_tag?post=75740"}],"curies":[{"name":"wp","href":"https:\/\/api.w.org\/{rel}","templated":true}]}}