{"id":75617,"date":"2026-03-19T14:47:30","date_gmt":"2026-03-19T14:47:30","guid":{"rendered":"https:\/\/soydeaqui.ddns.net\/pachuca\/index.php\/producto\/paquete-de-software-de-administracion-x-smart-incluye-1-servidor-y-1-cliente\/"},"modified":"2026-03-19T14:47:31","modified_gmt":"2026-03-19T14:47:31","slug":"paquete-de-software-de-administracion-x-smart-incluye-1-servidor-y-1-cliente","status":"publish","type":"product","link":"https:\/\/soydeaqui.ddns.net\/pachuca\/index.php\/producto\/paquete-de-software-de-administracion-x-smart-incluye-1-servidor-y-1-cliente\/","title":{"rendered":"Paquete de software de administraci\u00f3n X-SMART, incluye 1 Servidor y 1 cliente"},"content":{"rendered":"<div style='width: 100%; max-width: 1200px; margin: 0 auto; font-family: sans-serif; line-height: 1.6; color: inherit; background-color: transparent;'>\n<div style='display: flex; flex-wrap: wrap; gap: 30px; margin-bottom: 30px;'>\n<div style='flex: 1 1 300px; min-width: 280px;'>\n<h3 style='font-size: 22px; border-bottom: 2px solid currentColor; padding-bottom: 5px; margin-top: 0; color: inherit; opacity: 0.8;'>Caracter\u00edsticas Principales<\/h3>\n<ul style='padding-left: 20px; font-size: 15px; color: inherit;'>\n<li style='margin-bottom: 5px;'>Gesti\u00f3n flexible de permisos de operaci\u00f3n<\/li>\n<li style='margin-bottom: 5px;'>Soporta m\u00faltiples modos de operaci\u00f3n de difusi\u00f3n<\/li>\n<li style='margin-bottom: 5px;'>Detecci\u00f3n de fallos con informaci\u00f3n detallada<\/li>\n<li style='margin-bottom: 5px;'>Visualizaci\u00f3n de red como mapa interactivo<\/li>\n<li style='margin-bottom: 5px;'>Almacenamiento de registros de eventos y errores<\/li>\n<\/ul><\/div>\n<div style='flex: 1 1 300px; min-width: 280px;'>\n<h3 style='font-size: 22px; border-bottom: 2px solid currentColor; padding-bottom: 5px; margin-top: 0; color: inherit; opacity: 0.8;'>Capacidades de Gesti\u00f3n<\/h3>\n<ul style='padding-left: 20px; font-size: 15px; color: inherit;'>\n<li style='margin-bottom: 5px;'><strong>Paquete XSPT900:<\/strong> Incluye 1 servidor y 1 interfaz de cliente<\/li>\n<li style='margin-bottom: 5px;'><strong>Proyectos peque\u00f1os\/medianos:<\/strong> Hasta 20 DCS<\/li>\n<li style='margin-bottom: 5px;'><strong>Canales de audio:<\/strong> 20 canales m\u00e1ximos (5 para alarmas de incendio&comma; 15 para anuncios)<\/li>\n<\/ul><\/div>\n<\/p><\/div>\n<div style='display: flex; flex-wrap: wrap; gap: 20px; margin-bottom: 30px;'>\n<div style='flex: 1 1 250px; border: 1px solid rgba(150&comma; 150&comma; 150&comma; 0.4); border-radius: 8px; overflow: hidden; display: flex; flex-direction: column;'>\n<div style='padding: 15px; border-bottom: 1px solid rgba(150&comma; 150&comma; 150&comma; 0.2); font-weight: bold; font-size: 18px; color: inherit;'>Funcionalidades<\/div>\n<div style='padding: 15px; color: inherit;'>\n<ul style='padding-left: 20px; margin: 0; font-size: 14px; list-style-type: disc;'>\n<li style='margin-bottom: 5px;'>Gesti\u00f3n centralizada de dispositivos<\/li>\n<li style='margin-bottom: 5px;'>Supervisi\u00f3n del estado del sistema<\/li>\n<li style='margin-bottom: 5px;'>Reproducci\u00f3n de audio a trav\u00e9s de red Ethernet<\/li>\n<li style='margin-bottom: 5px;'>Soporta copias de seguridad de datos<\/li>\n<\/ul><\/div>\n<\/p><\/div>\n<div style='flex: 1 1 250px; border: 1px solid rgba(150&comma; 150&comma; 150&comma; 0.4); border-radius: 8px; overflow: hidden; display: flex; flex-direction: column;'>\n<div style='padding: 15px; border-bottom: 1px solid rgba(150&comma; 150&comma; 150&comma; 0.2); font-weight: bold; font-size: 18px; color: inherit;'>Aplicaciones<\/div>\n<div style='padding: 15px; color: inherit;'>\n<ul style='padding-left: 20px; margin: 0; font-size: 14px; list-style-type: disc;'>\n<li style='margin-bottom: 5px;'>Sistemas de megafon\u00eda digital<\/li>\n<li style='margin-bottom: 5px;'>Sistemas de alarma de voz<\/li>\n<li style='margin-bottom: 5px;'>Gesti\u00f3n de anuncios y alarmas<\/li>\n<li style='margin-bottom: 5px;'>Supervisi\u00f3n de dispositivos en red<\/li>\n<\/ul><\/div>\n<\/p><\/div>\n<\/p><\/div>\n<hr style='border: 0; border-top: 1px solid rgba(150&comma; 150&comma; 150&comma; 0.3); margin: 30px 0;'>\n<div style='display: flex; flex-wrap: wrap; gap: 30px;'>\n<div style='flex: 1 1 300px; min-width: 280px;'>\n<h3 style='font-size: 22px; border-bottom: 2px solid currentColor; padding-bottom: 5px; margin-top: 0; color: inherit; opacity: 0.8;'>Capacidades del Paquete XSPT900<\/h3>\n<ul style='padding-left: 20px; font-size: 15px; color: inherit;'>\n<li style='margin-bottom: 5px;'><strong>Composici\u00f3n:<\/strong> 1 servidor y 1 cliente<\/li>\n<li style='margin-bottom: 5px;'><strong>Dispositivos:<\/strong> Hasta 20 DCSs<\/li>\n<li style='margin-bottom: 5px;'><strong>Canales de audio:<\/strong> 20 canales m\u00e1ximos<\/li>\n<li style='margin-bottom: 5px;'><strong>Canales de alarma:<\/strong> 5 canales para alarmas de incendio<\/li>\n<li style='margin-bottom: 5px;'><strong>Canales normales:<\/strong> 15 canales para anuncios<\/li>\n<\/ul><\/div>\n<div style='flex: 1 1 300px; min-width: 280px;'>\n<h3 style='font-size: 22px; border-bottom: 2px solid currentColor; padding-bottom: 5px; margin-top: 0; color: inherit; opacity: 0.8;'>Comparaci\u00f3n de Versiones<\/h3>\n<ul style='padding-left: 20px; font-size: 15px; color: inherit;'>\n<li style='margin-bottom: 5px;'><strong>Versi\u00f3n peque\u00f1a\/media:<\/strong> Hasta 20 DCSs&comma; 20 canales<\/li>\n<li style='margin-bottom: 5px;'><strong>Versi\u00f3n grande:<\/strong> Hasta 250 DCSs&comma; 60 canales<\/li>\n<\/ul><\/div>\n<\/p><\/div>\n<\/p><\/div>\n","protected":false},"excerpt":{"rendered":"<p>Paquete de software de administraci\u00f3n X-SMART, incluye 1 Servidor y 1 cliente<\/p>\n","protected":false},"featured_media":75616,"comment_status":"open","ping_status":"closed","template":"","meta":[],"product_brand":[],"product_cat":[208],"product_tag":[209,2099,109],"class_list":{"0":"post-75617","1":"product","2":"type-product","3":"status-publish","4":"has-post-thumbnail","6":"product_cat-honeywell","7":"product_tag-honeywell","8":"product_tag-honeywell-pava","9":"product_tag-megafonia-y-audioevacuacion","11":"first","12":"instock","13":"sale","14":"shipping-taxable","15":"purchasable","16":"product-type-simple"},"_links":{"self":[{"href":"https:\/\/soydeaqui.ddns.net\/pachuca\/index.php\/wp-json\/wp\/v2\/product\/75617","targetHints":{"allow":["GET"]}}],"collection":[{"href":"https:\/\/soydeaqui.ddns.net\/pachuca\/index.php\/wp-json\/wp\/v2\/product"}],"about":[{"href":"https:\/\/soydeaqui.ddns.net\/pachuca\/index.php\/wp-json\/wp\/v2\/types\/product"}],"replies":[{"embeddable":true,"href":"https:\/\/soydeaqui.ddns.net\/pachuca\/index.php\/wp-json\/wp\/v2\/comments?post=75617"}],"wp:featuredmedia":[{"embeddable":true,"href":"https:\/\/soydeaqui.ddns.net\/pachuca\/index.php\/wp-json\/wp\/v2\/media\/75616"}],"wp:attachment":[{"href":"https:\/\/soydeaqui.ddns.net\/pachuca\/index.php\/wp-json\/wp\/v2\/media?parent=75617"}],"wp:term":[{"taxonomy":"product_brand","embeddable":true,"href":"https:\/\/soydeaqui.ddns.net\/pachuca\/index.php\/wp-json\/wp\/v2\/product_brand?post=75617"},{"taxonomy":"product_cat","embeddable":true,"href":"https:\/\/soydeaqui.ddns.net\/pachuca\/index.php\/wp-json\/wp\/v2\/product_cat?post=75617"},{"taxonomy":"product_tag","embeddable":true,"href":"https:\/\/soydeaqui.ddns.net\/pachuca\/index.php\/wp-json\/wp\/v2\/product_tag?post=75617"}],"curies":[{"name":"wp","href":"https:\/\/api.w.org\/{rel}","templated":true}]}}