{"id":7535,"date":"2026-03-18T06:57:36","date_gmt":"2026-03-18T06:57:36","guid":{"rendered":"https:\/\/soydeaqui.ddns.net\/pachuca\/index.php\/producto\/aislador-de-color-azul-para-postes-de-esquina-de-alta-resistencia-con-anti-uv-de-uso-en-cercos-electricos\/"},"modified":"2026-03-18T06:57:38","modified_gmt":"2026-03-18T06:57:38","slug":"aislador-de-color-azul-para-postes-de-esquina-de-alta-resistencia-con-anti-uv-de-uso-en-cercos-electricos","status":"publish","type":"product","link":"https:\/\/soydeaqui.ddns.net\/pachuca\/index.php\/producto\/aislador-de-color-azul-para-postes-de-esquina-de-alta-resistencia-con-anti-uv-de-uso-en-cercos-electricos\/","title":{"rendered":"Aislador de color Azul para postes de esquina de alta Resistencia con Anti UV de uso en cercos el\u00e9ctricos"},"content":{"rendered":"<div style='width: 100%; max-width: 1200px; margin: 0 auto; font-family: sans-serif; line-height: 1.6; color: inherit; background-color: transparent;'>\n<div style='display: flex; flex-wrap: wrap; gap: 30px; margin-bottom: 30px;'>\n<div style='flex: 1 1 300px; min-width: 280px;'>\n<h3 style='font-size: 22px; border-bottom: 2px solid currentColor; padding-bottom: 5px; margin-top: 0; color: inherit; opacity: 0.8;'>Caracter\u00edsticas Principales<\/h3>\n<ul style='padding-left: 20px; font-size: 15px; color: inherit;'>\n<li style='margin-bottom: 5px;'>Alta resistencia a climas extremos<\/li>\n<li style='margin-bottom: 5px;'>Resistencia mec\u00e1nica de 7.5 hasta 10.2 kg<\/li>\n<li style='margin-bottom: 5px;'>Protecci\u00f3n contra rayos UV&comma; agua y polvo<\/li>\n<li style='margin-bottom: 5px;'>Aislamiento hasta 18 kV m\u00e1xima<\/li>\n<li style='margin-bottom: 5px;'>Resistencia diel\u00e9ctrica y flexibilidad superior<\/li>\n<\/ul><\/div>\n<div style='flex: 1 1 300px; min-width: 280px;'>\n<h3 style='font-size: 22px; border-bottom: 2px solid currentColor; padding-bottom: 5px; margin-top: 0; color: inherit; opacity: 0.8;'>Especificaciones T\u00e9cnicas<\/h3>\n<ul style='padding-left: 20px; font-size: 15px; color: inherit;'>\n<li style='margin-bottom: 5px;'><strong>Material:<\/strong> Resinas 100% virgenes de primera calidad<\/li>\n<li style='margin-bottom: 5px;'><strong>Resistencia t\u00e9rmica:<\/strong> Alta<\/li>\n<li style='margin-bottom: 5px;'><strong>Resistencia qu\u00edmica:<\/strong> Alta<\/li>\n<li style='margin-bottom: 5px;'><strong>Resistencia a la fatiga:<\/strong> Alta<\/li>\n<li style='margin-bottom: 5px;'><strong>Dureza y rigidez:<\/strong> Alta<\/li>\n<li style='margin-bottom: 5px;'><strong>Ductilidad a baja temperatura:<\/strong> Alta<\/li>\n<li style='margin-bottom: 5px;'><strong>Resistencia al impacto:<\/strong> Alta<\/li>\n<li style='margin-bottom: 5px;'><strong>Protecci\u00f3n UV:<\/strong> S\u00ed<\/li>\n<\/ul><\/div>\n<div style='flex: 1 1 300px; min-width: 280px;'>\n<h3 style='font-size: 22px; border-bottom: 2px solid currentColor; padding-bottom: 5px; margin-top: 0; color: inherit; opacity: 0.8;'>Caracter\u00edsticas F\u00edsicas<\/h3>\n<ul style='padding-left: 20px; font-size: 15px; color: inherit;'>\n<li style='margin-bottom: 5px;'><strong>Color:<\/strong> Negro\/Blanco<\/li>\n<li style='margin-bottom: 5px;'><strong>Peso:<\/strong> 23.2 \u00b10.5 gramos<\/li>\n<li style='margin-bottom: 5px;'><strong>Dimensiones:<\/strong> 66mm x 31.6mm<\/li>\n<li style='margin-bottom: 5px;'><strong>Contenido del empaque:<\/strong> Bolsa con 100 unidades<\/li>\n<\/ul><\/div>\n<\/p><\/div>\n<div style='display: flex; flex-wrap: wrap; gap: 20px; margin-bottom: 30px;'>\n<div style='flex: 1 1 250px; border: 1px solid rgba(150&comma; 150&comma; 150&comma; 0.4); border-radius: 8px; overflow: hidden; display: flex; flex-direction: column;'>\n<div style='padding: 15px; border-bottom: 1px solid rgba(150&comma; 150&comma; 150&comma; 0.2); font-weight: bold; font-size: 18px; color: inherit;'>Aplicaciones<\/div>\n<div style='padding: 15px; color: inherit;'>\n<ul style='padding-left: 20px; margin: 0; font-size: 14px; list-style-type: disc;'>\n<li style='margin-bottom: 5px;'>Cercos el\u00e9ctricos de alta seguridad<\/li>\n<li style='margin-bottom: 5px;'>Sistemas de contenci\u00f3n de ganado<\/li>\n<li style='margin-bottom: 5px;'>Instalaciones agr\u00edcolas<\/li>\n<li style='margin-bottom: 5px;'>Per\u00edmetros residenciales<\/li>\n<\/ul><\/div>\n<\/p><\/div>\n<div style='flex: 1 1 250px; border: 1px solid rgba(150&comma; 150&comma; 150&comma; 0.4); border-radius: 8px; overflow: hidden; display: flex; flex-direction: column;'>\n<div style='padding: 15px; border-bottom: 1px solid rgba(150&comma; 150&comma; 150&comma; 0.2); font-weight: bold; font-size: 18px; color: inherit;'>Normativas<\/div>\n<div style='padding: 15px; color: inherit;'>\n<ul style='padding-left: 20px; margin: 0; font-size: 14px; list-style-type: disc;'>\n<li style='margin-bottom: 5px;'>Fracci\u00f3n arancelaria: 85472099<\/li>\n<\/ul><\/div>\n<\/p><\/div>\n<\/p><\/div>\n<div style='display: flex; flex-wrap: wrap; gap: 20px; margin-bottom: 30px;'>\n<div style='flex: 1 1 100%;'>\n<h3 style='font-size: 22px; border-bottom: 2px solid currentColor; padding-bottom: 5px; margin-top: 0; color: inherit; opacity: 0.8;'>Descripci\u00f3n del Producto<\/h3>\n<p style='font-size: 15px; color: inherit; margin-top: 0;'>Nuestros aisladores est\u00e1n fabricados con resinas 100% virgenes de primera calidad&comma; dise\u00f1ados para soportar condiciones extremas de operaci\u00f3n. Su dise\u00f1o especial permite una f\u00e1cil instalaci\u00f3n en postes de esquina&comma; ofreciendo una soluci\u00f3n duradera y confiable para sistemas de cercos el\u00e9ctricos.<\/p>\n<\/p><\/div>\n<\/p><\/div>\n<div style='display: flex; flex-wrap: wrap; gap: 20px; margin-bottom: 30px;'>\n<div style='flex: 1 1 100%;'>\n<p style='text-align: center; margin: 0;'><img style='width: 100%; height: auto; border: 1px solid rgba(150&comma;150&comma;150&comma;0.3); border-radius: 8px;' src='https:\/\/ftp3.syscom.mx\/usuarios\/vvega\/sfire\/sfesquinero.jpg' alt=''><\/p>\n<\/p><\/div>\n<\/p><\/div>\n<\/p><\/div>\n","protected":false},"excerpt":{"rendered":"<p>Aislador de color Azul para postes de esquina de alta Resistencia con Anti UV de uso en cercos el\u00e9ctricos<\/p>\n","protected":false},"featured_media":7534,"comment_status":"open","ping_status":"closed","template":"","meta":[],"product_brand":[],"product_cat":[387],"product_tag":[82,388,79],"class_list":{"0":"post-7535","1":"product","2":"type-product","3":"status-publish","4":"has-post-thumbnail","6":"product_cat-postes","7":"product_tag-cercas-electricas","8":"product_tag-postes","9":"product_tag-sfire","11":"first","12":"instock","13":"sale","14":"shipping-taxable","15":"purchasable","16":"product-type-simple"},"_links":{"self":[{"href":"https:\/\/soydeaqui.ddns.net\/pachuca\/index.php\/wp-json\/wp\/v2\/product\/7535","targetHints":{"allow":["GET"]}}],"collection":[{"href":"https:\/\/soydeaqui.ddns.net\/pachuca\/index.php\/wp-json\/wp\/v2\/product"}],"about":[{"href":"https:\/\/soydeaqui.ddns.net\/pachuca\/index.php\/wp-json\/wp\/v2\/types\/product"}],"replies":[{"embeddable":true,"href":"https:\/\/soydeaqui.ddns.net\/pachuca\/index.php\/wp-json\/wp\/v2\/comments?post=7535"}],"wp:featuredmedia":[{"embeddable":true,"href":"https:\/\/soydeaqui.ddns.net\/pachuca\/index.php\/wp-json\/wp\/v2\/media\/7534"}],"wp:attachment":[{"href":"https:\/\/soydeaqui.ddns.net\/pachuca\/index.php\/wp-json\/wp\/v2\/media?parent=7535"}],"wp:term":[{"taxonomy":"product_brand","embeddable":true,"href":"https:\/\/soydeaqui.ddns.net\/pachuca\/index.php\/wp-json\/wp\/v2\/product_brand?post=7535"},{"taxonomy":"product_cat","embeddable":true,"href":"https:\/\/soydeaqui.ddns.net\/pachuca\/index.php\/wp-json\/wp\/v2\/product_cat?post=7535"},{"taxonomy":"product_tag","embeddable":true,"href":"https:\/\/soydeaqui.ddns.net\/pachuca\/index.php\/wp-json\/wp\/v2\/product_tag?post=7535"}],"curies":[{"name":"wp","href":"https:\/\/api.w.org\/{rel}","templated":true}]}}