{"id":75165,"date":"2026-03-19T14:29:26","date_gmt":"2026-03-19T14:29:26","guid":{"rendered":"https:\/\/soydeaqui.ddns.net\/pachuca\/index.php\/producto\/protector-para-linea-telefonica-rj-11-tecnologia-sasd-1100-592-1\/"},"modified":"2026-03-19T14:29:31","modified_gmt":"2026-03-19T14:29:31","slug":"protector-para-linea-telefonica-rj-11-tecnologia-sasd-1100-592-1","status":"publish","type":"product","link":"https:\/\/soydeaqui.ddns.net\/pachuca\/index.php\/producto\/protector-para-linea-telefonica-rj-11-tecnologia-sasd-1100-592-1\/","title":{"rendered":"Protector Para L\u00ednea Telef\u00f3nica RJ-11 Tecnolog\u00eda SASD (1100-592-1)"},"content":{"rendered":"<div style='width: 100%; max-width: 1200px; margin: 0 auto; font-family: sans-serif; line-height: 1.6; color: inherit; background-color: transparent;'> <!-- Secci\u00f3n de descripci\u00f3n general --> <\/p>\n<div style='display: flex; flex-wrap: wrap; gap: 30px; margin-bottom: 30px;'>\n<div style='flex: 1 1 300px; min-width: 280px;'>\n<h3 style='font-size: 22px; border-bottom: 2px solid currentColor; padding-bottom: 5px; margin-top: 0; color: inherit; opacity: 0.8;'>Descripci\u00f3n General<\/h3>\n<p style='font-size: 15px; color: inherit;'> El supresor de picos TSJ6A es un dispositivo de alta corriente de estado s\u00f3lido dise\u00f1ado para proteger equipos de sobrevoltajes transitorios sobre l\u00edneas telef\u00f3nicas con conectores RJ-11 usando los pines 3 y 4. Proporciona protecci\u00f3n continua bipolar y bidireccional sin interrupci\u00f3n. <\/p>\n<p style='font-size: 15px; color: inherit;'> El dispositivo se instala en serie con la carga a proteger y cuenta con un cable de 12&#8242; para conectar a tierra el sistema (requerido para una supresi\u00f3n adecuada). Utiliza diodos supresores de avalancha de silicio como su \u00fanica tecnolog\u00eda de supresi\u00f3n y se reinicia autom\u00e1ticamente despu\u00e9s de cada evento sin degradaci\u00f3n de sus capacidades. <\/p>\n<\/p><\/div>\n<\/p><\/div>\n<p> <!-- Secci\u00f3n de especificaciones t\u00e9cnicas --> <\/p>\n<div style='display: flex; flex-wrap: wrap; gap: 20px; margin-bottom: 30px;'>\n<div style='flex: 1 1 250px; border: 1px solid rgba(150&comma; 150&comma; 150&comma; 0.4); border-radius: 8px; overflow: hidden; display: flex; flex-direction: column;'>\n<div style='padding: 15px; border-bottom: 1px solid rgba(150&comma; 150&comma; 150&comma; 0.2); font-weight: bold; font-size: 18px; color: inherit;'>Especificaciones El\u00e9ctricas<\/div>\n<div style='padding: 15px; color: inherit;'>\n<ul style='padding-left: 20px; margin: 0; font-size: 14px; list-style-type: disc;'>\n<li style='margin-bottom: 5px;'><strong>Voltaje m\u00e1ximo de operaci\u00f3n continua:<\/strong> 160V pico<\/li>\n<li style='margin-bottom: 5px;'><strong>Tipo de conector:<\/strong> RJ-11<\/li>\n<li style='margin-bottom: 5px;'><strong>Pines protegidos:<\/strong> 3 y 4<\/li>\n<li style='margin-bottom: 5px;'><strong>Pines pasantes:<\/strong> 2 y 5<\/li>\n<li style='margin-bottom: 5px;'><strong>Tiempo de respuesta:<\/strong> <5ns<\/li>\n<\/ul><\/div>\n<\/p><\/div>\n<div style='flex: 1 1 250px; border: 1px solid rgba(150&comma; 150&comma; 150&comma; 0.4); border-radius: 8px; overflow: hidden; display: flex; flex-direction: column;'>\n<div style='padding: 15px; border-bottom: 1px solid rgba(150&comma; 150&comma; 150&comma; 0.2); font-weight: bold; font-size: 18px; color: inherit;'>Caracter\u00edsticas de Protecci\u00f3n<\/div>\n<div style='padding: 15px; color: inherit;'>\n<ul style='padding-left: 20px; margin: 0; font-size: 14px; list-style-type: disc;'>\n<li style='margin-bottom: 5px;'><strong>Voltaje de activaci\u00f3n:<\/strong> ~192V @ 5mA<\/li>\n<li style='margin-bottom: 5px;'><strong>Nivel m\u00e1ximo de protecci\u00f3n (10\/1000\u00b5s):<\/strong> 264V @45A<\/li>\n<li style='margin-bottom: 5px;'><strong>Nivel m\u00e1ximo de protecci\u00f3n (8\/20\u00b5s):<\/strong> 344V @400A<\/li>\n<li style='margin-bottom: 5px;'><strong>Impedancia en serie:<\/strong> 33 Ohms<\/li>\n<li style='margin-bottom: 5px;'><strong>Fuga m\u00e1xima:<\/strong> 5\u00b5A<\/li>\n<\/ul><\/div>\n<\/p><\/div>\n<div style='flex: 1 1 250px; border: 1px solid rgba(150&comma; 150&comma; 150&comma; 0.4); border-radius: 8px; overflow: hidden; display: flex; flex-direction: column;'>\n<div style='padding: 15px; border-bottom: 1px solid rgba(150&comma; 150&comma; 150&comma; 0.2); font-weight: bold; font-size: 18px; color: inherit;'>Especificaciones Mec\u00e1nicas y Ambientales<\/div>\n<div style='padding: 15px; color: inherit;'>\n<ul style='padding-left: 20px; margin: 0; font-size: 14px; list-style-type: disc;'>\n<li style='margin-bottom: 5px;'><strong>Dimensiones:<\/strong> 2.2&#8242; x 2.2&#8242; x 0.89&#8242; (5.6 x 5.6 x 2.26 cm)<\/li>\n<li style='margin-bottom: 5px;'><strong>Peso:<\/strong> 0.15 lb (0.068 kg)<\/li>\n<li style='margin-bottom: 5px;'><strong>Temperatura operaci\u00f3n\/almacenamiento:<\/strong> -30\u00ba a +65\u00baC<\/li>\n<li style='margin-bottom: 5px;'><strong>Humedad relativa:<\/strong> 90%<\/li>\n<li style='margin-bottom: 5px;'><strong>Clasificaci\u00f3n de flamabilidad:<\/strong> UL 94-V0<\/li>\n<\/ul><\/div>\n<\/p><\/div>\n<\/p><\/div>\n<p> <!-- Secci\u00f3n de aplicaciones --> <\/p>\n<div style='display: flex; flex-wrap: wrap; gap: 30px; margin-bottom: 30px;'>\n<div style='flex: 1 1 300px; min-width: 280px;'>\n<h3 style='font-size: 22px; border-bottom: 2px solid currentColor; padding-bottom: 5px; margin-top: 0; color: inherit; opacity: 0.8;'>Aplicaciones<\/h3>\n<ul style='padding-left: 20px; font-size: 15px; color: inherit;'>\n<li style='margin-bottom: 5px;'>Protecci\u00f3n de l\u00edneas telef\u00f3nicas RJ-11<\/li>\n<li style='margin-bottom: 5px;'>Protecci\u00f3n de l\u00edneas ADSL<\/li>\n<li style='margin-bottom: 5px;'>Protecci\u00f3n contra sobrevoltajes transitorios<\/li>\n<\/ul><\/div>\n<\/p><\/div>\n<p> <!-- Secci\u00f3n de informaci\u00f3n adicional --> <\/p>\n<div style='display: flex; flex-wrap: wrap; gap: 30px; margin-bottom: 30px;'>\n<div style='flex: 1 1 300px; min-width: 280px;'>\n<h3 style='font-size: 22px; border-bottom: 2px solid currentColor; padding-bottom: 5px; margin-top: 0; color: inherit; opacity: 0.8;'>Informaci\u00f3n de Instalaci\u00f3n<\/h3>\n<ul style='padding-left: 20px; font-size: 15px; color: inherit;'>\n<li style='margin-bottom: 5px;'>Conector RJ-11 hembra (entrada desde la l\u00ednea)<\/li>\n<li style='margin-bottom: 5px;'>Conector RJ-11 macho (salida hacia el equipo)<\/li>\n<li style='margin-bottom: 5px;'>Cable de tierra verde 20 AWG (debe conectarse al mismo sistema de tierra del equipo protegido)<\/li>\n<li style='margin-bottom: 5px;'>Recomendaci\u00f3n: Acortar el cable de tierra al m\u00e1ximo para una supresi\u00f3n \u00f3ptima<\/li>\n<\/ul><\/div>\n<\/p><\/div>\n<p> <!-- Separador --> <\/p>\n<hr style='border: 0; border-top: 1px solid rgba(150&comma; 150&comma; 150&comma; 0.3); margin: 30px 0;'> <!-- Secci\u00f3n de garant\u00eda --> <\/p>\n<div style='display: flex; flex-wrap: wrap; gap: 30px; margin-bottom: 30px;'>\n<div style='flex: 1 1 300px; min-width: 280px;'>\n<h3 style='font-size: 22px; border-bottom: 2px solid currentColor; padding-bottom: 5px; margin-top: 0; color: inherit; opacity: 0.8;'>Garant\u00eda<\/h3>\n<p style='font-size: 15px; color: inherit; margin: 0;'>1 A\u00f1o de garant\u00eda<\/p>\n<\/p><\/div>\n<\/p><\/div>\n<\/p><\/div>\n","protected":false},"excerpt":{"rendered":"<p>Protector Para L\u00ednea Telef\u00f3nica RJ-11 Tecnolog\u00eda SASD (1100-592-1)<\/p>\n","protected":false},"featured_media":75164,"comment_status":"open","ping_status":"closed","template":"","meta":[],"product_brand":[],"product_cat":[532],"product_tag":[533,62,546],"class_list":{"0":"post-75165","1":"product","2":"type-product","3":"status-publish","4":"has-post-thumbnail","6":"product_cat-todos-proteccion-contra-sobretensiones","7":"product_tag-proteccion-contra-sobretensiones","8":"product_tag-todos","9":"product_tag-transtector","11":"first","12":"instock","13":"sale","14":"shipping-taxable","15":"purchasable","16":"product-type-simple"},"_links":{"self":[{"href":"https:\/\/soydeaqui.ddns.net\/pachuca\/index.php\/wp-json\/wp\/v2\/product\/75165","targetHints":{"allow":["GET"]}}],"collection":[{"href":"https:\/\/soydeaqui.ddns.net\/pachuca\/index.php\/wp-json\/wp\/v2\/product"}],"about":[{"href":"https:\/\/soydeaqui.ddns.net\/pachuca\/index.php\/wp-json\/wp\/v2\/types\/product"}],"replies":[{"embeddable":true,"href":"https:\/\/soydeaqui.ddns.net\/pachuca\/index.php\/wp-json\/wp\/v2\/comments?post=75165"}],"wp:featuredmedia":[{"embeddable":true,"href":"https:\/\/soydeaqui.ddns.net\/pachuca\/index.php\/wp-json\/wp\/v2\/media\/75164"}],"wp:attachment":[{"href":"https:\/\/soydeaqui.ddns.net\/pachuca\/index.php\/wp-json\/wp\/v2\/media?parent=75165"}],"wp:term":[{"taxonomy":"product_brand","embeddable":true,"href":"https:\/\/soydeaqui.ddns.net\/pachuca\/index.php\/wp-json\/wp\/v2\/product_brand?post=75165"},{"taxonomy":"product_cat","embeddable":true,"href":"https:\/\/soydeaqui.ddns.net\/pachuca\/index.php\/wp-json\/wp\/v2\/product_cat?post=75165"},{"taxonomy":"product_tag","embeddable":true,"href":"https:\/\/soydeaqui.ddns.net\/pachuca\/index.php\/wp-json\/wp\/v2\/product_tag?post=75165"}],"curies":[{"name":"wp","href":"https:\/\/api.w.org\/{rel}","templated":true}]}}