{"id":75091,"date":"2026-03-19T14:26:24","date_gmt":"2026-03-19T14:26:24","guid":{"rendered":"https:\/\/soydeaqui.ddns.net\/pachuca\/index.php\/producto\/estacion-base-grado-industrial-pmp-450i-conectorizada-para-multipunto-ip67-ultra-baja-latencia-y-filtro-dinamico-contra-interferencia-4900-5925-mhz-pn-c050045a001a\/"},"modified":"2026-03-19T14:26:36","modified_gmt":"2026-03-19T14:26:36","slug":"estacion-base-grado-industrial-pmp-450i-conectorizada-para-multipunto-ip67-ultra-baja-latencia-y-filtro-dinamico-contra-interferencia-4900-5925-mhz-pn-c050045a001a","status":"publish","type":"product","link":"https:\/\/soydeaqui.ddns.net\/pachuca\/index.php\/producto\/estacion-base-grado-industrial-pmp-450i-conectorizada-para-multipunto-ip67-ultra-baja-latencia-y-filtro-dinamico-contra-interferencia-4900-5925-mhz-pn-c050045a001a\/","title":{"rendered":"Estaci\u00f3n base grado industrial PMP 450i conectorizada, para multipunto, IP67, ultra baja latencia y filtro din\u00e1mico contra interferencia, 4900-5925 MHz, (PN: C050045A001A)"},"content":{"rendered":"<div style='width: 100%; max-width: 1200px; margin: 0 auto; font-family: sans-serif; line-height: 1.6; color: inherit; background-color: transparent;'> <!-- T\u00edtulo principal --> <\/p>\n<div style='margin-bottom: 30px;'>\n<h2 style='font-size: 24px; margin: 0 0 20px 0; color: inherit; font-weight: bold; border-bottom: 2px solid rgba(150&comma;150&comma;150&comma;0.3); padding-bottom: 10px;'>PMP 450i Lo \u00faltimo en rendimiento Punto-a-Multipunto<\/h2>\n<\/p><\/div>\n<p> <!-- Imagen principal --> <\/p>\n<div style='margin-bottom: 30px;'> <img style='width: 100%; height: auto; border: 1px solid rgba(150&comma;150&comma;150&comma;0.3); border-radius: 8px; display: block; margin: 0 auto;' src='https:\/\/cdn.cambiumnetworks.com\/wp-content\/uploads\/2019\/12\/pmp450-img2-580x387.jpg' alt=''> <\/div>\n<p> <!-- Descripci\u00f3n general --> <\/p>\n<div style='margin-bottom: 30px;'>\n<p>La plataforma PMP 450 proporciona conectividad inal\u00e1mbrica de alto rendimiento rentable para operadores de red de cualquier tama\u00f1o.<\/p>\n<p>Construidos sobre la arquitectura avanzada de FPGA y SoC&comma; los AP PMP 450 utilizan el algoritmo de programaci\u00f3n \/ MAC patentado de Cambium Networks para permitir el uso altamente eficiente de espectro limitado y asignaci\u00f3n m\u00e1xima de ancho de banda&comma; soportando grandes cantidades de suscriptores por sector con latencia m\u00ednima. La reutilizaci\u00f3n de frecuencia a trav\u00e9s de la sincronizaci\u00f3n GPS permite una reutilizaci\u00f3n eficiente del espectro en toda la red. Los AP PMP 450&comma; y la plataforma PMP 450 en general&comma; ofrecen un amplio conjunto de caracter\u00edsticas que incluyen amplias capacidades de administraci\u00f3n de L2&comma; ancho y espaciado de canales altamente configurables y una gran cantidad de otros par\u00e1metros.<\/p>\n<p>Adem\u00e1s&comma; el PMP 450i integra un filtro de interferencia din\u00e1mico y recintos met\u00e1licos resistentes dise\u00f1ados para cumplir con los est\u00e1ndares IP-67 para soportar entornos hostiles.<\/p>\n<\/p><\/div>\n<p> <!-- Secci\u00f3n de caracter\u00edsticas principales --> <\/p>\n<div style='display: flex; flex-wrap: wrap; gap: 30px; margin-bottom: 30px;'>\n<div style='flex: 1 1 300px; min-width: 280px;'>\n<h3 style='font-size: 22px; border-bottom: 2px solid currentColor; padding-bottom: 5px; margin-top: 0; color: inherit; opacity: 0.8;'>Modo de operaci\u00f3n<\/h3>\n<ul style='padding-left: 20px; font-size: 15px; color: inherit;'>\n<li style='margin-bottom: 5px;'>Access Point Punto-a-Multipunto<\/li>\n<li style='margin-bottom: 5px;'>Soporta hasta 238 suscriptores<\/li>\n<\/ul><\/div>\n<\/p><\/div>\n<p> <!-- Secci\u00f3n de cards con especificaciones --> <\/p>\n<div style='display: flex; flex-wrap: wrap; gap: 20px; margin-bottom: 30px;'>\n<div style='flex: 1 1 250px; border: 1px solid rgba(150&comma; 150&comma; 150&comma; 0.4); border-radius: 8px; overflow: hidden; display: flex; flex-direction: column;'>\n<div style='padding: 15px; border-bottom: 1px solid rgba(150&comma; 150&comma; 150&comma; 0.2); font-weight: bold; font-size: 18px; color: inherit;'>Caracter\u00edsticas principales<\/div>\n<div style='padding: 15px; color: inherit;'>\n<ul style='padding-left: 20px; margin: 0; font-size: 14px; list-style-type: disc;'>\n<li style='margin-bottom: 5px;'>Filtro din\u00e1mico contra interferencia; ayuda a solo escuchar la se\u00f1al deseada.<\/li>\n<li style='margin-bottom: 5px;'>Latencia de 3-5 ms&comma; 3 veces menor que equipos de otros fabricantes.<\/li>\n<li style='margin-bottom: 5px;'>IP67 con grado industrial para temperaturas de -40 a 60\u00b0C<\/li>\n<li style='margin-bottom: 5px;'>Chipset propietario para velocidad de procesamiento 3 veces mayor en comparaci\u00f3n con otros modelos.<\/li>\n<li style='margin-bottom: 5px;'>Puerto secundario con salida PoE 802.3at<\/li>\n<li style='margin-bottom: 5px;'>Frecuencia 4900-5925 MHz<\/li>\n<\/ul><\/div>\n<\/p><\/div>\n<div style='flex: 1 1 250px; border: 1px solid rgba(150&comma; 150&comma; 150&comma; 0.4); border-radius: 8px; overflow: hidden; display: flex; flex-direction: column;'>\n<div style='padding: 15px; border-bottom: 1px solid rgba(150&comma; 150&comma; 150&comma; 0.2); font-weight: bold; font-size: 18px; color: inherit;'>Caracter\u00edsticas generales<\/div>\n<div style='padding: 15px; color: inherit;'>\n<ul style='padding-left: 20px; margin: 0; font-size: 14px; list-style-type: disc;'>\n<li style='margin-bottom: 5px;'>Hasta 300 Mbps reales (no requiere licencia)<\/li>\n<li style='margin-bottom: 5px;'>Ancho de canal 5\/10\/20\/40 MHz<\/li>\n<li style='margin-bottom: 5px;'>Doble polaridad MIMO2X2<\/li>\n<li style='margin-bottom: 5px;'>QoS y VLAN<\/li>\n<li style='margin-bottom: 5px;'>Opcional: Sincronizaci\u00f3n GPS&comma; requiere equipo modelo U-GPS o CMM5 para mas de dos equipos.<\/li>\n<\/ul><\/div>\n<\/p><\/div>\n<div style='flex: 1 1 250px; border: 1px solid rgba(150&comma; 150&comma; 150&comma; 0.4); border-radius: 8px; overflow: hidden; display: flex; flex-direction: column;'>\n<div style='padding: 15px; border-bottom: 1px solid rgba(150&comma; 150&comma; 150&comma; 0.2); font-weight: bold; font-size: 18px; color: inherit;'>Caracter\u00edsticas f\u00edsicas y el\u00e9ctricas<\/div>\n<div style='padding: 15px; color: inherit;'>\n<ul style='padding-left: 20px; margin: 0; font-size: 14px; list-style-type: disc;'>\n<li style='margin-bottom: 5px;'>Voltaje de entrada: 48-59 Vcc 4&comma;5(+) 7&comma;8(-)&comma; compatible con 802.3at<\/li>\n<li style='margin-bottom: 5px;'>Conectores tipo N hembra<\/li>\n<li style='margin-bottom: 5px;'>Puerto principal 10\/100\/1000<\/li>\n<li style='margin-bottom: 5px;'>Puerto secundario con PoE 802.3at de salida (para activar&comma; el equipo deber\u00e1 de ser alimentado con PoE modelo POE-450I y deber\u00e1 instalar glandula protectora modelo N000065L033A).<\/li>\n<li style='margin-bottom: 5px;'>Consumo de energ\u00eda: 18W sin PoE de salida y 45W con PoE de salida.<\/li>\n<li style='margin-bottom: 5px;'>Dimensiones 260 x 134 x 64 mm \/ Peso: 2 Kg.<\/li>\n<li style='margin-bottom: 5px;'>Temperatura de operaci\u00f3n -40 a 60 \u00b0C.<\/li>\n<\/ul><\/div>\n<\/p><\/div>\n<div style='flex: 1 1 250px; border: 1px solid rgba(150&comma; 150&comma; 150&comma; 0.4); border-radius: 8px; overflow: hidden; display: flex; flex-direction: column;'>\n<div style='padding: 15px; border-bottom: 1px solid rgba(150&comma; 150&comma; 150&comma; 0.2); font-weight: bold; font-size: 18px; color: inherit;'>Paquete incluye<\/div>\n<div style='padding: 15px; color: inherit;'>\n<ul style='padding-left: 20px; margin: 0; font-size: 14px; list-style-type: disc;'>\n<li style='margin-bottom: 5px;'>1 Radio PMP 450<\/li>\n<li style='margin-bottom: 5px;'>1 Glandula protectora de puerto<\/li>\n<\/ul><\/div>\n<\/p><\/div>\n<div style='flex: 1 1 250px; border: 1px solid rgba(150&comma; 150&comma; 150&comma; 0.4); border-radius: 8px; overflow: hidden; display: flex; flex-direction: column;'>\n<div style='padding: 15px; border-bottom: 1px solid rgba(150&comma; 150&comma; 150&comma; 0.2); font-weight: bold; font-size: 18px; color: inherit;'>Accesorios requeridos<\/div>\n<div style='padding: 15px; color: inherit;'>\n<ul style='padding-left: 20px; margin: 0; font-size: 14px; list-style-type: disc;'>\n<li style='margin-bottom: 5px;'>1 Montaje modelo 450MBR<\/li>\n<li style='margin-bottom: 5px;'>1 Alimentador PoE modelo N000000L034A (cambiar a modelo POE450I si habilita puerto PoE secundario)<\/li>\n<li style='margin-bottom: 5px;'>1 Protector contra descargas modelo 600SSHG<\/li>\n<li style='margin-bottom: 5px;'>1 Antena sectorial; entre las opciones de antenas mas eficientes est\u00e1n los modelos A450-60 y A450-90<\/li>\n<li style='margin-bottom: 5px;'>2 Jumpers para la conexi\u00f3n de la antena a la estaci\u00f3n base; si utiliza A450-60 o A450-90 agregar jumpers LP-NM-NM-1M<\/li>\n<\/ul><\/div>\n<\/p><\/div>\n<div style='flex: 1 1 250px; border: 1px solid rgba(150&comma; 150&comma; 150&comma; 0.4); border-radius: 8px; overflow: hidden; display: flex; flex-direction: column;'>\n<div style='padding: 15px; border-bottom: 1px solid rgba(150&comma; 150&comma; 150&comma; 0.2); font-weight: bold; font-size: 18px; color: inherit;'>Accesorios opcionales<\/div>\n<div style='padding: 15px; color: inherit;'>\n<ul style='padding-left: 20px; margin: 0; font-size: 14px; list-style-type: disc;'>\n<li style='margin-bottom: 5px;'>Fuente avanzada modelo CG52A (entrada 37-60 Vcc) para instalaciones con baterias y celdas fotovoltaicas<\/li>\n<li style='margin-bottom: 5px;'>Sincronizadores GPS modelo CMM5 para evitar interferencia local entre mismos PMP 450 que se encuentran en la misma torre<\/li>\n<\/ul><\/div>\n<\/p><\/div>\n<div style='flex: 1 1 250px; border: 1px solid rgba(150&comma; 150&comma; 150&comma; 0.4); border-radius: 8px; overflow: hidden; display: flex; flex-direction: column;'>\n<div style='padding: 15px; border-bottom: 1px solid rgba(150&comma; 150&comma; 150&comma; 0.2); font-weight: bold; font-size: 18px; color: inherit;'>Opciones de suscriptores<\/div>\n<div style='padding: 15px; color: inherit;'>\n<ul style='padding-left: 20px; margin: 0; font-size: 14px; list-style-type: disc;'>\n<li style='margin-bottom: 5px;'>Conectorizado modelo PMP450ISMC<\/li>\n<li style='margin-bottom: 5px;'>Integrado modelo PMP450B16<\/li>\n<\/ul><\/div>\n<\/p><\/div>\n<\/p><\/div>\n<p> <!-- Im\u00e1genes adicionales --> <\/p>\n<div style='display: flex; flex-wrap: wrap; gap: 30px; margin-bottom: 30px; justify-content: center;'>\n<div style='flex: 1 1 300px; min-width: 280px;'>\n<h3 style='font-size: 22px; border-bottom: 2px solid currentColor; padding-bottom: 5px; margin-top: 0; color: inherit; opacity: 0.8;'>Para montar en m\u00e1stil o torre<\/h3>\n<p> <img style='width: 100%; height: auto; border: 1px solid rgba(150&comma;150&comma;150&comma;0.3); border-radius: 8px; display: block; margin: 15px auto 0;' src='http:\/\/ftp3.syscom.mx\/usuarios\/hortega\/Cambium\/PMP450i_ConnectorizedSM_Front_1.jpg' alt=''> <\/div>\n<div style='flex: 1 1 300px; min-width: 280px;'>\n<h3 style='font-size: 22px; border-bottom: 2px solid currentColor; padding-bottom: 5px; margin-top: 0; color: inherit; opacity: 0.8;'>Carcasa de metal resistente<\/h3>\n<p style='text-align: center; font-size: 14px; margin-top: 10px;'>Durabilidad de hasta 40 a\u00f1os<\/p>\n<p> <img style='width: 100%; height: auto; border: 1px solid rgba(150&comma;150&comma;150&comma;0.3); border-radius: 8px; display: block; margin: 15px auto 0;' src='http:\/\/ftp3.syscom.mx\/usuarios\/hortega\/Cambium\/ConecterizadoAtras.jpg' alt=''> <\/div>\n<div style='flex: 1 1 300px; min-width: 280px;'>\n<h3 style='font-size: 22px; border-bottom: 2px solid currentColor; padding-bottom: 5px; margin-top: 0; color: inherit; opacity: 0.8;'>Conectores tipo N hembra<\/h3>\n<p> <img style='width: 100%; height: auto; border: 1px solid rgba(150&comma;150&comma;150&comma;0.3); border-radius: 8px; display: block; margin: 15px auto 0;' src='http:\/\/ftp3.syscom.mx\/usuarios\/hortega\/Cambium\/ConBack2.png' alt=''> <\/div>\n<\/p><\/div>\n<p> <!-- Nota final --> <\/p>\n<div style='margin-top: 30px; padding: 15px; border-left: 4px solid rgba(150&comma;150&comma;150&comma;0.4); font-style: italic; color: inherit; opacity: 0.8;'>\n<p>* de fabrica<\/p>\n<\/p><\/div>\n<\/p><\/div>\n","protected":false},"excerpt":{"rendered":"<p>Estaci\u00f3n base grado industrial PMP 450i conectorizada, para multipunto, IP67, ultra baja latencia y filtro din\u00e1mico contra interferencia, 4900-5925 MHz, (PN: C050045A001A)<\/p>\n","protected":false},"featured_media":75090,"comment_status":"open","ping_status":"closed","template":"","meta":[],"product_brand":[],"product_cat":[1998],"product_tag":[1999,1316,1980],"class_list":{"0":"post-75091","1":"product","2":"type-product","3":"status-publish","4":"has-post-thumbnail","6":"product_cat-5-y-6-ghz","7":"product_tag-5-y-6-ghz","8":"product_tag-cambium-networks","9":"product_tag-enlaces-ptp-y-ptmp","11":"first","12":"outofstock","13":"sale","14":"shipping-taxable","15":"purchasable","16":"product-type-simple"},"_links":{"self":[{"href":"https:\/\/soydeaqui.ddns.net\/pachuca\/index.php\/wp-json\/wp\/v2\/product\/75091","targetHints":{"allow":["GET"]}}],"collection":[{"href":"https:\/\/soydeaqui.ddns.net\/pachuca\/index.php\/wp-json\/wp\/v2\/product"}],"about":[{"href":"https:\/\/soydeaqui.ddns.net\/pachuca\/index.php\/wp-json\/wp\/v2\/types\/product"}],"replies":[{"embeddable":true,"href":"https:\/\/soydeaqui.ddns.net\/pachuca\/index.php\/wp-json\/wp\/v2\/comments?post=75091"}],"wp:featuredmedia":[{"embeddable":true,"href":"https:\/\/soydeaqui.ddns.net\/pachuca\/index.php\/wp-json\/wp\/v2\/media\/75090"}],"wp:attachment":[{"href":"https:\/\/soydeaqui.ddns.net\/pachuca\/index.php\/wp-json\/wp\/v2\/media?parent=75091"}],"wp:term":[{"taxonomy":"product_brand","embeddable":true,"href":"https:\/\/soydeaqui.ddns.net\/pachuca\/index.php\/wp-json\/wp\/v2\/product_brand?post=75091"},{"taxonomy":"product_cat","embeddable":true,"href":"https:\/\/soydeaqui.ddns.net\/pachuca\/index.php\/wp-json\/wp\/v2\/product_cat?post=75091"},{"taxonomy":"product_tag","embeddable":true,"href":"https:\/\/soydeaqui.ddns.net\/pachuca\/index.php\/wp-json\/wp\/v2\/product_tag?post=75091"}],"curies":[{"name":"wp","href":"https:\/\/api.w.org\/{rel}","templated":true}]}}