{"id":75074,"date":"2026-03-19T14:25:45","date_gmt":"2026-03-19T14:25:45","guid":{"rendered":"https:\/\/soydeaqui.ddns.net\/pachuca\/index.php\/producto\/ups-de-3000-va-2700-w-topologia-linea-interactiva-entrada-120-vca-nema-l5-30p-onda-senoidal-pura-torre-o-rack-de-2-ur-con-8-tomas-5-20r-y-1-l5-30r\/"},"modified":"2026-03-19T14:25:54","modified_gmt":"2026-03-19T14:25:54","slug":"ups-de-3000-va-2700-w-topologia-linea-interactiva-entrada-120-vca-nema-l5-30p-onda-senoidal-pura-torre-o-rack-de-2-ur-con-8-tomas-5-20r-y-1-l5-30r","status":"publish","type":"product","link":"https:\/\/soydeaqui.ddns.net\/pachuca\/index.php\/producto\/ups-de-3000-va-2700-w-topologia-linea-interactiva-entrada-120-vca-nema-l5-30p-onda-senoidal-pura-torre-o-rack-de-2-ur-con-8-tomas-5-20r-y-1-l5-30r\/","title":{"rendered":"UPS de 3000 VA\/2700 W, Topolog\u00eda L\u00ednea Interactiva, Entrada 120 Vca NEMA L5-30P, Onda Senoidal Pura, Torre o Rack de 2 UR, Con 8 Tomas 5-20R y 1 L5-30R"},"content":{"rendered":"<div style='width: 100%; max-width: 1200px; margin: 0 auto; font-family: sans-serif; line-height: 1.6; color: inherit; background-color: transparent;'>\n<div style='display: flex; flex-wrap: wrap; gap: 30px; margin-bottom: 30px;'>\n<div style='flex: 1 1 300px; min-width: 280px;'>\n<h3 style='font-size: 22px; border-bottom: 2px solid currentColor; padding-bottom: 5px; margin-top: 0; color: inherit; opacity: 0.8;'>Descripci\u00f3n<\/h3>\n<p style='margin-top: 0;'><img style='width: 100%; height: auto; border: 1px solid rgba(150&comma;150&comma;150&comma;0.3); border-radius: 8px;' src='https:\/\/ftp3.syscom.mx\/usuarios\/fotos\/logotipos\/cyberpower.png' alt='' \/><\/p>\n<p style='margin-top: 0;'>CyberPower PR3000LCDRT2U UPS de l\u00ednea interactiva&comma; con onda sinusoidal integrada&comma; proporciona la mejor protecci\u00f3n de energ\u00eda disponible para dispositivos de sistema de oficina&comma; como PC&comma; estaciones de trabajo&comma; dispositivos de red y perif\u00e9ricos. Normalmente se integra en el entorno de back office&comma; sala de servidores y centro de datos. El dise\u00f1o convertible en torre le otorga una mayor flexibilidad para la instalaci\u00f3n y operaci\u00f3n en casi cualquier entorno.<\/p>\n<p style='margin-bottom: 0;'>Se pueden conectar varios sistemas UPS a un \u00fanico interruptor principal de apagado de emergencia (EPO). En caso de una emergencia&comma; los sistemas UPS se pueden apagar inmediatamente con el bot\u00f3n EPO. En cuanto al mantenimiento de la bater\u00eda&comma; el UPS permite el intercambio en caliente de la bater\u00eda&comma; lo que permite a los usuarios realizar el mantenimiento normal de la bater\u00eda sin una interrupci\u00f3n significativa.<\/p>\n<\/p><\/div>\n<\/p><\/div>\n<div style='display: flex; flex-wrap: wrap; gap: 20px; margin-bottom: 30px;'>\n<div style='flex: 1 1 250px; border: 1px solid rgba(150&comma; 150&comma; 150&comma; 0.4); border-radius: 8px; overflow: hidden; display: flex; flex-direction: column;'>\n<div style='padding: 15px; border-bottom: 1px solid rgba(150&comma; 150&comma; 150&comma; 0.2); font-weight: bold; font-size: 18px; color: inherit;'>Especificaciones t\u00e9cnicas<\/div>\n<div style='padding: 15px; color: inherit;'>\n<ul style='padding-left: 20px; margin: 0; font-size: 14px; list-style-type: disc;'>\n<li style='margin-bottom: 5px;'>Rango de voltaje de entrada: 80 &#8211; 150 Vca<\/li>\n<li style='margin-bottom: 5px;'>Frecuencia de entrada: 50\/60Hz \u00b1 3Hz<\/li>\n<li style='margin-bottom: 5px;'>Tipo de enchufe de entrada: <strong>NEMA L5-30P<\/strong> <img style='width: 40px; height: 40px; vertical-align: middle; border: 1px solid rgba(150&comma;150&comma;150&comma;0.3); border-radius: 8px;' src='https:\/\/www.cyberpower.com\/mx\/es\/File\/GetImageByDocId\/GeneralAttribute-246' alt='' \/><\/li>\n<li style='margin-bottom: 5px;'>Longitud de cable de entrada: 3 m<\/li>\n<li style='margin-bottom: 5px;'>Salida VA: 3000<\/li>\n<li style='margin-bottom: 5px;'>Watts de salida: 2700<\/li>\n<li style='margin-bottom: 5px;'>Factor de Potencia: 0.9<\/li>\n<li style='margin-bottom: 5px;'>Frecuencia de salida en bater\u00eda: 50\/60Hz \u00b1 1%<\/li>\n<li style='margin-bottom: 5px;'>Tomas de salida: 8 (8 Bater\u00eda y picos de energ\u00eda)<\/li>\n<li style='margin-bottom: 5px;'>Tipos de tomas: NEMA 5-20R (8) <img style='width: 40px; height: 40px; vertical-align: middle; border: 1px solid rgba(150&comma;150&comma;150&comma;0.3); border-radius: 8px;' src='https:\/\/www.cyberpower.com\/mx\/es\/File\/GetImageByDocId\/GeneralAttribute-370' alt='' \/> y NEMA L5-30R (1) <img style='width: 40px; height: 40px; vertical-align: middle; border: 1px solid rgba(150&comma;150&comma;150&comma;0.3); border-radius: 8px;' src='https:\/\/www.cyberpower.com\/mx\/es\/File\/GetImageByDocId\/GeneralAttribute-243' alt='' \/><\/li>\n<li style='margin-bottom: 5px;'>Especificaciones de bater\u00eda: 4 x 12V\/9Ah<\/li>\n<li style='margin-bottom: 5px;'>Tiempo de Transferencia: 4 ms<\/li>\n<li style='margin-bottom: 5px;'>Protecci\u00f3n de picos: 2060 Joules<\/li>\n<li style='margin-bottom: 5px;'>Tel\u00e9fono \/ Ethernet \/ RJ11 \/ RJ45<\/li>\n<li style='margin-bottom: 5px;'>Indicadores: Pantalla LCD de monitoreo<\/li>\n<li style='margin-bottom: 5px;'>Administraci\u00f3n remota SNMP\/HTTP con tarjeta RMCARD205 (opcional)<\/li>\n<li style='margin-bottom: 5px;'>M\u00f3dulo de Bater\u00edas Extendidas: BP48V75ART2U<\/li>\n<li style='margin-bottom: 5px;'>Dimensiones: 433 x 88 x 480 mm (Ancho x Alto X Profundidad)<\/li>\n<li style='margin-bottom: 5px;'>Peso: 36.1 kg<\/li>\n<li style='margin-bottom: 5px;'>Certificaciones: NOM&comma; UL1718&comma; CE&comma; ISO9000&comma; RoHS&comma; FCC DOC Class B<\/li>\n<li style='margin-bottom: 5px;'><strong>(incluye bater\u00eda)<\/strong><\/li>\n<li style='margin-bottom: 0;'><strong>NO es compatible con generador de energ\u00eda (plantas de respaldo)<\/strong><\/li>\n<\/ul><\/div>\n<\/p><\/div>\n<\/p><\/div>\n<hr style='border: 0; border-top: 1px solid rgba(150&comma; 150&comma; 150&comma; 0.3); margin: 30px 0;'> <\/div>\n","protected":false},"excerpt":{"rendered":"<p>UPS de 3000 VA\/2700 W, Topolog\u00eda L\u00ednea Interactiva, Entrada 120 Vca NEMA L5-30P, Onda Senoidal Pura, Torre o Rack de 2 UR, Con 8 Tomas 5-20R y 1 L5-30R<\/p>\n","protected":false},"featured_media":75073,"comment_status":"open","ping_status":"closed","template":"","meta":[],"product_brand":[],"product_cat":[1231],"product_tag":[677,142,1232],"class_list":{"0":"post-75074","1":"product","2":"type-product","3":"status-publish","4":"has-post-thumbnail","6":"product_cat-ups-no-break-energia-videovigilancia","7":"product_tag-cyberpower","8":"product_tag-energia","9":"product_tag-ups-no-break-2","11":"first","12":"outofstock","13":"sale","14":"shipping-taxable","15":"purchasable","16":"product-type-simple"},"_links":{"self":[{"href":"https:\/\/soydeaqui.ddns.net\/pachuca\/index.php\/wp-json\/wp\/v2\/product\/75074","targetHints":{"allow":["GET"]}}],"collection":[{"href":"https:\/\/soydeaqui.ddns.net\/pachuca\/index.php\/wp-json\/wp\/v2\/product"}],"about":[{"href":"https:\/\/soydeaqui.ddns.net\/pachuca\/index.php\/wp-json\/wp\/v2\/types\/product"}],"replies":[{"embeddable":true,"href":"https:\/\/soydeaqui.ddns.net\/pachuca\/index.php\/wp-json\/wp\/v2\/comments?post=75074"}],"wp:featuredmedia":[{"embeddable":true,"href":"https:\/\/soydeaqui.ddns.net\/pachuca\/index.php\/wp-json\/wp\/v2\/media\/75073"}],"wp:attachment":[{"href":"https:\/\/soydeaqui.ddns.net\/pachuca\/index.php\/wp-json\/wp\/v2\/media?parent=75074"}],"wp:term":[{"taxonomy":"product_brand","embeddable":true,"href":"https:\/\/soydeaqui.ddns.net\/pachuca\/index.php\/wp-json\/wp\/v2\/product_brand?post=75074"},{"taxonomy":"product_cat","embeddable":true,"href":"https:\/\/soydeaqui.ddns.net\/pachuca\/index.php\/wp-json\/wp\/v2\/product_cat?post=75074"},{"taxonomy":"product_tag","embeddable":true,"href":"https:\/\/soydeaqui.ddns.net\/pachuca\/index.php\/wp-json\/wp\/v2\/product_tag?post=75074"}],"curies":[{"name":"wp","href":"https:\/\/api.w.org\/{rel}","templated":true}]}}