{"id":7505,"date":"2026-03-18T06:57:14","date_gmt":"2026-03-18T06:57:14","guid":{"rendered":"https:\/\/soydeaqui.ddns.net\/pachuca\/index.php\/producto\/aislador-de-paso-colo-azul-reforzado-para-cercos-electricos-resistente-al-clima-extremoso\/"},"modified":"2026-03-18T06:57:16","modified_gmt":"2026-03-18T06:57:16","slug":"aislador-de-paso-colo-azul-reforzado-para-cercos-electricos-resistente-al-clima-extremoso","status":"publish","type":"product","link":"https:\/\/soydeaqui.ddns.net\/pachuca\/index.php\/producto\/aislador-de-paso-colo-azul-reforzado-para-cercos-electricos-resistente-al-clima-extremoso\/","title":{"rendered":"Aislador de Paso colo Azul reforzado para cercos el\u00e9ctricos, resistente al clima extremoso"},"content":{"rendered":"<div style='width: 100%; max-width: 1200px; margin: 0 auto; font-family: sans-serif; line-height: 1.6; color: inherit; background-color: transparent;'>\n<div style='display: flex; flex-wrap: wrap; gap: 30px; margin-bottom: 30px;'>\n<div style='flex: 1 1 300px; min-width: 280px;'>\n<h3 style='font-size: 22px; border-bottom: 2px solid currentColor; padding-bottom: 5px; margin-top: 0; color: inherit; opacity: 0.8;'>Caracter\u00edsticas Principales<\/h3>\n<ul style='padding-left: 20px; font-size: 15px; color: inherit;'>\n<li style='margin-bottom: 5px;'>Dise\u00f1ado para cercos el\u00e9ctricos de f\u00e1cil instalaci\u00f3n<\/li>\n<li style='margin-bottom: 5px;'>Materiales de polipropileno y policarbonato resistentes<\/li>\n<li style='margin-bottom: 5px;'>Resistencia mec\u00e1nica de 7.5 hasta 10.2 kg<\/li>\n<li style='margin-bottom: 5px;'>Aislamiento hasta 18 kV m\u00e1ximo<\/li>\n<li style='margin-bottom: 5px;'>Protecci\u00f3n UV&comma; agua&comma; humedad y polvo<\/li>\n<\/ul><\/div>\n<div style='flex: 1 1 300px; min-width: 280px;'>\n<h3 style='font-size: 22px; border-bottom: 2px solid currentColor; padding-bottom: 5px; margin-top: 0; color: inherit; opacity: 0.8;'>Especificaciones T\u00e9cnicas<\/h3>\n<ul style='padding-left: 20px; font-size: 15px; color: inherit;'>\n<li style='margin-bottom: 5px;'><strong>Resistencia al Impacto:<\/strong> S\u00ed<\/li>\n<li style='margin-bottom: 5px;'><strong>Protecci\u00f3n UV:<\/strong> S\u00ed<\/li>\n<li style='margin-bottom: 5px;'><strong>Resistencia T\u00e9rmica:<\/strong> S\u00ed<\/li>\n<li style='margin-bottom: 5px;'><strong>Resistencia Qu\u00edmica:<\/strong> S\u00ed<\/li>\n<li style='margin-bottom: 5px;'><strong>Resistencia a la Fatiga:<\/strong> S\u00ed<\/li>\n<li style='margin-bottom: 5px;'><strong>Dureza y Rigidez:<\/strong> S\u00ed<\/li>\n<li style='margin-bottom: 5px;'><strong>Ductilidad a Baja Temperatura:<\/strong> S\u00ed<\/li>\n<\/ul><\/div>\n<\/p><\/div>\n<div style='display: flex; flex-wrap: wrap; gap: 20px; margin-bottom: 30px;'>\n<div style='flex: 1 1 250px; border: 1px solid rgba(150&comma; 150&comma; 150&comma; 0.4); border-radius: 8px; overflow: hidden; display: flex; flex-direction: column;'>\n<div style='padding: 15px; border-bottom: 1px solid rgba(150&comma; 150&comma; 150&comma; 0.2); font-weight: bold; font-size: 18px; color: inherit;'>Dimensiones<\/div>\n<div style='padding: 15px; color: inherit;'>\n<ul style='padding-left: 20px; margin: 0; font-size: 14px; list-style-type: disc;'>\n<li style='margin-bottom: 5px;'><strong>Altura:<\/strong> 31.9 mm<\/li>\n<li style='margin-bottom: 5px;'><strong>Largo Total:<\/strong> 87 mm<\/li>\n<li style='margin-bottom: 5px;'><strong>Ancho Total:<\/strong> 35.5 mm<\/li>\n<\/ul><\/div>\n<\/p><\/div>\n<div style='flex: 1 1 250px; border: 1px solid rgba(150&comma; 150&comma; 150&comma; 0.4); border-radius: 8px; overflow: hidden; display: flex; flex-direction: column;'>\n<div style='padding: 15px; border-bottom: 1px solid rgba(150&comma; 150&comma; 150&comma; 0.2); font-weight: bold; font-size: 18px; color: inherit;'>Caracter\u00edsticas Adicionales<\/div>\n<div style='padding: 15px; color: inherit;'>\n<ul style='padding-left: 20px; margin: 0; font-size: 14px; list-style-type: disc;'>\n<li style='margin-bottom: 5px;'>Altura adecuada para evitar arcos de corriente<\/li>\n<li style='margin-bottom: 5px;'>Fabricado con resinas 100% virgenes de primera calidad<\/li>\n<li style='margin-bottom: 5px;'>Contenido del empaque: 100 unidades por bolsa<\/li>\n<li style='margin-bottom: 5px;'><strong>Peso:<\/strong> 16 \u00b10.5 g<\/li>\n<li style='margin-bottom: 5px;'><strong>Colores Disponibles:<\/strong> Negro \/ Blanco<\/li>\n<\/ul><\/div>\n<\/p><\/div>\n<\/p><\/div>\n<hr style='border: 0; border-top: 1px solid rgba(150&comma; 150&comma; 150&comma; 0.3); margin: 30px 0;'> <\/div>\n","protected":false},"excerpt":{"rendered":"<p>Aislador de Paso colo Azul reforzado para cercos el\u00e9ctricos, resistente al clima extremoso<\/p>\n","protected":false},"featured_media":7504,"comment_status":"open","ping_status":"closed","template":"","meta":[],"product_brand":[],"product_cat":[387],"product_tag":[82,388,79],"class_list":{"0":"post-7505","1":"product","2":"type-product","3":"status-publish","4":"has-post-thumbnail","6":"product_cat-postes","7":"product_tag-cercas-electricas","8":"product_tag-postes","9":"product_tag-sfire","11":"first","12":"outofstock","13":"sale","14":"shipping-taxable","15":"purchasable","16":"product-type-simple"},"_links":{"self":[{"href":"https:\/\/soydeaqui.ddns.net\/pachuca\/index.php\/wp-json\/wp\/v2\/product\/7505","targetHints":{"allow":["GET"]}}],"collection":[{"href":"https:\/\/soydeaqui.ddns.net\/pachuca\/index.php\/wp-json\/wp\/v2\/product"}],"about":[{"href":"https:\/\/soydeaqui.ddns.net\/pachuca\/index.php\/wp-json\/wp\/v2\/types\/product"}],"replies":[{"embeddable":true,"href":"https:\/\/soydeaqui.ddns.net\/pachuca\/index.php\/wp-json\/wp\/v2\/comments?post=7505"}],"wp:featuredmedia":[{"embeddable":true,"href":"https:\/\/soydeaqui.ddns.net\/pachuca\/index.php\/wp-json\/wp\/v2\/media\/7504"}],"wp:attachment":[{"href":"https:\/\/soydeaqui.ddns.net\/pachuca\/index.php\/wp-json\/wp\/v2\/media?parent=7505"}],"wp:term":[{"taxonomy":"product_brand","embeddable":true,"href":"https:\/\/soydeaqui.ddns.net\/pachuca\/index.php\/wp-json\/wp\/v2\/product_brand?post=7505"},{"taxonomy":"product_cat","embeddable":true,"href":"https:\/\/soydeaqui.ddns.net\/pachuca\/index.php\/wp-json\/wp\/v2\/product_cat?post=7505"},{"taxonomy":"product_tag","embeddable":true,"href":"https:\/\/soydeaqui.ddns.net\/pachuca\/index.php\/wp-json\/wp\/v2\/product_tag?post=7505"}],"curies":[{"name":"wp","href":"https:\/\/api.w.org\/{rel}","templated":true}]}}