{"id":74959,"date":"2026-03-19T14:21:13","date_gmt":"2026-03-19T14:21:13","guid":{"rendered":"https:\/\/soydeaqui.ddns.net\/pachuca\/index.php\/producto\/poderoso-access-point-mesh-hotspot-2-4-ghz-con-administracion-cloud-hasta-128-dispositivos-c024095h021a\/"},"modified":"2026-03-19T14:21:14","modified_gmt":"2026-03-19T14:21:14","slug":"poderoso-access-point-mesh-hotspot-2-4-ghz-con-administracion-cloud-hasta-128-dispositivos-c024095h021a","status":"publish","type":"product","link":"https:\/\/soydeaqui.ddns.net\/pachuca\/index.php\/producto\/poderoso-access-point-mesh-hotspot-2-4-ghz-con-administracion-cloud-hasta-128-dispositivos-c024095h021a\/","title":{"rendered":"Poderoso Access Point \/ MESH \/ Hotspot 2.4 GHz con Administraci\u00f3n Cloud \/ Hasta 128 Dispositivos \/ C024095H021A"},"content":{"rendered":"<div style='width: 100%; max-width: 1200px; margin: 0 auto; font-family: sans-serif; line-height: 1.6; color: inherit; background-color: transparent;'> <img style='width: 100%; height: auto; border: 1px solid rgba(150&comma;150&comma;150&comma;0.3); border-radius: 8px;' src='http:\/\/ftp3.syscom.mx\/usuarios\/hortega\/Cambium\/cambium-networks-logo.png' alt='Logo Cambium Networks'> <\/p>\n<hr style='border: 0; border-top: 1px solid rgba(150&comma; 150&comma; 150&comma; 0.3); margin: 30px 0;'>\n<h2 style='font-size: 32px; margin-top: 0; margin-bottom: 20px; color: inherit;'>ePMP 1000 Hotspot<\/h2>\n<div style='display: flex; flex-wrap: wrap; gap: 15px; margin-bottom: 30px;'>\n<div style='background: rgba(235&comma;235&comma;235&comma;0.3); border-radius: 3px; padding: 4px 13px; font-size: 15px; color: inherit; flex: 1 1 auto; min-width: 180px; text-align: center;'>\n<div style='font-weight: bold;'>30 dB de<\/div>\n<div>Potencia (1 Watt)<\/div>\n<\/p><\/div>\n<div style='background: rgba(235&comma;235&comma;235&comma;0.3); border-radius: 3px; padding: 4px 13px; font-size: 15px; color: inherit; flex: 1 1 auto; min-width: 180px; text-align: center;'>\n<div style='font-weight: bold;'>128<\/div>\n<div>Dispositivos<\/div>\n<\/p><\/div>\n<div style='background: rgba(235&comma;235&comma;235&comma;0.3); border-radius: 3px; padding: 4px 13px; font-size: 15px; color: inherit; flex: 1 1 auto; min-width: 180px; text-align: center;'>\n<div style='font-weight: bold;'>8<\/div>\n<div>SSID<\/div>\n<\/p><\/div>\n<div style='background: rgba(235&comma;235&comma;235&comma;0.3); border-radius: 3px; padding: 4px 13px; font-size: 15px; color: inherit; flex: 1 1 auto; min-width: 180px; text-align: center;'>\n<div style='font-weight: bold;'>Controlador<\/div>\n<div>gratuito y Vouchers<\/div>\n<\/p><\/div>\n<\/p><\/div>\n<div style='display: grid; grid-template-columns: repeat(auto-fill&comma; minmax(300px&comma; 1fr)); gap: 30px; margin-bottom: 30px;'>\n<div style='border: 1px solid rgba(150&comma; 150&comma; 150&comma; 0.4); border-radius: 8px; overflow: hidden;'>\n<div style='padding: 15px; border-bottom: 1px solid rgba(150&comma; 150&comma; 150&comma; 0.2); font-weight: bold; color: inherit;'>GESTI\u00d3N EN cn-MAESTRO<\/div>\n<div style='padding: 15px; color: inherit;'>\n<p style='font-size: 14px; margin: 0;'>Gesti\u00f3n integral de toda la red para manejo de inventario&comma; incorporaci\u00f3n de dispositivos&comma; operaciones diarias&comma; mantenimiento&comma; configuraci\u00f3n y aprovisionamiento&comma; as\u00ed como la creaci\u00f3n de ticket y\/o vouchers&comma; control de tiempos y Anchos de Banda&comma; y portal cautivo.<\/p>\n<\/p><\/div>\n<\/p><\/div>\n<div style='border: 1px solid rgba(150&comma; 150&comma; 150&comma; 0.4); border-radius: 8px; overflow: hidden;'>\n<div style='padding: 15px; border-bottom: 1px solid rgba(150&comma; 150&comma; 150&comma; 0.2); font-weight: bold; color: inherit;'>DISE\u00d1ADO PARA ALTA CAPACIDAD<\/div>\n<div style='padding: 15px; color: inherit;'>\n<p style='font-size: 14px; margin: 0;'>Admite hasta 128 usuarios activos y 8 SSID.<\/p>\n<\/p><\/div>\n<\/p><\/div>\n<div style='border: 1px solid rgba(150&comma; 150&comma; 150&comma; 0.4); border-radius: 8px; overflow: hidden;'>\n<div style='padding: 15px; border-bottom: 1px solid rgba(150&comma; 150&comma; 150&comma; 0.2); font-weight: bold; color: inherit;'>CLASIFICACI\u00d3N IP55<\/div>\n<div style='padding: 15px; color: inherit;'>\n<p style='font-size: 14px; margin: 0;'>Dise\u00f1ado para soportar ambientes exteriores exigentes&comma; resistentes al viento&comma; la arena y la lluvia&comma; y evitar da\u00f1os internos por la acumulaci\u00f3n de humedad.<\/p>\n<\/p><\/div>\n<\/p><\/div>\n<div style='border: 1px solid rgba(150&comma; 150&comma; 150&comma; 0.4); border-radius: 8px; overflow: hidden;'>\n<div style='padding: 15px; border-bottom: 1px solid rgba(150&comma; 150&comma; 150&comma; 0.2); font-weight: bold; color: inherit;'>BACKHAUL AVANZADO<\/div>\n<div style='padding: 15px; color: inherit;'>\n<p style='font-size: 14px; margin: 0;'>Capacidad de backhauling para dise\u00f1os tipo MESH e implementaciones de redes centralizadas<\/p>\n<\/p><\/div>\n<\/p><\/div>\n<div style='border: 1px solid rgba(150&comma; 150&comma; 150&comma; 0.4); border-radius: 8px; overflow: hidden;'>\n<div style='padding: 15px; border-bottom: 1px solid rgba(150&comma; 150&comma; 150&comma; 0.2); font-weight: bold; color: inherit;'>EL MEJOR RADIO PARA SU PRECIO<\/div>\n<div style='padding: 15px; color: inherit;'>\n<p style='font-size: 14px; margin: 0;'>ePMP Hotspot Ofrece una soluci\u00f3n de red Wi-Fi para exteriores confiable y de alta capacidad a un costo significativamente menor que sus competidores de calidad alta<\/p>\n<\/p><\/div>\n<\/p><\/div>\n<div style='border: 1px solid rgba(150&comma; 150&comma; 150&comma; 0.4); border-radius: 8px; overflow: hidden;'>\n<div style='padding: 15px; border-bottom: 1px solid rgba(150&comma; 150&comma; 150&comma; 0.2); font-weight: bold; color: inherit;'>MIMO 2&#215;2<\/div>\n<div style='padding: 15px; color: inherit;'>\n<p style='font-size: 14px; margin: 0;'>\n<\/p><\/div>\n<\/p><\/div>\n<\/p><\/div>\n<p style='color: inherit;'>ePMP 1000 Hotspot es un punto de acceso de exterior 802.11n MIMO 2&#215;2 en la banda de 2.4 GHz. Combina la sencillez y la simplicidad en la instalaci\u00f3n&comma; con la gesti\u00f3n en cloud del cnMaestro. El ePMP 1000 Hotspot es un equipo perfecto para aquellos operadores que quieran extender su red en entornos p\u00fablicos exteriores&comma; para proporcionar conectividad Wi-Fi a dispositivos como smartphones&comma; tablets o port\u00e1tiles.<\/p>\n<div style='border: 1px solid rgba(150&comma; 150&comma; 150&comma; 0.4); border-radius: 8px; overflow: hidden; margin: 30px 0;'>\n<div style='padding: 15px; border-bottom: 1px solid rgba(150&comma; 150&comma; 150&comma; 0.2); font-weight: bold; font-size: 18px; color: inherit;'>Funcionalidades principales<\/div>\n<div style='padding: 15px; color: inherit;'>\n<ul style='padding-left: 20px; font-size: 14px; margin: 0; list-style-type: disc;'>\n<li style='margin-bottom: 5px;'>Gesti\u00f3n en cloud con cnMaestro<\/li>\n<li style='margin-bottom: 5px;'>Provisi\u00f3n autom\u00e1tica<\/li>\n<li style='margin-bottom: 5px;'>Monitorizaci\u00f3n extremo a extremo de la conexi\u00f3n a Internet<\/li>\n<li style='margin-bottom: 5px;'>Banda 2&comma;4 GHz 802.11n MIMO 2&#215;2<\/li>\n<li style='margin-bottom: 5px;'>Funciones de router (NAT&comma; DHCP server&comma; firewall&comma;\u2026)<\/li>\n<li style='margin-bottom: 5px;'>Puesta en marcha r\u00e1pida y sencilla<\/li>\n<li style='margin-bottom: 5px;'>Configuraci\u00f3n tambi\u00e9n mediante interfaz web<\/li>\n<li style='margin-bottom: 5px;'>8 SSIDs por AP<\/li>\n<li style='margin-bottom: 5px;'>Hasta 128 usuarios concurrentes por AP<\/li>\n<li style='margin-bottom: 5px;'>Incluye portal cautivo hotspot<\/li>\n<li style='margin-bottom: 5px;'>Aislamiento entre clientes inal\u00e1mbricos<\/li>\n<li style='margin-bottom: 5px;'>Limitaci\u00f3n de ancho de banda por usuario o por SSID<\/li>\n<li style='margin-bottom: 5px;'>Selecci\u00f3n autom\u00e1tica del canal<\/li>\n<li style='margin-bottom: 5px;'>Fast roaming entre AP<\/li>\n<li style='margin-bottom: 5px;'>Activaci\u00f3n de SSID seg\u00fan horario<\/li>\n<li style='margin-bottom: 5px;'>Acceso invitados<\/li>\n<li style='margin-bottom: 5px;'>Segundo puerto Ethernet con salida Cambium PoE<\/li>\n<\/ul><\/div>\n<\/p><\/div>\n<div style='display: grid; grid-template-columns: repeat(auto-fill&comma; minmax(250px&comma; 1fr)); gap: 20px; margin: 30px 0;'>\n<div style='border: 1px solid rgba(150&comma; 150&comma; 150&comma; 0.4); border-radius: 8px; overflow: hidden;'>\n<div style='padding: 15px; background: rgba(150&comma; 150&comma; 150&comma; 0.1); color: inherit;'>Wi-Fi<\/div>\n<div style='padding: 15px; color: inherit;'>802.11 b\/g\/n<\/div>\n<\/p><\/div>\n<div style='border: 1px solid rgba(150&comma; 150&comma; 150&comma; 0.4); border-radius: 8px; overflow: hidden;'>\n<div style='padding: 15px; background: rgba(150&comma; 150&comma; 150&comma; 0.1); color: inherit;'>Throughput<\/div>\n<div style='padding: 15px; color: inherit;'>300 Mbps<\/div>\n<\/p><\/div>\n<div style='border: 1px solid rgba(150&comma; 150&comma; 150&comma; 0.4); border-radius: 8px; overflow: hidden;'>\n<div style='padding: 15px; background: rgba(150&comma; 150&comma; 150&comma; 0.1); color: inherit;'>Seguridad Wireless<\/div>\n<div style='padding: 15px; color: inherit;'>WPA-TKIP&comma; WPA2-AES<\/div>\n<\/p><\/div>\n<div style='border: 1px solid rgba(150&comma; 150&comma; 150&comma; 0.4); border-radius: 8px; overflow: hidden;'>\n<div style='padding: 15px; background: rgba(150&comma; 150&comma; 150&comma; 0.1); color: inherit;'>Puertos Ethernet<\/div>\n<div style='padding: 15px; color: inherit;'>2 puerto 10\/100 Mbps RJ45<\/div>\n<\/p><\/div>\n<div style='border: 1px solid rgba(150&comma; 150&comma; 150&comma; 0.4); border-radius: 8px; overflow: hidden;'>\n<div style='padding: 15px; background: rgba(150&comma; 150&comma; 150&comma; 0.1); color: inherit;'>Fuente de alimentaci\u00f3n PoE<\/div>\n<div style='padding: 15px; color: inherit;'>Cambium PoE<\/div>\n<\/p><\/div>\n<div style='border: 1px solid rgba(150&comma; 150&comma; 150&comma; 0.4); border-radius: 8px; overflow: hidden;'>\n<div style='padding: 15px; background: rgba(150&comma; 150&comma; 150&comma; 0.1); color: inherit;'>Peso<\/div>\n<div style='padding: 15px; color: inherit;'>500 gr<\/div>\n<\/p><\/div>\n<div style='border: 1px solid rgba(150&comma; 150&comma; 150&comma; 0.4); border-radius: 8px; overflow: hidden;'>\n<div style='padding: 15px; background: rgba(150&comma; 150&comma; 150&comma; 0.1); color: inherit;'>Montaje<\/div>\n<div style='padding: 15px; color: inherit;'>Incluido<\/div>\n<\/p><\/div>\n<div style='border: 1px solid rgba(150&comma; 150&comma; 150&comma; 0.4); border-radius: 8px; overflow: hidden;'>\n<div style='padding: 15px; background: rgba(150&comma; 150&comma; 150&comma; 0.1); color: inherit;'>Dimensiones<\/div>\n<div style='padding: 15px; color: inherit;'>8.9cm x 21cm x 3.5cm<\/div>\n<\/p><\/div>\n<div style='border: 1px solid rgba(150&comma; 150&comma; 150&comma; 0.4); border-radius: 8px; overflow: hidden;'>\n<div style='padding: 15px; background: rgba(150&comma; 150&comma; 150&comma; 0.1); color: inherit;'>Tipo de Antena<\/div>\n<div style='padding: 15px; color: inherit;'>2 Omnidireccionales de 5 dBi<\/div>\n<\/p><\/div>\n<\/p><\/div>\n<div style='border: 1px solid rgba(150&comma; 150&comma; 150&comma; 0.4); border-radius: 8px; overflow: hidden; margin: 30px 0; padding: 10px;'>\n<p style='margin: 0; font-weight: bold; color: inherit;'>PoE incluido y cable de conexi\u00f3n el\u00e9ctrica<\/p>\n<\/p><\/div>\n<div style='margin: 30px 0; color: inherit;'>\n<p style='margin: 0; font-weight: bold;'>Garant\u00eda : 1 A\u00f1o<\/p>\n<\/p><\/div>\n<div style='display: grid; grid-template-columns: repeat(auto-fit&comma; minmax(300px&comma; 1fr)); gap: 30px; margin: 30px 0;'> <img style='width: 100%; height: auto; border: 1px solid rgba(150&comma;150&comma;150&comma;0.3); border-radius: 8px;' src='https:\/\/ftp3.syscom.mx\/usuarios\/fotos\/BancoFotografiasSyscom\/CAMBIUMNETWORKS\/EMOUNT\/EMOUNT-p.PNG' alt='E-MOUNT'> <img style='width: 100%; height: auto; border: 1px solid rgba(150&comma;150&comma;150&comma;0.3); border-radius: 8px;' src='https:\/\/www.balticnetworks.com\/media\/catalog\/product\/cache\/1\/image\/512x512\/9df78eab33525d08d6e5fb8d27136e95\/e\/p\/epmp1000_hotspot_back_1.jpg' alt='Resultado de imagen para C024095H021A'> <\/div>\n<div style='border: 1px solid rgba(150&comma; 150&comma; 150&comma; 0.4); border-radius: 8px; overflow: hidden; margin: 30px 0;'>\n<div style='padding: 15px; background: rgba(150&comma; 150&comma; 150&comma; 0.1); color: inherit; font-size: 18px; font-weight: bold;'>cnMaestro \u2122<\/div>\n<div style='padding: 15px; color: inherit;'>\n<div style='font-size: 18px; font-weight: bold; margin-bottom: 15px;'>Control de la red de extremo a extremo con el aprovisionamiento cero y configuraci\u00f3n del dispositivo<\/div>\n<p style='margin-bottom: 1.5rem;'>cnMaestro \u2122 es una plataforma de software local o basada en la nube para el control seguro y completo de la red. El administrador de red inal\u00e1mbrica de cnMaestro simplifica la administraci\u00f3n de dispositivos al ofrecer una visibilidad completa de la red y un aprovisionamiento sin contacto. Vea y realice un conjunto completo de funciones de administraci\u00f3n de redes inal\u00e1mbricas en tiempo real. Optimice la disponibilidad del sistema&comma; maximice el rendimiento y satisfaga las necesidades emergentes de los clientes comerciales y residenciales&comma; SIN COSTO ALGUNO<\/p>\n<div style='text-align: center;'> <a style='background-color: #51a4f5; color: #ffffff; font-weight: 400; transition: background-color 0.25s ease-out 0s; border: 1px solid transparent; border-radius: 50px; display: inline-block; font-family: sans-serif; font-size: 1rem; line-height: 1; outline: 0; padding: 1.1875rem 4rem; text-align: center; vertical-align: middle; margin-bottom: 10px; text-decoration: none;' href='https:\/\/cloud.cambiumnetworks.com\/app\/createaccount.html' target='_blank' rel='noopener'>Obtener una cuenta en la nube<\/a> <a style='background-color: #51a4f5; color: #ffffff; font-weight: 400; transition: background-color 0.25s ease-out 0s; border: 1px solid transparent; border-radius: 50px; display: inline-block; font-family: sans-serif; font-size: 1rem; line-height: 1; outline: 0; padding: 1.25rem 3.1875rem 1.1875rem; text-align: center; vertical-align: middle; text-decoration: none;' href='https:\/\/support.cambiumnetworks.com\/files\/cnmaestro\/' target='_blank' rel='noopener'>Descarga<\/a> <\/div>\n<\/p><\/div>\n<\/p><\/div>\n<\/p><\/div>\n","protected":false},"excerpt":{"rendered":"<p>Poderoso Access Point \/ MESH \/ Hotspot 2.4 GHz con Administraci\u00f3n Cloud \/ Hasta 128 Dispositivos \/ C024095H021A<\/p>\n","protected":false},"featured_media":74958,"comment_status":"open","ping_status":"closed","template":"","meta":[],"product_brand":[],"product_cat":[1794],"product_tag":[1316,1795,1479],"class_list":{"0":"post-74959","1":"product","2":"type-product","3":"status-publish","4":"has-post-thumbnail","6":"product_cat-puntos-de-acceso","7":"product_tag-cambium-networks","8":"product_tag-puntos-de-acceso","9":"product_tag-redes-wifi","11":"first","12":"outofstock","13":"sale","14":"shipping-taxable","15":"purchasable","16":"product-type-simple"},"_links":{"self":[{"href":"https:\/\/soydeaqui.ddns.net\/pachuca\/index.php\/wp-json\/wp\/v2\/product\/74959","targetHints":{"allow":["GET"]}}],"collection":[{"href":"https:\/\/soydeaqui.ddns.net\/pachuca\/index.php\/wp-json\/wp\/v2\/product"}],"about":[{"href":"https:\/\/soydeaqui.ddns.net\/pachuca\/index.php\/wp-json\/wp\/v2\/types\/product"}],"replies":[{"embeddable":true,"href":"https:\/\/soydeaqui.ddns.net\/pachuca\/index.php\/wp-json\/wp\/v2\/comments?post=74959"}],"wp:featuredmedia":[{"embeddable":true,"href":"https:\/\/soydeaqui.ddns.net\/pachuca\/index.php\/wp-json\/wp\/v2\/media\/74958"}],"wp:attachment":[{"href":"https:\/\/soydeaqui.ddns.net\/pachuca\/index.php\/wp-json\/wp\/v2\/media?parent=74959"}],"wp:term":[{"taxonomy":"product_brand","embeddable":true,"href":"https:\/\/soydeaqui.ddns.net\/pachuca\/index.php\/wp-json\/wp\/v2\/product_brand?post=74959"},{"taxonomy":"product_cat","embeddable":true,"href":"https:\/\/soydeaqui.ddns.net\/pachuca\/index.php\/wp-json\/wp\/v2\/product_cat?post=74959"},{"taxonomy":"product_tag","embeddable":true,"href":"https:\/\/soydeaqui.ddns.net\/pachuca\/index.php\/wp-json\/wp\/v2\/product_tag?post=74959"}],"curies":[{"name":"wp","href":"https:\/\/api.w.org\/{rel}","templated":true}]}}