{"id":74885,"date":"2026-03-19T14:18:15","date_gmt":"2026-03-19T14:18:15","guid":{"rendered":"https:\/\/soydeaqui.ddns.net\/pachuca\/index.php\/producto\/intercomunicador-ip-2-lineas-sip-2-relevadores-con-boton-para-llamada-anti-vandalico-ip65-e-ik10-poe\/"},"modified":"2026-03-19T14:18:26","modified_gmt":"2026-03-19T14:18:26","slug":"intercomunicador-ip-2-lineas-sip-2-relevadores-con-boton-para-llamada-anti-vandalico-ip65-e-ik10-poe","status":"publish","type":"product","link":"https:\/\/soydeaqui.ddns.net\/pachuca\/index.php\/producto\/intercomunicador-ip-2-lineas-sip-2-relevadores-con-boton-para-llamada-anti-vandalico-ip65-e-ik10-poe\/","title":{"rendered":"Intercomunicador IP, 2 l\u00edneas SIP, 2 relevadores con bot\u00f3n para llamada, anti-vand\u00e1lico, IP65 e IK10, PoE"},"content":{"rendered":"<div style='width: 100%; max-width: 1200px; margin: 0 auto; font-family: sans-serif; line-height: 1.6; color: inherit; background-color: transparent;'> <!-- Encabezado con t\u00edtulo --> <\/p>\n<div style='background-color: #cb3234; color: white; text-align: center; padding: 30px 15px;'>\n<h1 style='margin: 0; font-size: 32px; color: inherit;'>Intercom SIP Fanvil i12<\/h1>\n<p style='margin: 0; font-size: 18px; color: inherit;'>2 l\u00edneas SIP | PoE | IP65\/IK10 | -40\u00b0C a 70\u00b0C<\/p>\n<\/p><\/div>\n<p> <!-- Contenedor principal --> <\/p>\n<div style='max-width: 1100px; margin: auto; padding: 20px; font-family: Arial&comma; sans-serif; color: inherit; background-color: transparent;'> <!-- Descripci\u00f3n general --> <\/p>\n<section style='margin-bottom: 30px;'>\n<p style='font-size: 18pt; text-align: justify; color: inherit;'>El intercom SIP <strong>i12<\/strong> de Fanvil combina 10 a\u00f1os de experiencia en tecnolog\u00eda y dise\u00f1o de producto&comma; integrando perfectamente tecnolog\u00eda IP con sistemas de intercomunicaci\u00f3n. Puede configurarse f\u00e1cilmente para diversas aplicaciones en bancos&comma; escuelas&comma; miner\u00eda&comma; entornos urbanos y m\u00e1s.<\/p>\n<\/section>\n<p> <!-- Caracter\u00edsticas --> <\/p>\n<div style='display: flex; flex-wrap: wrap; gap: 30px; margin-top: 40px;'> <!-- Caracter\u00edsticas principales --> <\/p>\n<div style='flex: 1 1 300px; min-width: 280px; border-left: 5px solid #cb3234; border-radius: 8px; padding: 15px; box-shadow: 2px 2px 10px rgba(0&comma;0&comma;0&comma;0.1); background: transparent;'>\n<h3 style='color: #cb3234; font-size: 20px; margin-top: 0; color: inherit;'>Caracter\u00edsticas principales:<\/h3>\n<ul style='padding-left: 20px; font-size: 14px; line-height: 1.4; color: inherit;'>\n<li style='margin-bottom: 5px;'>2 cuentas SIP<\/li>\n<li style='margin-bottom: 5px;'>PoE 802.3af<\/li>\n<li style='margin-bottom: 5px;'>Bocina Full-duplex (HF)<\/li>\n<li style='margin-bottom: 5px;'>Botones DSS inteligentes<\/li>\n<li style='margin-bottom: 5px;'>Reducci\u00f3n de ruido integrado con MICs dual<\/li>\n<li style='margin-bottom: 5px;'>Alarma anti-desmantelamiento<\/li>\n<li style='margin-bottom: 5px;'>Multicast<\/li>\n<li style='margin-bottom: 5px;'>Interfaz de grabaci\u00f3n de llamadas<\/li>\n<li style='margin-bottom: 5px;'>Montaje en pared<\/li>\n<li style='margin-bottom: 5px;'><strong>Garant\u00eda:<\/strong> 1 a\u00f1o<\/li>\n<\/ul><\/div>\n<p> <!-- Funciones de llamada --> <\/p>\n<div style='flex: 1 1 300px; min-width: 280px; border-left: 5px solid #cb3234; border-radius: 8px; padding: 15px; box-shadow: 2px 2px 10px rgba(0&comma;0&comma;0&comma;0.1); background: transparent;'>\n<h3 style='color: #cb3234; font-size: 20px; margin-top: 0; color: inherit;'>Funciones de llamada:<\/h3>\n<ul style='padding-left: 20px; font-size: 14px; line-height: 1.4; color: inherit;'>\n<li style='margin-bottom: 5px;'>Voz Intercom<\/li>\n<li style='margin-bottom: 5px;'>Marcaci\u00f3n r\u00e1pida (speed dial key)<\/li>\n<li style='margin-bottom: 5px;'>Auto-contestado (por l\u00ednea)<\/li>\n<li style='margin-bottom: 5px;'>Mensaje de voz (sobre servidor)<\/li>\n<li style='margin-bottom: 5px;'>Barge in y llamadas conmutadas<\/li>\n<li style='margin-bottom: 5px;'>Conferencia local de 3 v\u00edas<\/li>\n<li style='margin-bottom: 5px;'>SIP 2.0 sobre UDP\/TCP\/TLS<\/li>\n<li style='margin-bottom: 5px;'>RTP\/RTCP\/SRTP<\/li>\n<li style='margin-bottom: 5px;'>STUN<\/li>\n<\/ul><\/div>\n<p> <!-- Especificaciones f\u00edsicas --> <\/p>\n<div style='flex: 1 1 300px; min-width: 280px; border-left: 5px solid #cb3234; border-radius: 8px; padding: 15px; box-shadow: 2px 2px 10px rgba(0&comma;0&comma;0&comma;0.1); background: transparent;'>\n<h3 style='color: #cb3234; font-size: 20px; margin-top: 0; color: inherit;'>Especificaciones f\u00edsicas:<\/h3>\n<ul style='padding-left: 20px; font-size: 14px; line-height: 1.4; color: inherit;'>\n<li style='margin-bottom: 5px;'><strong>Bot\u00f3n DSS:<\/strong> 1 (Speed Dial)<\/li>\n<li style='margin-bottom: 5px;'><strong>Interfaces Ethernet:<\/strong> 2 (1 PoE)<\/li>\n<li style='margin-bottom: 5px;'><strong>Chipset:<\/strong> Broadcom<\/li>\n<li style='margin-bottom: 5px;'><strong>Memoria:<\/strong> 1GB DDR3 SDRAM<\/li>\n<li style='margin-bottom: 5px;'><strong>Amplificador de audio:<\/strong> 2.5W<\/li>\n<li style='margin-bottom: 5px;'><strong>Bocina:<\/strong> 2W \/ 4 Ohms<\/li>\n<li style='margin-bottom: 5px;'><strong>Alimentaci\u00f3n:<\/strong> 9-16Vcc 1.0A o PoE<\/li>\n<li style='margin-bottom: 5px;'><strong>Protecci\u00f3n:<\/strong> IP65 \/ IK10<\/li>\n<li style='margin-bottom: 5px;'><strong>Dimensiones:<\/strong> 195 \u00d7 120 \u00d7 39 mm<\/li>\n<li style='margin-bottom: 5px;'><strong>Peso:<\/strong> 0.85 kg<\/li>\n<\/ul><\/div>\n<\/p><\/div>\n<p> <!-- Aplicaciones --> <\/p>\n<section style='margin-top: 40px;'>\n<h2 style='color: #cb3234; font-size: 24px; text-align: center; margin-bottom: 20px; color: inherit;'>Topolog\u00eda de conexi\u00f3n<\/h2>\n<div style='margin-top: 30px;'>\n<h3 style='color: #333; font-size: 20px; text-align: center; margin-bottom: 15px; color: inherit;'>Bot\u00f3n de p\u00e1nico<\/h3>\n<p> <img style='width: 100%; height: auto; border: 1px solid rgba(150&comma;150&comma;150&comma;0.3); border-radius: 8px; display: block; margin: 15px auto; max-width: 900px;' src='https:\/\/ftp3.syscom.mx\/usuarios\/esanchez\/FANVIL\/I12\/Captura%20de%20pantalla%202019-11-01%20a%20la%28s%29%2013.51.37.png' alt='Diagrama de conexi\u00f3n para bot\u00f3n de p\u00e1nico'> <\/p>\n<p style='text-align: center; font-size: 14px; color: rgba(120&comma;120&comma;120&comma;0.8); margin-top: 10px;'>* Se puede utilizar sin conmutador IP o con conmutador IP para funciones especiales (grupo de timbrado&comma; contestar desde celular v\u00eda softphone&comma; etc.)<\/p>\n<\/p><\/div>\n<\/section><\/div>\n<\/p><\/div>\n","protected":false},"excerpt":{"rendered":"<p>Intercomunicador IP, 2 l\u00edneas SIP, 2 relevadores con bot\u00f3n para llamada, anti-vand\u00e1lico, IP65 e IK10, PoE<\/p>\n","protected":false},"featured_media":74884,"comment_status":"open","ping_status":"closed","template":"","meta":[],"product_brand":[],"product_cat":[907],"product_tag":[859,908,557],"class_list":{"0":"post-74885","1":"product","2":"type-product","3":"status-publish","4":"has-post-thumbnail","6":"product_cat-interfones","7":"product_tag-fanvil","8":"product_tag-interfones","9":"product_tag-videoporteros-e-interfonos","11":"first","12":"instock","13":"sale","14":"shipping-taxable","15":"purchasable","16":"product-type-simple"},"_links":{"self":[{"href":"https:\/\/soydeaqui.ddns.net\/pachuca\/index.php\/wp-json\/wp\/v2\/product\/74885","targetHints":{"allow":["GET"]}}],"collection":[{"href":"https:\/\/soydeaqui.ddns.net\/pachuca\/index.php\/wp-json\/wp\/v2\/product"}],"about":[{"href":"https:\/\/soydeaqui.ddns.net\/pachuca\/index.php\/wp-json\/wp\/v2\/types\/product"}],"replies":[{"embeddable":true,"href":"https:\/\/soydeaqui.ddns.net\/pachuca\/index.php\/wp-json\/wp\/v2\/comments?post=74885"}],"wp:featuredmedia":[{"embeddable":true,"href":"https:\/\/soydeaqui.ddns.net\/pachuca\/index.php\/wp-json\/wp\/v2\/media\/74884"}],"wp:attachment":[{"href":"https:\/\/soydeaqui.ddns.net\/pachuca\/index.php\/wp-json\/wp\/v2\/media?parent=74885"}],"wp:term":[{"taxonomy":"product_brand","embeddable":true,"href":"https:\/\/soydeaqui.ddns.net\/pachuca\/index.php\/wp-json\/wp\/v2\/product_brand?post=74885"},{"taxonomy":"product_cat","embeddable":true,"href":"https:\/\/soydeaqui.ddns.net\/pachuca\/index.php\/wp-json\/wp\/v2\/product_cat?post=74885"},{"taxonomy":"product_tag","embeddable":true,"href":"https:\/\/soydeaqui.ddns.net\/pachuca\/index.php\/wp-json\/wp\/v2\/product_tag?post=74885"}],"curies":[{"name":"wp","href":"https:\/\/api.w.org\/{rel}","templated":true}]}}