{"id":74832,"date":"2026-03-19T14:16:04","date_gmt":"2026-03-19T14:16:04","guid":{"rendered":"https:\/\/soydeaqui.ddns.net\/pachuca\/index.php\/producto\/switch-administrable-industrial-16-puertos-gigabit-ethernet-4-sfp\/"},"modified":"2026-03-19T14:16:06","modified_gmt":"2026-03-19T14:16:06","slug":"switch-administrable-industrial-16-puertos-gigabit-ethernet-4-sfp","status":"publish","type":"product","link":"https:\/\/soydeaqui.ddns.net\/pachuca\/index.php\/producto\/switch-administrable-industrial-16-puertos-gigabit-ethernet-4-sfp\/","title":{"rendered":"Switch Administrable Industrial 16 puertos Gigabit Ethernet + 4 SFP"},"content":{"rendered":"<div style='width: 100%; max-width: 1200px; margin: 0 auto; font-family: sans-serif; line-height: 1.6; color: inherit;'> <!-- Imagen del producto --> <\/p>\n<div style='display: flex; justify-content: center; margin-bottom: 30px;'> <img style='width: 100%; max-width: 490px; height: auto; border: 1px solid rgba(150&comma;150&comma;150&comma;0.3); border-radius: 8px;' src='http:\/\/www.planet.com.tw\/en\/product\/images\/48607\/IGS-20040MT-4_s.jpg' alt=''> <\/div>\n<p> <!-- Secci\u00f3n de caracter\u00edsticas --> <\/p>\n<div style='display: flex; flex-wrap: wrap; gap: 30px;'>\n<div style='flex: 1 1 300px; min-width: 280px;'>\n<h3 style='font-size: 22px; border-bottom: 2px solid currentColor; padding-bottom: 5px; margin-top: 0; color: inherit; opacity: 0.8;'>Puerto f\u00edsico<\/h3>\n<ul style='padding-left: 20px; font-size: 15px; color: inherit;'>\n<li style='margin-bottom: 5px;'><strong>16 puertos 10\/100 \/ 1000BASE-T<\/strong> de cobre RJ45<\/li>\n<li style='margin-bottom: 5px;'><strong>4 100 \/ 1000BASE-X mini-GBIC \/ SFP<\/strong> ranuras&comma; tipo SFP detecci\u00f3n autom\u00e1tica<\/li>\n<li style='margin-bottom: 5px;'>Una interfaz de consola RJ45 para la gesti\u00f3n y configuraci\u00f3n b\u00e1sica<\/li>\n<\/ul><\/div>\n<div style='flex: 1 1 300px; min-width: 280px;'>\n<h3 style='font-size: 22px; border-bottom: 2px solid currentColor; padding-bottom: 5px; margin-top: 0; color: inherit; opacity: 0.8;'>Caso Industrial \/ Instalaci\u00f3n<\/h3>\n<ul style='padding-left: 20px; font-size: 15px; color: inherit;'>\n<li style='margin-bottom: 5px;'>12 a 48 V DC&comma; fuente de alimentaci\u00f3n redundante con la polaridad inversa funci\u00f3n de proteger<\/li>\n<li style='margin-bottom: 5px;'>Adaptador de corriente AC 24V aceptables<\/li>\n<li style='margin-bottom: 5px;'>IP30 protecci\u00f3n caja de aluminio<\/li>\n<li style='margin-bottom: 5px;'>Carril DIN y montaje en pared de dise\u00f1o<\/li>\n<li style='margin-bottom: 5px;'>Dise\u00f1o de alimentaci\u00f3n redundante<\/li>\n<li style='margin-bottom: 5px;'>Apoya la protecci\u00f3n de EFT para poder 6000V DC y protecci\u00f3n 6000 V DC Ethernet ESD<\/li>\n<li style='margin-bottom: 5px;'>-40 A 75 grados de temperatura de funcionamiento<\/li>\n<\/ul><\/div>\n<\/p><\/div>\n<p> <!-- Separador --> <\/p>\n<hr style='border: 0; border-top: 1px solid rgba(150&comma; 150&comma; 150&comma; 0.3); margin: 30px 0;'> <\/div>\n","protected":false},"excerpt":{"rendered":"<p>Switch Administrable Industrial 16 puertos Gigabit Ethernet + 4 SFP<\/p>\n","protected":false},"featured_media":74831,"comment_status":"open","ping_status":"closed","template":"","meta":[],"product_brand":[],"product_cat":[1984],"product_tag":[1985,664,2033],"class_list":{"0":"post-74832","1":"product","2":"type-product","3":"status-publish","4":"has-post-thumbnail","6":"product_cat-industrial","7":"product_tag-industrial","8":"product_tag-networking","9":"product_tag-planet","11":"first","12":"outofstock","13":"sale","14":"shipping-taxable","15":"purchasable","16":"product-type-simple"},"_links":{"self":[{"href":"https:\/\/soydeaqui.ddns.net\/pachuca\/index.php\/wp-json\/wp\/v2\/product\/74832","targetHints":{"allow":["GET"]}}],"collection":[{"href":"https:\/\/soydeaqui.ddns.net\/pachuca\/index.php\/wp-json\/wp\/v2\/product"}],"about":[{"href":"https:\/\/soydeaqui.ddns.net\/pachuca\/index.php\/wp-json\/wp\/v2\/types\/product"}],"replies":[{"embeddable":true,"href":"https:\/\/soydeaqui.ddns.net\/pachuca\/index.php\/wp-json\/wp\/v2\/comments?post=74832"}],"wp:featuredmedia":[{"embeddable":true,"href":"https:\/\/soydeaqui.ddns.net\/pachuca\/index.php\/wp-json\/wp\/v2\/media\/74831"}],"wp:attachment":[{"href":"https:\/\/soydeaqui.ddns.net\/pachuca\/index.php\/wp-json\/wp\/v2\/media?parent=74832"}],"wp:term":[{"taxonomy":"product_brand","embeddable":true,"href":"https:\/\/soydeaqui.ddns.net\/pachuca\/index.php\/wp-json\/wp\/v2\/product_brand?post=74832"},{"taxonomy":"product_cat","embeddable":true,"href":"https:\/\/soydeaqui.ddns.net\/pachuca\/index.php\/wp-json\/wp\/v2\/product_cat?post=74832"},{"taxonomy":"product_tag","embeddable":true,"href":"https:\/\/soydeaqui.ddns.net\/pachuca\/index.php\/wp-json\/wp\/v2\/product_tag?post=74832"}],"curies":[{"name":"wp","href":"https:\/\/api.w.org\/{rel}","templated":true}]}}