{"id":74819,"date":"2026-03-19T14:15:32","date_gmt":"2026-03-19T14:15:32","guid":{"rendered":"https:\/\/soydeaqui.ddns.net\/pachuca\/index.php\/producto\/antena-para-enlaces-carrier-class-frec-4-9-5-9-ghz-ganancia-32-dbi-dimensiones-92-7-cm-peso-10-kg\/"},"modified":"2026-03-19T14:15:44","modified_gmt":"2026-03-19T14:15:44","slug":"antena-para-enlaces-carrier-class-frec-4-9-5-9-ghz-ganancia-32-dbi-dimensiones-92-7-cm-peso-10-kg","status":"publish","type":"product","link":"https:\/\/soydeaqui.ddns.net\/pachuca\/index.php\/producto\/antena-para-enlaces-carrier-class-frec-4-9-5-9-ghz-ganancia-32-dbi-dimensiones-92-7-cm-peso-10-kg\/","title":{"rendered":"Antena para enlaces Carrier Class, Frec. 4.9 &#8211; 5.9 GHz Ganancia 32 dBi, Dimensiones 92.7 cm \/ Peso 10 kg"},"content":{"rendered":"<div style='width: 100%; max-width: 1200px; margin: 0 auto; font-family: sans-serif; line-height: 1.6; color: inherit; background-color: transparent;'> <!-- Imagen de garant\u00eda --> <\/p>\n<div style='display: flex; justify-content: center; margin-bottom: 30px;'> <img style='width: 100%; max-width: 257px; height: auto; border: 1px solid rgba(150&comma;150&comma;150&comma;0.3); border-radius: 8px;' src='http:\/\/ftp3.syscom.mx\/usuarios\/fotos\/TRA6927M3PB001\/85897-garantia_laird.jpg' alt=''> <\/div>\n<p> <!-- Descripci\u00f3n principal --> <\/p>\n<div style='margin-bottom: 30px; font-size: 15px;'>\n<p>Las Antenas de la serie HD de Laird est\u00e1n construidas para entregar un enlace de <strong>ALTO DESEMPE\u00d1O<\/strong>. Las antenas cumplen con las especificaciones estrictas de la norma ETSI EN 302&comma;326-3 para antenas Punto a Punto clases DN1 hasta DN5. El dise\u00f1o especial del sistema de alimentaci\u00f3n&comma; proporciona polarizaci\u00f3n doble&comma; vertical en el primer puerto y horizontal en el segundo puerto&comma; haci\u00e9ndolo ideal para enlaces de Punto a Punto.<\/p>\n<p><em><strong>Caracter\u00edsticas:<\/strong><\/em><\/p>\n<ul style='padding-left: 20px;'>\n<li style='margin-bottom: 5px;'><strong>Doble Polaridad Simult\u00e1nea de Alto Desempe\u00f1o:<\/strong> Vertical y Horizontal<\/li>\n<li style='margin-bottom: 5px;'><strong>Di\u00e1metro:<\/strong> 927 mm<\/li>\n<li style='margin-bottom: 5px;'><strong>Peso:<\/strong> 10 kg<\/li>\n<li style='margin-bottom: 5px;'><strong>Ganancia:<\/strong> 32 dBi<\/li>\n<li style='margin-bottom: 5px;'><strong>Rango de Frecuencia:<\/strong> 4.9 \u2013 5.9 GHz<\/li>\n<li style='margin-bottom: 5px;'><strong>Conectores:<\/strong> 2 conectores N-Hembra<\/li>\n<li style='margin-bottom: 5px;'><strong>Accesorios:<\/strong> Incluye Montaje de Torre<\/li>\n<li style='margin-bottom: 5px;'><strong>Caracter\u00edsticas f\u00edsicas:<\/strong> Para intemperie<\/li>\n<\/ul>\n<p><em>Nota:<\/em> Se recomienda realizar la instalaci\u00f3n directamente en la torre (No usar brazos laterales menores a 80 mm de di\u00e1metro exterior)<\/p>\n<\/p><\/div>\n<p> <!-- Imagen principal --> <\/p>\n<div style='display: flex; justify-content: center; margin-bottom: 30px;'> <img style='width: 100%; max-width: 317px; height: auto; border: 1px solid rgba(150&comma;150&comma;150&comma;0.3); border-radius: 8px;' src='http:\/\/ftp3.syscom.mx\/usuarios\/fotos\/HDDA5W32DP\/86091-hdda5w.jpg' alt=''> <\/div>\n<p> <!-- Informaci\u00f3n adicional --> <\/p>\n<div style='margin-bottom: 30px; font-size: 15px;'>\n<p style='text-align: center; font-size: 20px; color: inherit; opacity: 0.8;'>Enlaces punto a punto para distancias desde 1 hasta 60 km&comma; en frecuencia de 4.9 hasta 5.9 GHz<\/p>\n<p style='text-align: center; font-size: 20px; color: inherit; opacity: 0.8;'>Antenas HDDA5W32DP2 est\u00e1n dise\u00f1adas para enlaces robustos de alta capacidad&comma; para el paso de internet&comma; datos&comma; telefon\u00eda IP o video vigilancia en diferentes sectores a distancia de 1 hasta 60 km<\/p>\n<\/p><\/div>\n<p> <!-- Imagen de patr\u00f3n de radiaci\u00f3n --> <\/p>\n<div style='display: flex; justify-content: center; margin-bottom: 30px;'> <img style='width: 100%; height: auto; border: 1px solid rgba(150&comma;150&comma;150&comma;0.3); border-radius: 8px;' src='http:\/\/ftp3.syscom.mx\/usuarios\/fotos\/HDDA5W32DP\/86091-patron_de_radiacion_hdda5w.jpg' alt=''> <\/div>\n<p> <!-- Imagen adicional de referencia --> <\/p>\n<div style='display: flex; justify-content: center;'> <img style='width: 100%; max-width: 600px; height: auto; border: 1px solid rgba(150&comma;150&comma;150&comma;0.3); border-radius: 8px;' src='http:\/\/ftp3.syscom.mx\/usuarios\/ftp\/single_page\/txpro\/antenas_txpro-02.png' alt=''> <\/div>\n<\/p><\/div>\n","protected":false},"excerpt":{"rendered":"<p>Antena para enlaces Carrier Class, Frec. 4.9 &#8211; 5.9 GHz Ganancia 32 dBi, Dimensiones 92.7 cm \/ Peso 10 kg<\/p>\n","protected":false},"featured_media":74818,"comment_status":"open","ping_status":"closed","template":"","meta":[],"product_brand":[],"product_cat":[1918],"product_tag":[1404,1919,944],"class_list":{"0":"post-74819","1":"product","2":"type-product","3":"status-publish","4":"has-post-thumbnail","6":"product_cat-direccionales","7":"product_tag-antenas","8":"product_tag-direccionales","9":"product_tag-laird","11":"first","12":"outofstock","13":"sale","14":"shipping-taxable","15":"purchasable","16":"product-type-simple"},"_links":{"self":[{"href":"https:\/\/soydeaqui.ddns.net\/pachuca\/index.php\/wp-json\/wp\/v2\/product\/74819","targetHints":{"allow":["GET"]}}],"collection":[{"href":"https:\/\/soydeaqui.ddns.net\/pachuca\/index.php\/wp-json\/wp\/v2\/product"}],"about":[{"href":"https:\/\/soydeaqui.ddns.net\/pachuca\/index.php\/wp-json\/wp\/v2\/types\/product"}],"replies":[{"embeddable":true,"href":"https:\/\/soydeaqui.ddns.net\/pachuca\/index.php\/wp-json\/wp\/v2\/comments?post=74819"}],"wp:featuredmedia":[{"embeddable":true,"href":"https:\/\/soydeaqui.ddns.net\/pachuca\/index.php\/wp-json\/wp\/v2\/media\/74818"}],"wp:attachment":[{"href":"https:\/\/soydeaqui.ddns.net\/pachuca\/index.php\/wp-json\/wp\/v2\/media?parent=74819"}],"wp:term":[{"taxonomy":"product_brand","embeddable":true,"href":"https:\/\/soydeaqui.ddns.net\/pachuca\/index.php\/wp-json\/wp\/v2\/product_brand?post=74819"},{"taxonomy":"product_cat","embeddable":true,"href":"https:\/\/soydeaqui.ddns.net\/pachuca\/index.php\/wp-json\/wp\/v2\/product_cat?post=74819"},{"taxonomy":"product_tag","embeddable":true,"href":"https:\/\/soydeaqui.ddns.net\/pachuca\/index.php\/wp-json\/wp\/v2\/product_tag?post=74819"}],"curies":[{"name":"wp","href":"https:\/\/api.w.org\/{rel}","templated":true}]}}