{"id":74706,"date":"2026-03-19T14:11:03","date_gmt":"2026-03-19T14:11:03","guid":{"rendered":"https:\/\/soydeaqui.ddns.net\/pachuca\/index.php\/producto\/mastil-telescopico-neumatico-de-12-metros-con-compresor-y-accesorios\/"},"modified":"2026-03-19T14:11:04","modified_gmt":"2026-03-19T14:11:04","slug":"mastil-telescopico-neumatico-de-12-metros-con-compresor-y-accesorios","status":"publish","type":"product","link":"https:\/\/soydeaqui.ddns.net\/pachuca\/index.php\/producto\/mastil-telescopico-neumatico-de-12-metros-con-compresor-y-accesorios\/","title":{"rendered":"M\u00e1stil Telesc\u00f3pico Neum\u00e1tico de 12 metros con Compresor y Accesorios."},"content":{"rendered":"<div style='width: 100%; max-width: 1200px; margin: 0 auto; font-family: sans-serif; line-height: 1.6; color: inherit; background-color: transparent;'>\n<div style='display: flex; flex-wrap: wrap; gap: 30px; margin-bottom: 30px;'>\n<div style='flex: 1 1 300px; min-width: 280px;'>\n<h3 style='font-size: 22px; border-bottom: 2px solid currentColor; padding-bottom: 5px; margin-top: 0; color: inherit; opacity: 0.8;'>Caracter\u00edsticas f\u00edsicas<\/h3>\n<ul style='padding-left: 20px; font-size: 15px; color: inherit;'>\n<li style='margin-bottom: 5px;'><strong>Altura m\u00e1xima:<\/strong> 12 m<\/li>\n<li style='margin-bottom: 5px;'><strong>Altura retra\u00eddo:<\/strong> 2.6 m<\/li>\n<li style='margin-bottom: 5px;'><strong>Carga \u00fatil:<\/strong> m\u00e1ximo 15 kg<\/li>\n<li style='margin-bottom: 5px;'><strong>Carga de viento:<\/strong> m\u00e1ximo 80 km\/hr<\/li>\n<li style='margin-bottom: 5px;'><strong>Presi\u00f3n m\u00e1xima de operaci\u00f3n:<\/strong> 0.20 Mpa<\/li>\n<li style='margin-bottom: 5px;'><strong>Material:<\/strong> Aluminio 6063<\/li>\n<li style='margin-bottom: 5px;'><strong>Nivel de protecci\u00f3n:<\/strong> IP-65<\/li>\n<li style='margin-bottom: 5px;'><strong>Peso de m\u00e1stil:<\/strong> 120 Kg (Aprox.)<\/li>\n<li style='margin-bottom: 5px;'><strong>N\u00famero de secciones:<\/strong> 7<\/li>\n<li style='margin-bottom: 5px;'><strong>Tiempo de levantamiento:<\/strong> 3 min. Max.<\/li>\n<li style='margin-bottom: 5px;'><strong>Voltaje de entrada de compresor:<\/strong> 110 Vca (250 W)<\/li>\n<\/ul><\/div>\n<\/p><\/div>\n<div style='display: flex; flex-wrap: wrap; gap: 20px; margin-bottom: 30px;'>\n<div style='flex: 1 1 250px; border: 1px solid rgba(150&comma; 150&comma; 150&comma; 0.4); border-radius: 8px; overflow: hidden; display: flex; flex-direction: column;'>\n<div style='padding: 15px; border-bottom: 1px solid rgba(150&comma; 150&comma; 150&comma; 0.2); font-weight: bold; font-size: 18px; color: inherit;'>Accesorios incluidos<\/div>\n<div style='padding: 15px; color: inherit;'>\n<ul style='padding-left: 20px; margin: 0; font-size: 14px; list-style-type: disc;'>\n<li style='margin-bottom: 5px;'>1 x M\u00e1stil de aluminio con base y plato superior<\/li>\n<li style='margin-bottom: 5px;'>2 x Compresor de aire 110-120 Vca \/ 60 Hz 250W (cada uno)<\/li>\n<li style='margin-bottom: 5px;'>12 x Cables para sujeci\u00f3n de m\u00e1stil<\/li>\n<li style='margin-bottom: 5px;'>1 x Manguera para alimentaci\u00f3n de aire<\/li>\n<li style='margin-bottom: 5px;'>1 x Tripi\u00e9 para instalaci\u00f3n en piso<\/li>\n<li style='margin-bottom: 5px;'>4 x Estacas para anclaje a piso<\/li>\n<li style='margin-bottom: 5px;'>1 x V\u00e1lvula de control<\/li>\n<\/ul><\/div>\n<\/p><\/div>\n<\/p><\/div>\n<div style='position: relative; padding-bottom: 56.25%; height: 0; overflow: hidden; margin-bottom: 30px;'>   <\/div>\n<hr style='border: 0; border-top: 1px solid rgba(150&comma; 150&comma; 150&comma; 0.3); margin: 30px 0;'> <\/div>\n","protected":false},"excerpt":{"rendered":"<p>M\u00e1stil Telesc\u00f3pico Neum\u00e1tico de 12 metros con Compresor y Accesorios.<\/p>\n","protected":false},"featured_media":74705,"comment_status":"open","ping_status":"closed","template":"","meta":[],"product_brand":[],"product_cat":[1654],"product_tag":[1328,733,246],"class_list":{"0":"post-74706","1":"product","2":"type-product","3":"status-publish","4":"has-post-thumbnail","6":"product_cat-mastiles-y-accesorios-torres-y-mastiles-redes-e-it","7":"product_tag-mastiles-y-accesorios","8":"product_tag-syscom-towers","9":"product_tag-torres-y-mastiles","11":"first","12":"outofstock","13":"sale","14":"shipping-taxable","15":"purchasable","16":"product-type-simple"},"_links":{"self":[{"href":"https:\/\/soydeaqui.ddns.net\/pachuca\/index.php\/wp-json\/wp\/v2\/product\/74706","targetHints":{"allow":["GET"]}}],"collection":[{"href":"https:\/\/soydeaqui.ddns.net\/pachuca\/index.php\/wp-json\/wp\/v2\/product"}],"about":[{"href":"https:\/\/soydeaqui.ddns.net\/pachuca\/index.php\/wp-json\/wp\/v2\/types\/product"}],"replies":[{"embeddable":true,"href":"https:\/\/soydeaqui.ddns.net\/pachuca\/index.php\/wp-json\/wp\/v2\/comments?post=74706"}],"wp:featuredmedia":[{"embeddable":true,"href":"https:\/\/soydeaqui.ddns.net\/pachuca\/index.php\/wp-json\/wp\/v2\/media\/74705"}],"wp:attachment":[{"href":"https:\/\/soydeaqui.ddns.net\/pachuca\/index.php\/wp-json\/wp\/v2\/media?parent=74706"}],"wp:term":[{"taxonomy":"product_brand","embeddable":true,"href":"https:\/\/soydeaqui.ddns.net\/pachuca\/index.php\/wp-json\/wp\/v2\/product_brand?post=74706"},{"taxonomy":"product_cat","embeddable":true,"href":"https:\/\/soydeaqui.ddns.net\/pachuca\/index.php\/wp-json\/wp\/v2\/product_cat?post=74706"},{"taxonomy":"product_tag","embeddable":true,"href":"https:\/\/soydeaqui.ddns.net\/pachuca\/index.php\/wp-json\/wp\/v2\/product_tag?post=74706"}],"curies":[{"name":"wp","href":"https:\/\/api.w.org\/{rel}","templated":true}]}}