{"id":74539,"date":"2026-03-19T14:04:47","date_gmt":"2026-03-19T14:04:47","guid":{"rendered":"https:\/\/soydeaqui.ddns.net\/pachuca\/index.php\/producto\/curso-de-introduccion-a-sistemas-de-telefonia-ip-y-comunicaciones-unificadas-diseno-tipos-de-implementacion-y-configuracion-de-un-sistema-de-telefonia-ip\/"},"modified":"2026-03-19T14:04:48","modified_gmt":"2026-03-19T14:04:48","slug":"curso-de-introduccion-a-sistemas-de-telefonia-ip-y-comunicaciones-unificadas-diseno-tipos-de-implementacion-y-configuracion-de-un-sistema-de-telefonia-ip","status":"publish","type":"product","link":"https:\/\/soydeaqui.ddns.net\/pachuca\/index.php\/producto\/curso-de-introduccion-a-sistemas-de-telefonia-ip-y-comunicaciones-unificadas-diseno-tipos-de-implementacion-y-configuracion-de-un-sistema-de-telefonia-ip\/","title":{"rendered":"Curso de Introducci\u00f3n a Sistemas de Telefon\u00eda IP y Comunicaciones Unificadas: Dise\u00f1o, tipos de Implementaci\u00f3n y configuraci\u00f3n de un sistema de telefon\u00eda IP."},"content":{"rendered":"<div style='width: 100%; max-width: 1200px; margin: 0 auto; font-family: sans-serif; line-height: 1.6; color: inherit; background-color: transparent;'> <!-- Secci\u00f3n de temario --> <\/p>\n<div style='margin-bottom: 30px;'>\n<h3 style='font-size: 22px; border-bottom: 2px solid currentColor; padding-bottom: 5px; margin-top: 0; color: inherit; opacity: 0.8;'>Temario<\/h3>\n<div style='margin-top: 15px;'>\n<h4 style='font-size: 18px; color: inherit; margin-top: 15px; margin-bottom: 8px;'>1.- Fundamentos de Telefon\u00eda<\/h4>\n<ul style='padding-left: 20px; font-size: 15px; color: inherit; list-style-type: disc;'>\n<li style='margin-bottom: 5px;'>Conceptos b\u00e1sicos de Telefon\u00eda tradicional<\/li>\n<li style='margin-bottom: 5px;'>Sistema de Telefon\u00eda tradicional<\/li>\n<\/ul><\/div>\n<div style='margin-top: 15px;'>\n<h4 style='font-size: 18px; color: inherit; margin-top: 15px; margin-bottom: 8px;'>2.- Introducci\u00f3n a Telefon\u00eda IP<\/h4>\n<ul style='padding-left: 20px; font-size: 15px; color: inherit; list-style-type: disc;'>\n<li style='margin-bottom: 5px;'>\u00bfQu\u00e9 es Telefon\u00eda IP?<\/li>\n<li style='margin-bottom: 5px;'>Telefon\u00eda IP vs Telefon\u00eda tradicional<\/li>\n<li style='margin-bottom: 5px;'>Sistema de Telefon\u00eda IP local (LAN)<\/li>\n<li style='margin-bottom: 5px;'>Sistema de Telefon\u00eda IP remoto (WAN)<\/li>\n<li style='margin-bottom: 5px;'>Tipos de implementaci\u00f3n (On Premise&comma; H\u00edbrido&comma; Nube)<\/li>\n<\/ul><\/div>\n<div style='margin-top: 15px;'>\n<h4 style='font-size: 18px; color: inherit; margin-top: 15px; margin-bottom: 8px;'>3.- \u00bfC\u00f3mo funciona la Telefonia IP?<\/h4>\n<ul style='padding-left: 20px; font-size: 15px; color: inherit; list-style-type: disc;'>\n<li style='margin-bottom: 5px;'>Protocolos<\/li>\n<li style='margin-bottom: 5px;'>Transmisi\u00f3n de Voz<\/li>\n<li style='margin-bottom: 5px;'>Codecs<\/li>\n<li style='margin-bottom: 5px;'>Factores que afectan la calidad de una llamada<\/li>\n<\/ul><\/div>\n<div style='margin-top: 15px;'>\n<h4 style='font-size: 18px; color: inherit; margin-top: 15px; margin-bottom: 8px;'>4.- Comunicaciones Unificadas (CU)<\/h4>\n<ul style='padding-left: 20px; font-size: 15px; color: inherit; list-style-type: disc;'>\n<li style='margin-bottom: 5px;'>\u00bfQu\u00e9 son las Comunicaciones Unificadas?<\/li>\n<li style='margin-bottom: 5px;'>\u00bfPor qu\u00e9 elegir Comunicaciones Unificadas<\/li>\n<\/ul><\/div>\n<div style='margin-top: 15px;'>\n<h4 style='font-size: 18px; color: inherit; margin-top: 15px; margin-bottom: 8px;'>5.- Elementos que conforman una red de Telefon\u00eda IP<\/h4>\n<ul style='padding-left: 20px; font-size: 15px; color: inherit; list-style-type: disc;'>\n<li style='margin-bottom: 5px;'>Hardware<\/li>\n<li style='margin-bottom: 5px;'>Software<\/li>\n<li style='margin-bottom: 5px;'>Troncales<\/li>\n<\/ul><\/div>\n<div style='margin-top: 15px;'>\n<h4 style='font-size: 18px; color: inherit; margin-top: 15px; margin-bottom: 8px;'>6.- Administraci\u00f3n de llamadas<\/h4>\n<ul style='padding-left: 20px; font-size: 15px; color: inherit; list-style-type: disc;'>\n<li style='margin-bottom: 5px;'>Transferencia \/ Desv\u00edo de llamadas<\/li>\n<li style='margin-bottom: 5px;'>Registro m\u00faltiple de extensi\u00f3n<\/li>\n<li style='margin-bottom: 5px;'>DND \/ Llamada en espera<\/li>\n<li style='margin-bottom: 5px;'>Parqueo de llamadas<\/li>\n<li style='margin-bottom: 5px;'>Direccionamiento de llamadas<\/li>\n<\/ul><\/div>\n<div style='margin-top: 15px;'>\n<h4 style='font-size: 18px; color: inherit; margin-top: 15px; margin-bottom: 8px;'>7.- Funciones de CU<\/h4>\n<ul style='padding-left: 20px; font-size: 15px; color: inherit; list-style-type: disc;'>\n<li style='margin-bottom: 5px;'>Mensajer\u00eda instant\u00e1nea<\/li>\n<li style='margin-bottom: 5px;'>Administraci\u00f3n del buz\u00f3n de voz<\/li>\n<li style='margin-bottom: 5px;'>IVR<\/li>\n<li style='margin-bottom: 5px;'>Grabaci\u00f3n de llamadas<\/li>\n<li style='margin-bottom: 5px;'>Conferencia<\/li>\n<li style='margin-bottom: 5px;'>Grupo de captura<\/li>\n<li style='margin-bottom: 5px;'>Voceo e intercom<\/li>\n<li style='margin-bottom: 5px;'>Marcaci\u00f3n r\u00e1pida<\/li>\n<li style='margin-bottom: 5px;'>Busy Camp-On<\/li>\n<li style='margin-bottom: 5px;'>Grupos de timbrado<\/li>\n<li style='margin-bottom: 5px;'>Cola de llamadas<\/li>\n<li style='margin-bottom: 5px;'>CDR (Registro detallado de llamadas)<\/li>\n<li style='margin-bottom: 5px;'>Softphone<\/li>\n<\/ul><\/div>\n<div style='margin-top: 15px;'>\n<h4 style='font-size: 18px; color: inherit; margin-top: 15px; margin-bottom: 8px;'>8.- Pr\u00e1ctica de configuraci\u00f3n b\u00e1sica de un sistema de CU<\/h4>\n<ul style='padding-left: 20px; font-size: 15px; color: inherit; list-style-type: disc;'>\n<li style='margin-bottom: 5px;'>Extensiones&comma; creaci\u00f3n y registro en Tel\u00e9fono IP y Softphone<\/li>\n<li style='margin-bottom: 5px;'>Configuraci\u00f3n de troncal anal\u00f3gica<\/li>\n<li style='margin-bottom: 5px;'>Configuraci\u00f3n de troncal SIP\/IP<\/li>\n<li style='margin-bottom: 5px;'>Rutas de entrada y salida<\/li>\n<li style='margin-bottom: 5px;'>Funciones CU<\/li>\n<\/ul><\/div>\n<\/p><\/div>\n<p> <!-- Separador --> <\/p>\n<hr style='border: 0; border-top: 1px solid rgba(150&comma; 150&comma; 150&comma; 0.3); margin: 30px 0;'> <!-- Secci\u00f3n de requisitos --> <\/p>\n<div style='margin-bottom: 30px;'>\n<h3 style='font-size: 22px; border-bottom: 2px solid currentColor; padding-bottom: 5px; margin-top: 0; color: inherit; opacity: 0.8;'>Requisitos<\/h3>\n<ul style='padding-left: 20px; font-size: 15px; color: inherit; list-style-type: disc;'>\n<li style='margin-bottom: 5px;'>Estar registrado como integrador SYSCOM<\/li>\n<li style='margin-bottom: 5px;'>Laptop con puerto de red Ethernet (obligatorio)<\/li>\n<li style='margin-bottom: 5px;'>Libreta y pluma a la mano para facilitar tomar apuntes<\/li>\n<li style='margin-bottom: 5px;'>Conocimientos b\u00e1sicos en redes de datos: <a href='https:\/\/www.youtube.com\/watch?v=46JPeA7EVDE' style='color: inherit; text-decoration: underline;' target='_blank'>Introductorio Redes &#8211; Curso Express SYSCOM<\/a> <\/li>\n<\/ul><\/div>\n<\/p><\/div>\n","protected":false},"excerpt":{"rendered":"<p>Curso de Introducci\u00f3n a Sistemas de Telefon\u00eda IP y Comunicaciones Unificadas: Dise\u00f1o, tipos de Implementaci\u00f3n y configuraci\u00f3n de un sistema de telefon\u00eda IP.<\/p>\n","protected":false},"featured_media":32,"comment_status":"open","ping_status":"closed","template":"","meta":[],"product_brand":[],"product_cat":[2040],"product_tag":[93,63,2004],"class_list":{"0":"post-74539","1":"product","2":"type-product","3":"status-publish","4":"has-post-thumbnail","6":"product_cat-accesorios-voip-telefonia-ip-videoconferencia","7":"product_tag-accesorios","8":"product_tag-syscom","9":"product_tag-voip-telefonia-ip-videoconferencia","11":"first","12":"instock","13":"sale","14":"shipping-taxable","15":"purchasable","16":"product-type-simple"},"_links":{"self":[{"href":"https:\/\/soydeaqui.ddns.net\/pachuca\/index.php\/wp-json\/wp\/v2\/product\/74539","targetHints":{"allow":["GET"]}}],"collection":[{"href":"https:\/\/soydeaqui.ddns.net\/pachuca\/index.php\/wp-json\/wp\/v2\/product"}],"about":[{"href":"https:\/\/soydeaqui.ddns.net\/pachuca\/index.php\/wp-json\/wp\/v2\/types\/product"}],"replies":[{"embeddable":true,"href":"https:\/\/soydeaqui.ddns.net\/pachuca\/index.php\/wp-json\/wp\/v2\/comments?post=74539"}],"wp:featuredmedia":[{"embeddable":true,"href":"https:\/\/soydeaqui.ddns.net\/pachuca\/index.php\/wp-json\/wp\/v2\/media\/32"}],"wp:attachment":[{"href":"https:\/\/soydeaqui.ddns.net\/pachuca\/index.php\/wp-json\/wp\/v2\/media?parent=74539"}],"wp:term":[{"taxonomy":"product_brand","embeddable":true,"href":"https:\/\/soydeaqui.ddns.net\/pachuca\/index.php\/wp-json\/wp\/v2\/product_brand?post=74539"},{"taxonomy":"product_cat","embeddable":true,"href":"https:\/\/soydeaqui.ddns.net\/pachuca\/index.php\/wp-json\/wp\/v2\/product_cat?post=74539"},{"taxonomy":"product_tag","embeddable":true,"href":"https:\/\/soydeaqui.ddns.net\/pachuca\/index.php\/wp-json\/wp\/v2\/product_tag?post=74539"}],"curies":[{"name":"wp","href":"https:\/\/api.w.org\/{rel}","templated":true}]}}