{"id":74533,"date":"2026-03-19T14:04:31","date_gmt":"2026-03-19T14:04:31","guid":{"rendered":"https:\/\/soydeaqui.ddns.net\/pachuca\/index.php\/producto\/switch-industrial-administrable-8-puertos-10-100-1000-t-802-3at-poe-2-puertos-100-1000x-sfp-2-puertos-10g-sfp\/"},"modified":"2026-03-19T14:04:33","modified_gmt":"2026-03-19T14:04:33","slug":"switch-industrial-administrable-8-puertos-10-100-1000-t-802-3at-poe-2-puertos-100-1000x-sfp-2-puertos-10g-sfp","status":"publish","type":"product","link":"https:\/\/soydeaqui.ddns.net\/pachuca\/index.php\/producto\/switch-industrial-administrable-8-puertos-10-100-1000-t-802-3at-poe-2-puertos-100-1000x-sfp-2-puertos-10g-sfp\/","title":{"rendered":"Switch Industrial Administrable 8 puertos 10\/100\/1000 T 802.3at PoE + 2 Puertos 100\/1000X SFP + 2 puertos 10G SFP+"},"content":{"rendered":"<div style='width: 100%; max-width: 1200px; margin: 0 auto; font-family: sans-serif; line-height: 1.6; color: inherit; background-color: transparent;'>\n<div style='display: flex; flex-wrap: wrap; gap: 30px; margin-bottom: 30px;'>\n<div style='flex: 1 1 300px; min-width: 280px;'>\n<h3 style='font-size: 22px; border-bottom: 2px solid currentColor; padding-bottom: 5px; margin-top: 0; color: inherit; opacity: 0.8;'>Puerto f\u00edsico<\/h3>\n<ul style='padding-left: 20px; font-size: 15px; color: inherit;'>\n<li style='margin-bottom: 5px;'>8 &#8211; 10\/100\/1000BASE-T puertos RJ45 Gigabit Ethernet con IEEE 802.3at PoE + Inyector<\/li>\n<li style='margin-bottom: 5px;'>2 &#8211; 100\/1000BASE-X mini-GBIC \/ SFP ranuras para la detecci\u00f3n autom\u00e1tica de tipo SFP<\/li>\n<li style='margin-bottom: 5px;'>2 &#8211; 10GBASE-SR \/ LR SFP + ranuras &comma; compatible con 1000BASE-SX \/ LX \/ BX SFP<\/li>\n<li style='margin-bottom: 5px;'>1 &#8211; Interfaz de consola RJ45 para la gesti\u00f3n y configuraci\u00f3n b\u00e1sica<\/li>\n<\/ul><\/div>\n<div style='flex: 1 1 300px; min-width: 280px;'>\n<h3 style='font-size: 22px; border-bottom: 2px solid currentColor; padding-bottom: 5px; margin-top: 0; color: inherit; opacity: 0.8;'>Alimentaci\u00f3n a trav\u00e9s de Ethernet<\/h3>\n<ul style='padding-left: 20px; font-size: 15px; color: inherit;'>\n<li style='margin-bottom: 5px;'>Cumple con la norma IEEE 802.3at de alimentaci\u00f3n a trav\u00e9s de Ethernet Plus<\/li>\n<li style='margin-bottom: 5px;'>Hasta 8 dispositivos IEEE 802.3af \/ 802.3at<\/li>\n<li style='margin-bottom: 5px;'>Auto detecta dispositivo alimentado (PD)<\/li>\n<li style='margin-bottom: 5px;'>La alimentaci\u00f3n de energ\u00eda a distancia de hasta 100 metros<\/li>\n<\/ul><\/div>\n<div style='flex: 1 1 300px; min-width: 280px;'>\n<h3 style='font-size: 22px; border-bottom: 2px solid currentColor; padding-bottom: 5px; margin-top: 0; color: inherit; opacity: 0.8;'>Gabinete e instalaci\u00f3n industrial<\/h3>\n<ul style='padding-left: 20px; font-size: 15px; color: inherit;'>\n<li style='margin-bottom: 5px;'>Caja de aluminio IP30<\/li>\n<li style='margin-bottom: 5px;'>DIN rail y dise\u00f1o de montaje en pared<\/li>\n<li style='margin-bottom: 5px;'>48 ~ 56V DC&comma; fuente de alimentaci\u00f3n redundante (fuente no incluida)<\/li>\n<li style='margin-bottom: 5px;'>Temperatura de funcionamiento -40 A 75 grados<\/li>\n<li style='margin-bottom: 5px;'>Dimensiones 72x107x152 mm<\/li>\n<li style='margin-bottom: 5px;'>Consumo Max 11.1 watts sin alimentar dispositivos PoE<\/li>\n<li style='margin-bottom: 5px;'>Max 306 watts con carga completa de PoE<\/li>\n<\/ul><\/div>\n<\/p><\/div>\n<div style='margin-bottom: 30px;'>\n<p style='font-size: 15px; color: inherit; margin: 0 0 15px 0;'>Proporcionar hasta 8 PoE +&comma; en la l\u00ednea de interfaces de potencia&comma; el IGS-5225-8P2S2X puede construir f\u00e1cilmente una potencia controlada centralmente para el sistema IP tel\u00e9fono&comma; sistema de c\u00e1maras IP&comma; o el grupo de punto de acceso inal\u00e1mbrico de la red industrial. Por ejemplo&comma; 8 c\u00e1maras IP POE o puntos de acceso inal\u00e1mbricos se pueden instalar f\u00e1cilmente alrededor de la esquina en el entorno industrial para las demandas de vigilancia o de una red de roaming inal\u00e1mbrico. Sin la limitaci\u00f3n de la potencia socket&comma; el IGS-5225-8P2S2X hace que la instalaci\u00f3n de c\u00e1maras IP o punto de acceso inal\u00e1mbrico f\u00e1cil y m\u00e1s eficiente.<\/p>\n<\/p><\/div>\n<div style='display: flex; flex-wrap: wrap; gap: 20px; margin-bottom: 30px;'>\n<div style='flex: 1 1 40%; min-width: 300px;'> <img style='width: 100%; height: auto; border: 1px solid rgba(150&comma;150&comma;150&comma;0.3); border-radius: 8px;' src='http:\/\/www.planet.com.tw\/en\/product\/images\/48933\/IGS-5225-8P2S2X-12_L.png' alt=''> <\/div>\n<div style='flex: 1 1 40%; min-width: 300px;'> <img style='width: 100%; height: auto; border: 1px solid rgba(150&comma;150&comma;150&comma;0.3); border-radius: 8px;' src='http:\/\/www.planet.com.tw\/en\/product\/images\/48933\/IGS-5225-8P2S2X-9_L.jpg' alt=''> <\/div>\n<\/p><\/div>\n<hr style='border: 0; border-top: 1px solid rgba(150&comma; 150&comma; 150&comma; 0.3); margin: 30px 0;'> <\/div>\n","protected":false},"excerpt":{"rendered":"<p>Switch Industrial Administrable 8 puertos 10\/100\/1000 T 802.3at PoE + 2 Puertos 100\/1000X SFP + 2 puertos 10G SFP+<\/p>\n","protected":false},"featured_media":74532,"comment_status":"open","ping_status":"closed","template":"","meta":[],"product_brand":[],"product_cat":[1984],"product_tag":[1985,664,2033],"class_list":{"0":"post-74533","1":"product","2":"type-product","3":"status-publish","4":"has-post-thumbnail","6":"product_cat-industrial","7":"product_tag-industrial","8":"product_tag-networking","9":"product_tag-planet","11":"first","12":"outofstock","13":"sale","14":"shipping-taxable","15":"purchasable","16":"product-type-simple"},"_links":{"self":[{"href":"https:\/\/soydeaqui.ddns.net\/pachuca\/index.php\/wp-json\/wp\/v2\/product\/74533","targetHints":{"allow":["GET"]}}],"collection":[{"href":"https:\/\/soydeaqui.ddns.net\/pachuca\/index.php\/wp-json\/wp\/v2\/product"}],"about":[{"href":"https:\/\/soydeaqui.ddns.net\/pachuca\/index.php\/wp-json\/wp\/v2\/types\/product"}],"replies":[{"embeddable":true,"href":"https:\/\/soydeaqui.ddns.net\/pachuca\/index.php\/wp-json\/wp\/v2\/comments?post=74533"}],"wp:featuredmedia":[{"embeddable":true,"href":"https:\/\/soydeaqui.ddns.net\/pachuca\/index.php\/wp-json\/wp\/v2\/media\/74532"}],"wp:attachment":[{"href":"https:\/\/soydeaqui.ddns.net\/pachuca\/index.php\/wp-json\/wp\/v2\/media?parent=74533"}],"wp:term":[{"taxonomy":"product_brand","embeddable":true,"href":"https:\/\/soydeaqui.ddns.net\/pachuca\/index.php\/wp-json\/wp\/v2\/product_brand?post=74533"},{"taxonomy":"product_cat","embeddable":true,"href":"https:\/\/soydeaqui.ddns.net\/pachuca\/index.php\/wp-json\/wp\/v2\/product_cat?post=74533"},{"taxonomy":"product_tag","embeddable":true,"href":"https:\/\/soydeaqui.ddns.net\/pachuca\/index.php\/wp-json\/wp\/v2\/product_tag?post=74533"}],"curies":[{"name":"wp","href":"https:\/\/api.w.org\/{rel}","templated":true}]}}