{"id":74268,"date":"2026-03-19T13:54:37","date_gmt":"2026-03-19T13:54:37","guid":{"rendered":"https:\/\/soydeaqui.ddns.net\/pachuca\/index.php\/producto\/switch-no-adminsitrable-poe-de-8-puertos-poe-100basetx-1-puerto-100-1000base-t-con-150w-de-potencia-total\/"},"modified":"2026-03-19T13:54:38","modified_gmt":"2026-03-19T13:54:38","slug":"switch-no-adminsitrable-poe-de-8-puertos-poe-100basetx-1-puerto-100-1000base-t-con-150w-de-potencia-total","status":"publish","type":"product","link":"https:\/\/soydeaqui.ddns.net\/pachuca\/index.php\/producto\/switch-no-adminsitrable-poe-de-8-puertos-poe-100basetx-1-puerto-100-1000base-t-con-150w-de-potencia-total\/","title":{"rendered":"Switch no adminsitrable PoE de 8 Puertos PoE 100BaseTX + 1 Puerto 100\/1000Base-T con 150W de Potencia Total"},"content":{"rendered":"<div style='width: 100%; max-width: 1200px; margin: 0 auto; font-family: sans-serif; line-height: 1.6; color: inherit; background-color: transparent;'>\n<div style='display: flex; flex-wrap: wrap; gap: 30px; margin-bottom: 30px;'>\n<div style='flex: 1 1 300px; min-width: 280px;'>\n<h3 style='font-size: 22px; border-bottom: 2px solid currentColor; padding-bottom: 5px; margin-top: 0; color: inherit; opacity: 0.8;'>Caracter\u00edsticas Principales<\/h3>\n<ul style='padding-left: 20px; font-size: 15px; color: inherit;'>\n<li style='margin-bottom: 5px;'>8 puertos PoE 802.3af con 15.4W cada uno<\/li>\n<li style='margin-bottom: 5px;'>Presupuesto total de energ\u00eda PoE de 120W<\/li>\n<li style='margin-bottom: 5px;'>Arquitectura de conmutaci\u00f3n no bloqueante 3.6Gbps<\/li>\n<li style='margin-bottom: 5px;'>Puerto Gigabit 10\/100\/1000Mbps para uplink<\/li>\n<li style='margin-bottom: 5px;'>Detecci\u00f3n autom\u00e1tica de dispositivos PoE (PD)<\/li>\n<\/ul><\/div>\n<div style='flex: 1 1 300px; min-width: 280px;'>\n<h3 style='font-size: 22px; border-bottom: 2px solid currentColor; padding-bottom: 5px; margin-top: 0; color: inherit; opacity: 0.8;'>Especificaciones Generales<\/h3>\n<ul style='padding-left: 20px; font-size: 15px; color: inherit;'>\n<li style='margin-bottom: 5px;'><strong>Arquitectura:<\/strong> Store &#038; Forward<\/li>\n<li style='margin-bottom: 5px;'><strong>Auto-Negociaci\u00f3n:<\/strong> 10\/100\/1000Mbps<\/li>\n<li style='margin-bottom: 5px;'><strong>Auto MDI\/MDI-X:<\/strong> S\u00ed<\/li>\n<li style='margin-bottom: 5px;'><strong>Throughput:<\/strong> 2.67Mpps@64Bytes<\/li>\n<li style='margin-bottom: 5px;'><strong>Capacidad de direcciones MAC:<\/strong> 4K<\/li>\n<li style='margin-bottom: 5px;'><strong>Control de flujo:<\/strong> IEEE 802.3x (Full-Duplex)&comma; Back Pressure (Half-Duplex)<\/li>\n<\/ul><\/div>\n<div style='flex: 1 1 300px; min-width: 280px;'>\n<h3 style='font-size: 22px; border-bottom: 2px solid currentColor; padding-bottom: 5px; margin-top: 0; color: inherit; opacity: 0.8;'>Especificaciones PoE<\/h3>\n<ul style='padding-left: 20px; font-size: 15px; color: inherit;'>\n<li style='margin-bottom: 5px;'><strong>Est\u00e1ndar:<\/strong> IEEE 802.3af<\/li>\n<li style='margin-bottom: 5px;'><strong>Topolog\u00eda:<\/strong> End-Span PSE<\/li>\n<li style='margin-bottom: 5px;'><strong>Potencia por puerto:<\/strong> 48V DC&comma; 350mA m\u00e1x<\/li>\n<li style='margin-bottom: 5px;'><strong>Potencia total:<\/strong> 120W (a temperatura ambiente)<\/li>\n<li style='margin-bottom: 5px;'><strong>Distancia m\u00e1xima:<\/strong> 100 metros (hasta 500m con extensores POE-E101)<\/li>\n<li style='margin-bottom: 5px;'><strong>Clases soportadas:<\/strong> Clase 1&comma; 2 y 3<\/li>\n<\/ul><\/div>\n<div style='flex: 1 1 300px; min-width: 280px;'>\n<h3 style='font-size: 22px; border-bottom: 2px solid currentColor; padding-bottom: 5px; margin-top: 0; color: inherit; opacity: 0.8;'>Especificaciones F\u00edsicas<\/h3>\n<ul style='padding-left: 20px; font-size: 15px; color: inherit;'>\n<li style='margin-bottom: 5px;'><strong>Alimentaci\u00f3n:<\/strong> 100~240VCA&comma; 50\/60Hz&comma; 2A m\u00e1x<\/li>\n<li style='margin-bottom: 5px;'><strong>Consumo:<\/strong> 130W \/ 443BTU<\/li>\n<li style='margin-bottom: 5px;'><strong>Dimensiones:<\/strong> 280x180x43mm (1U)<\/li>\n<li style='margin-bottom: 5px;'><strong>Peso:<\/strong> 1.7Kg<\/li>\n<li style='margin-bottom: 5px;'><strong>Temperatura operaci\u00f3n:<\/strong> 0 ~ 50\u00b0C<\/li>\n<li style='margin-bottom: 5px;'><strong>Humedad operaci\u00f3n:<\/strong> 5 ~ 95% HR&comma; sin condensaci\u00f3n<\/li>\n<\/ul><\/div>\n<div style='flex: 1 1 300px; min-width: 280px;'>\n<h3 style='font-size: 22px; border-bottom: 2px solid currentColor; padding-bottom: 5px; margin-top: 0; color: inherit; opacity: 0.8;'>Conectividad<\/h3>\n<ul style='padding-left: 20px; font-size: 15px; color: inherit;'>\n<li style='margin-bottom: 5px;'><strong>Puertos:<\/strong> 8x 10\/100Base-TX PoE + 1x 10\/100\/1000Base-T<\/li>\n<li style='margin-bottom: 5px;'><strong>Modo de conexi\u00f3n:<\/strong> Auto-MDI\/MDI-X<\/li>\n<li style='margin-bottom: 5px;'><strong>Cables soportados:<\/strong> UTP Categor\u00eda 5e&comma; 5 o 6<\/li>\n<li style='margin-bottom: 5px;'><strong>Velocidad:<\/strong> 10\/100\/1000Mbps<\/li>\n<li style='margin-bottom: 5px;'><strong>Duplex:<\/strong> Half\/Full<\/li>\n<\/ul><\/div>\n<div style='flex: 1 1 300px; min-width: 280px;'>\n<h3 style='font-size: 22px; border-bottom: 2px solid currentColor; padding-bottom: 5px; margin-top: 0; color: inherit; opacity: 0.8;'>Conformidad<\/h3>\n<ul style='padding-left: 20px; font-size: 15px; color: inherit;'>\n<li style='margin-bottom: 5px;'><strong>Seguridad:<\/strong> FCC Class A&comma; CE<\/li>\n<li style='margin-bottom: 5px;'><strong>Est\u00e1ndares:<\/strong> IEEE 802.3&comma; 802.3u&comma; 802.3ab&comma; 802.3x&comma; 802.3af<\/li>\n<\/ul><\/div>\n<\/p><\/div>\n<div style='display: flex; flex-wrap: wrap; gap: 20px; margin-bottom: 30px;'>\n<div style='flex: 1 1 250px; border: 1px solid rgba(150&comma; 150&comma; 150&comma; 0.4); border-radius: 8px; overflow: hidden; display: flex; flex-direction: column;'>\n<div style='padding: 15px; border-bottom: 1px solid rgba(150&comma; 150&comma; 150&comma; 0.2); font-weight: bold; font-size: 18px; color: inherit;'>Aplicaciones<\/div>\n<div style='padding: 15px; color: inherit;'>\n<ul style='padding-left: 20px; margin: 0; font-size: 14px; list-style-type: disc;'>\n<li style='margin-bottom: 5px;'>Sistemas de vigilancia IP con 8 c\u00e1maras PoE y NVR de 8 canales<\/li>\n<li style='margin-bottom: 5px;'>Redes IP Telephony con tel\u00e9fonos IP y adaptadores<\/li>\n<li style='margin-bottom: 5px;'>Despliegues de puntos de acceso inal\u00e1mbricos PoE<\/li>\n<li style='margin-bottom: 5px;'>Redes de peque\u00f1as oficinas y grupos de trabajo<\/li>\n<\/ul><\/div>\n<\/p><\/div>\n<div style='flex: 1 1 250px; border: 1px solid rgba(150&comma; 150&comma; 150&comma; 0.4); border-radius: 8px; overflow: hidden; display: flex; flex-direction: column;'>\n<div style='padding: 15px; border-bottom: 1px solid rgba(150&comma; 150&comma; 150&comma; 0.2); font-weight: bold; font-size: 18px; color: inherit;'>Ventajas<\/div>\n<div style='padding: 15px; color: inherit;'>\n<ul style='padding-left: 20px; margin: 0; font-size: 14px; list-style-type: disc;'>\n<li style='margin-bottom: 5px;'>Reducci\u00f3n de costos de instalaci\u00f3n el\u00e9ctrica<\/li>\n<li style='margin-bottom: 5px;'>Simplificaci\u00f3n de la infraestructura de red<\/li>\n<li style='margin-bottom: 5px;'>Dise\u00f1o compacto para escritorio (12&#8242;)<\/li>\n<li style='margin-bottom: 5px;'>Ventilador silencioso para operaci\u00f3n eficiente<\/li>\n<li style='margin-bottom: 5px;'>LEDs de estado para diagn\u00f3stico r\u00e1pido<\/li>\n<\/ul><\/div>\n<\/p><\/div>\n<\/p><\/div>\n<div style='display: flex; flex-wrap: wrap; gap: 30px; margin-bottom: 30px;'>\n<div style='flex: 1 1 300px; min-width: 280px;'>\n<h3 style='font-size: 22px; border-bottom: 2px solid currentColor; padding-bottom: 5px; margin-top: 0; color: inherit; opacity: 0.8;'>Descripci\u00f3n<\/h3>\n<p style='font-size: 15px; color: inherit; margin-bottom: 15px;'>El FGSD-910P es un switch PoE no administrable de 8 puertos 10\/100Mbps con est\u00e1ndar IEEE 802.3af y 1 puerto Gigabit 10\/100\/1000Mbps para uplink. Con un presupuesto de 120W&comma; permite alimentar hasta 8 dispositivos PoE como c\u00e1maras IP&comma; tel\u00e9fonos VoIP o puntos de acceso inal\u00e1mbricos sin necesidad de fuentes de alimentaci\u00f3n adicionales.<\/p>\n<p style='font-size: 15px; color: inherit; margin-bottom: 15px;'>Su arquitectura Store &#038; Forward con 3.6Gbps de capacidad de conmutaci\u00f3n no bloqueante y 2.67Mpps de rendimiento ofrece transmisi\u00f3n eficiente de datos&comma; ideal para redes de vigilancia IP y aplicaciones de voz sobre IP. El dise\u00f1o compacto de 1U permite su colocaci\u00f3n en espacios reducidos y su ventilador silencioso asegura operaci\u00f3n confiable en entornos de oficina.<\/p>\n<\/p><\/div>\n<\/p><\/div>\n<div style='display: flex; flex-wrap: wrap; gap: 30px; margin-bottom: 30px;'>\n<div style='flex: 1 1 300px; min-width: 280px;'>\n<h3 style='font-size: 22px; border-bottom: 2px solid currentColor; padding-bottom: 5px; margin-top: 0; color: inherit; opacity: 0.8;'>Imagen del producto<\/h3>\n<p> <img style='width: 100%; height: auto; border: 1px solid rgba(150&comma;150&comma;150&comma;0.3); border-radius: 8px;' src='http:\/\/ftp3.syscom.mx\/usuarios\/despinoza\/planet\/FGSD-910P_front-Panel-introducton_L.gif' alt='Vista frontal del switch FGSD-910P'> <\/div>\n<\/p><\/div>\n<hr style='border: 0; border-top: 1px solid rgba(150&comma; 150&comma; 150&comma; 0.3); margin: 30px 0;'> <\/div>\n","protected":false},"excerpt":{"rendered":"<p>Switch no adminsitrable PoE de 8 Puertos PoE 100BaseTX + 1 Puerto 100\/1000Base-T con 150W de Potencia Total<\/p>\n","protected":false},"featured_media":74267,"comment_status":"open","ping_status":"closed","template":"","meta":[],"product_brand":[],"product_cat":[1986],"product_tag":[664,2033,1987],"class_list":{"0":"post-74268","1":"product","2":"type-product","3":"status-publish","4":"has-post-thumbnail","6":"product_cat-switches-poe","7":"product_tag-networking","8":"product_tag-planet","9":"product_tag-switches-poe","11":"first","12":"outofstock","13":"sale","14":"shipping-taxable","15":"purchasable","16":"product-type-simple"},"_links":{"self":[{"href":"https:\/\/soydeaqui.ddns.net\/pachuca\/index.php\/wp-json\/wp\/v2\/product\/74268","targetHints":{"allow":["GET"]}}],"collection":[{"href":"https:\/\/soydeaqui.ddns.net\/pachuca\/index.php\/wp-json\/wp\/v2\/product"}],"about":[{"href":"https:\/\/soydeaqui.ddns.net\/pachuca\/index.php\/wp-json\/wp\/v2\/types\/product"}],"replies":[{"embeddable":true,"href":"https:\/\/soydeaqui.ddns.net\/pachuca\/index.php\/wp-json\/wp\/v2\/comments?post=74268"}],"wp:featuredmedia":[{"embeddable":true,"href":"https:\/\/soydeaqui.ddns.net\/pachuca\/index.php\/wp-json\/wp\/v2\/media\/74267"}],"wp:attachment":[{"href":"https:\/\/soydeaqui.ddns.net\/pachuca\/index.php\/wp-json\/wp\/v2\/media?parent=74268"}],"wp:term":[{"taxonomy":"product_brand","embeddable":true,"href":"https:\/\/soydeaqui.ddns.net\/pachuca\/index.php\/wp-json\/wp\/v2\/product_brand?post=74268"},{"taxonomy":"product_cat","embeddable":true,"href":"https:\/\/soydeaqui.ddns.net\/pachuca\/index.php\/wp-json\/wp\/v2\/product_cat?post=74268"},{"taxonomy":"product_tag","embeddable":true,"href":"https:\/\/soydeaqui.ddns.net\/pachuca\/index.php\/wp-json\/wp\/v2\/product_tag?post=74268"}],"curies":[{"name":"wp","href":"https:\/\/api.w.org\/{rel}","templated":true}]}}