{"id":74121,"date":"2026-03-19T13:48:54","date_gmt":"2026-03-19T13:48:54","guid":{"rendered":"https:\/\/soydeaqui.ddns.net\/pachuca\/index.php\/producto\/switch-administrable-l2-stack-gigabit-de-24-puertos-con-poe-802-3af-at-a-10-100-1000-mbps-con-4-puertos-sfp-1000-mbps\/"},"modified":"2026-03-19T13:48:56","modified_gmt":"2026-03-19T13:48:56","slug":"switch-administrable-l2-stack-gigabit-de-24-puertos-con-poe-802-3af-at-a-10-100-1000-mbps-con-4-puertos-sfp-1000-mbps","status":"publish","type":"product","link":"https:\/\/soydeaqui.ddns.net\/pachuca\/index.php\/producto\/switch-administrable-l2-stack-gigabit-de-24-puertos-con-poe-802-3af-at-a-10-100-1000-mbps-con-4-puertos-sfp-1000-mbps\/","title":{"rendered":"Switch administrable L2 stack gigabit de 24 puertos con PoE 802.3af\/at a 10\/100\/1000 Mbps con 4 puertos SFP 1000 Mbps"},"content":{"rendered":"<div style='width: 100%; max-width: 1200px; margin: 0 auto; font-family: sans-serif; line-height: 1.6; color: inherit; background-color: transparent;'>\n<div style='display: flex; flex-wrap: wrap; gap: 30px; margin-bottom: 30px;'>\n<div style='flex: 1 1 300px; min-width: 280px;'>\n<h3 style='font-size: 22px; border-bottom: 2px solid currentColor; padding-bottom: 5px; margin-top: 0; color: inherit; opacity: 0.8;'>Puertos<\/h3>\n<ul style='padding-left: 20px; font-size: 15px; color: inherit;'>\n<li style='margin-bottom: 5px;'>24 Puertos High PoE 802.3af\/at a 10\/100\/1000BaseT<\/li>\n<li style='margin-bottom: 5px;'>4 Puertos 1000Base-SX\/LX\/BX SFP Compartidos (Puertos 21-24)<\/li>\n<li style='margin-bottom: 5px;'>2 Interfaces de apilamiento Tipo-HDMI de 5Gbps<\/li>\n<li style='margin-bottom: 5px;'>1 Puerto RS232 DB9 Macho para Administraci\u00f3n<\/li>\n<\/ul><\/div>\n<div style='flex: 1 1 300px; min-width: 280px;'>\n<h3 style='font-size: 22px; border-bottom: 2px solid currentColor; padding-bottom: 5px; margin-top: 0; color: inherit; opacity: 0.8;'>Stacking (Apilamiento)<\/h3>\n<ul style='padding-left: 20px; font-size: 15px; color: inherit;'>\n<li style='margin-bottom: 5px;'>Hasta 16 Switches Apilados \/ 384 Puertos Gigabit administrados como si fuera 1<\/li>\n<li style='margin-bottom: 5px;'>Manejo de todo el Stack con una sola IP de Administraci\u00f3n<\/li>\n<li style='margin-bottom: 5px;'>Soporta arquitecturas de Chain&comma; Ring y Back-To-Back para el Apilamiento<\/li>\n<li style='margin-bottom: 5px;'>Conectividad Plug &amp; Play<\/li>\n<\/ul><\/div>\n<div style='flex: 1 1 300px; min-width: 280px;'>\n<h3 style='font-size: 22px; border-bottom: 2px solid currentColor; padding-bottom: 5px; margin-top: 0; color: inherit; opacity: 0.8;'>Protecci\u00f3n<\/h3>\n<ul style='padding-left: 20px; font-size: 15px; color: inherit;'>\n<li style='margin-bottom: 5px;'>Autodetecta dispositivos High PoE 802.3af\/at&comma; protege los equipos de da\u00f1os por mala instalaci\u00f3n<\/li>\n<li style='margin-bottom: 5px;'>Protecci\u00f3n de Circuito que previene interferencia entre puertos<\/li>\n<li style='margin-bottom: 5px;'>Protecci\u00f3n contra Descarga Electrost\u00e1tica ESD y Transitorios EFT de 6KV<\/li>\n<\/ul><\/div>\n<\/p><\/div>\n<div style='display: flex; flex-wrap: wrap; gap: 30px; margin-bottom: 30px;'>\n<div style='flex: 1 1 300px; min-width: 280px;'>\n<h3 style='font-size: 22px; border-bottom: 2px solid currentColor; padding-bottom: 5px; margin-top: 0; color: inherit; opacity: 0.8;'>Administraci\u00f3n PoE<\/h3>\n<ul style='padding-left: 20px; font-size: 15px; color: inherit;'>\n<li style='margin-bottom: 5px;'>Intuitiva Interfaz Web para Administraci\u00f3n<\/li>\n<li style='margin-bottom: 5px;'>Monitoreo de Estado y Potencia consumida por puerto<\/li>\n<li style='margin-bottom: 5px;'>Monitoreo de la Potencia Total consumida<\/li>\n<li style='margin-bottom: 5px;'>L\u00edmite de potencia por puerto y prioridad<\/li>\n<li style='margin-bottom: 5px;'>Activaci\u00f3n \/ Desactivaci\u00f3n de PoE por puerto<\/li>\n<li style='margin-bottom: 5px;'>Soporta SNMP Trap para eventos de notificaci\u00f3n de alarma<\/li>\n<\/ul><\/div>\n<div style='flex: 1 1 300px; min-width: 280px;'>\n<h3 style='font-size: 22px; border-bottom: 2px solid currentColor; padding-bottom: 5px; margin-top: 0; color: inherit; opacity: 0.8;'>Administraci\u00f3n<\/h3>\n<ul style='padding-left: 20px; font-size: 15px; color: inherit;'>\n<li style='margin-bottom: 5px;'>Administraci\u00f3n por Interfaz Web<\/li>\n<li style='margin-bottom: 5px;'>Interfaz de L\u00ednea de Comandos por Telnet \/ Consola<\/li>\n<li style='margin-bottom: 5px;'>Monitoreo por SNMP v1&comma; v2c<\/li>\n<li style='margin-bottom: 5px;'>Soporta SSL<\/li>\n<li style='margin-bottom: 5px;'>Cliente DHCP<\/li>\n<li style='margin-bottom: 5px;'>Actualizaci\u00f3n de Firmware\/Configuraci\u00f3n por TFTP y HTTP<\/li>\n<li style='margin-bottom: 5px;'>Monitoreo en tiempo real con Historial&comma; Estad\u00edsticas&comma; Alarmas y Eventos. Funci\u00f3n DHCP Relay<\/li>\n<li style='margin-bottom: 5px;'>Bot\u00f3n de Reset para restauran valores de f\u00e1brica<\/li>\n<\/ul><\/div>\n<div style='flex: 1 1 300px; min-width: 280px;'>\n<h3 style='font-size: 22px; border-bottom: 2px solid currentColor; padding-bottom: 5px; margin-top: 0; color: inherit; opacity: 0.8;'>Caracter\u00edsticas Capa 2<\/h3>\n<ul style='padding-left: 20px; font-size: 15px; color: inherit;'>\n<li style='margin-bottom: 5px;'>Cumple con los est\u00e1ndares Gigabit 802.3&comma; 802.3u&comma; 802.3ab&comma; 802.3z<\/li>\n<li style='margin-bottom: 5px;'>Auto-Negociaci\u00f3n Full\/Half Duplex 10Base-T \/ 100Base-TX \/ 1000Base-T para todos los puertos<\/li>\n<li style='margin-bottom: 5px;'>Auto-Detecci\u00f3n MDI\/MDI-X para cada puerto RJ45<\/li>\n<li style='margin-bottom: 5px;'>Arquitectura Store and Forward de Alto Rendimiento&comma; el filtrado runt\/CRC elimina los paquetes err\u00f3neos para optimizar el ancho de banda de la red<\/li>\n<li style='margin-bottom: 5px;'>1K MAC Address Table con Funci\u00f3n Autolearning<\/li>\n<li style='margin-bottom: 5px;'>Soporta Quality of Service&comma; Multicast IGMP Snooping V1 y V2&comma; Flow Control&comma; 802.1Q VLANs&comma; 802.3ad LACP Link Aggregation&comma; 802.1D \/ 802.1w Spanning Tree Protocol&comma; Port Mirroring&comma; Broadcast \/ Multicast \/ Unicast Storm Control&comma; ACL&comma; NTP&comma; LLDP<\/li>\n<li style='margin-bottom: 5px;'>Throughput: 68 Gbps<\/li>\n<\/ul><\/div>\n<\/p><\/div>\n<div style='display: flex; flex-wrap: wrap; gap: 30px; margin-bottom: 30px;'>\n<div style='flex: 1 1 300px; min-width: 280px;'>\n<h3 style='font-size: 22px; border-bottom: 2px solid currentColor; padding-bottom: 5px; margin-top: 0; color: inherit; opacity: 0.8;'>Seguridad<\/h3>\n<ul style='padding-left: 20px; font-size: 15px; color: inherit;'>\n<li style='margin-bottom: 5px;'>Acceso protegido por contrase\u00f1a&comma; IP\/MAC Binding&comma; Filtrado MAC&comma; MAC Est\u00e1tica&comma; Seguridad de Puerto&comma; 802.1x Control de Acceso a Red basado en puerto<\/li>\n<li style='margin-bottom: 5px;'>Soporta autenticaci\u00f3n de Usuarios por RADIUS \/ TACACS+&comma; con Cliente RADIUS interconstruido<\/li>\n<li style='margin-bottom: 5px;'>Defensa contra ataques DoS<\/li>\n<li style='margin-bottom: 5px;'>Prevenci\u00f3n de ataques de Spoofing<\/li>\n<li style='margin-bottom: 5px;'>Inspecci\u00f3n ARP Din\u00e1mica<\/li>\n<li style='margin-bottom: 5px;'>DHCP Snooping para prevenir mensajes DHCP no confiables<\/li>\n<li style='margin-bottom: 5px;'>Lista de acceso por IP para prevenir intrusos<\/li>\n<\/ul><\/div>\n<div style='flex: 1 1 300px; min-width: 280px;'>\n<h3 style='font-size: 22px; border-bottom: 2px solid currentColor; padding-bottom: 5px; margin-top: 0; color: inherit; opacity: 0.8;'>Caracter\u00edsticas F\u00edsicas y El\u00e9ctricas<\/h3>\n<ul style='padding-left: 20px; font-size: 15px; color: inherit;'>\n<li style='margin-bottom: 5px;'>Alimentaci\u00f3n: 100-240VCA @ 432W<\/li>\n<li style='margin-bottom: 5px;'>Potencia total: 360W<\/li>\n<li style='margin-bottom: 5px;'>Dimensiones: 1U Rack&comma; 440 x 300 x 44.5 mm<\/li>\n<li style='margin-bottom: 5px;'>Peso: 4.5Kg<\/li>\n<li style='margin-bottom: 5px;'>Temperatura de Operaci\u00f3n: 0 a 50\u00b0C<\/li>\n<\/ul><\/div>\n<\/p><\/div>\n<div style='display: flex; flex-wrap: wrap; gap: 30px; margin-bottom: 30px;'>\n<div style='flex: 1 1 300px; min-width: 280px;'>\n<h3 style='font-size: 22px; border-bottom: 2px solid currentColor; padding-bottom: 5px; margin-top: 0; color: inherit; opacity: 0.8;'>Caracter\u00edsticas Adicionales<\/h3>\n<ul style='padding-left: 20px; font-size: 15px; color: inherit;'>\n<li style='margin-bottom: 5px;'>*<\/li>\n<\/ul><\/div>\n<\/p><\/div>\n<div style='display: flex; justify-content: center; margin: 30px 0;'> <img style='width: 100%; height: auto; border: 1px solid rgba(150&comma;150&comma;150&comma;0.3); border-radius: 8px; max-width: 600px;' src='http:\/\/ftp3.syscom.mx\/usuarios\/despinoza\/planet\/SGSW-24040HP-2_L.gif' alt='SGSW24040HP'> <\/div>\n<hr style='border: 0; border-top: 1px solid rgba(150&comma; 150&comma; 150&comma; 0.3); margin: 30px 0;'> <\/div>\n","protected":false},"excerpt":{"rendered":"<p>Switch administrable L2 stack gigabit de 24 puertos con PoE 802.3af\/at a 10\/100\/1000 Mbps con 4 puertos SFP 1000 Mbps<\/p>\n","protected":false},"featured_media":74120,"comment_status":"open","ping_status":"closed","template":"","meta":[],"product_brand":[],"product_cat":[1986],"product_tag":[664,2033,1987],"class_list":{"0":"post-74121","1":"product","2":"type-product","3":"status-publish","4":"has-post-thumbnail","6":"product_cat-switches-poe","7":"product_tag-networking","8":"product_tag-planet","9":"product_tag-switches-poe","11":"first","12":"outofstock","13":"sale","14":"shipping-taxable","15":"purchasable","16":"product-type-simple"},"_links":{"self":[{"href":"https:\/\/soydeaqui.ddns.net\/pachuca\/index.php\/wp-json\/wp\/v2\/product\/74121","targetHints":{"allow":["GET"]}}],"collection":[{"href":"https:\/\/soydeaqui.ddns.net\/pachuca\/index.php\/wp-json\/wp\/v2\/product"}],"about":[{"href":"https:\/\/soydeaqui.ddns.net\/pachuca\/index.php\/wp-json\/wp\/v2\/types\/product"}],"replies":[{"embeddable":true,"href":"https:\/\/soydeaqui.ddns.net\/pachuca\/index.php\/wp-json\/wp\/v2\/comments?post=74121"}],"wp:featuredmedia":[{"embeddable":true,"href":"https:\/\/soydeaqui.ddns.net\/pachuca\/index.php\/wp-json\/wp\/v2\/media\/74120"}],"wp:attachment":[{"href":"https:\/\/soydeaqui.ddns.net\/pachuca\/index.php\/wp-json\/wp\/v2\/media?parent=74121"}],"wp:term":[{"taxonomy":"product_brand","embeddable":true,"href":"https:\/\/soydeaqui.ddns.net\/pachuca\/index.php\/wp-json\/wp\/v2\/product_brand?post=74121"},{"taxonomy":"product_cat","embeddable":true,"href":"https:\/\/soydeaqui.ddns.net\/pachuca\/index.php\/wp-json\/wp\/v2\/product_cat?post=74121"},{"taxonomy":"product_tag","embeddable":true,"href":"https:\/\/soydeaqui.ddns.net\/pachuca\/index.php\/wp-json\/wp\/v2\/product_tag?post=74121"}],"curies":[{"name":"wp","href":"https:\/\/api.w.org\/{rel}","templated":true}]}}