{"id":74070,"date":"2026-03-19T13:46:54","date_gmt":"2026-03-19T13:46:54","guid":{"rendered":"https:\/\/soydeaqui.ddns.net\/pachuca\/index.php\/producto\/nanostation-airmax-m5-cpe-hasta-150-mbps-frecuencia-5-ghz-5170-5875-mhz-con-antena-integrada-de-16-dbi\/"},"modified":"2026-03-19T13:47:04","modified_gmt":"2026-03-19T13:47:04","slug":"nanostation-airmax-m5-cpe-hasta-150-mbps-frecuencia-5-ghz-5170-5875-mhz-con-antena-integrada-de-16-dbi","status":"publish","type":"product","link":"https:\/\/soydeaqui.ddns.net\/pachuca\/index.php\/producto\/nanostation-airmax-m5-cpe-hasta-150-mbps-frecuencia-5-ghz-5170-5875-mhz-con-antena-integrada-de-16-dbi\/","title":{"rendered":"NanoStation airMAX M5 CPE, hasta 150 Mbps, frecuencia 5 GHz (5170-5875 MHz) con antena integrada de 16 dBi"},"content":{"rendered":"<div style='width: 100%; max-width: 1200px; margin: 0 auto; font-family: sans-serif; line-height: 1.6; color: inherit; background-color: transparent;'> <!-- Secci\u00f3n de caracter\u00edsticas --> <\/p>\n<div style='display: flex; flex-wrap: wrap; gap: 30px; margin-bottom: 30px;'>\n<div style='flex: 1 1 300px; min-width: 280px;'>\n<h3 style='font-size: 22px; border-bottom: 2px solid currentColor; padding-bottom: 5px; margin-top: 0; color: inherit; opacity: 0.8;'>Caracter\u00edsticas<\/h3>\n<ul style='padding-left: 20px; font-size: 15px; color: inherit;'>\n<li style='margin-bottom: 5px;'><strong>Puertos:<\/strong> 2 puertos 10\/100 Mbps<\/li>\n<li style='margin-bottom: 5px;'><strong>Sistema Operativo:<\/strong> airOS\u00ae 6<\/li>\n<li style='margin-bottom: 5px;'><strong>Modos de Operaci\u00f3n:<\/strong> Access Point&comma; Estaci\u00f3n<\/li>\n<li style='margin-bottom: 5px;'><strong>Anchos de canal:<\/strong> Ajustable de 5 hasta 40 MHz<\/li>\n<li style='margin-bottom: 5px;'><strong>Doble Polaridad Simult\u00e1nea:<\/strong> Vertical y Horizontal (2&#215;2)<\/li>\n<li style='margin-bottom: 5px;'><strong>Seguridad:<\/strong> WEP&comma; WPA&comma; WPA2 y MAC ACL<\/li>\n<li style='margin-bottom: 5px;'><strong>Se\u00f1alizaci\u00f3n propietaria:<\/strong> airMAX (TDMA)<\/li>\n<li style='margin-bottom: 5px;'><strong>Dise\u00f1o:<\/strong> Vers\u00e1til y compacto<\/li>\n<li style='margin-bottom: 5px;'><strong>Instalaci\u00f3n:<\/strong> F\u00e1cil&comma; Plug and Play<\/li>\n<\/ul><\/div>\n<p> <!-- Secci\u00f3n de especificaciones f\u00edsicas y el\u00e9ctricas --> <\/p>\n<div style='flex: 1 1 300px; min-width: 280px;'>\n<h3 style='font-size: 22px; border-bottom: 2px solid currentColor; padding-bottom: 5px; margin-top: 0; color: inherit; opacity: 0.8;'>Especificaciones F\u00edsicas y El\u00e9ctricas<\/h3>\n<ul style='padding-left: 20px; font-size: 15px; color: inherit;'>\n<li style='margin-bottom: 5px;'><strong>Alimentaci\u00f3n (PoE):<\/strong> 24 Vcc&comma; 0.5 A<\/li>\n<li style='margin-bottom: 5px;'><strong>Dimensiones:<\/strong> 294 x 31 x 80 mm<\/li>\n<li style='margin-bottom: 5px;'><strong>Peso:<\/strong> 400 g<\/li>\n<li style='margin-bottom: 5px;'><strong>Temperatura de Operaci\u00f3n:<\/strong> -30\u00b0C a 75\u00b0C<\/li>\n<li style='margin-bottom: 5px;'><strong>Humedad:<\/strong> 5% a 95%<\/li>\n<li style='margin-bottom: 5px;'><strong>Material:<\/strong> Pl\u00e1stico estabilizado UV<\/li>\n<li style='margin-bottom: 5px;'><strong>Montaje:<\/strong> Pole-Mount (Kit Incluido)<\/li>\n<\/ul><\/div>\n<p> <!-- Secci\u00f3n de incluye --> <\/p>\n<div style='flex: 1 1 300px; min-width: 280px;'>\n<h3 style='font-size: 22px; border-bottom: 2px solid currentColor; padding-bottom: 5px; margin-top: 0; color: inherit; opacity: 0.8;'>Incluye<\/h3>\n<ul style='padding-left: 20px; font-size: 15px; color: inherit;'>\n<li style='margin-bottom: 5px;'>NanoStation M5<\/li>\n<li style='margin-bottom: 5px;'>Adaptador PoE 24 Vcc&comma; 0.5 A<\/li>\n<li style='margin-bottom: 5px;'>Cable de alimentaci\u00f3n<\/li>\n<li style='margin-bottom: 5px;'>Gu\u00eda r\u00e1pida de instalaci\u00f3n<\/li>\n<\/ul><\/div>\n<p> <!-- Secci\u00f3n de garant\u00eda --> <\/p>\n<div style='flex: 1 1 300px; min-width: 280px;'>\n<h3 style='font-size: 22px; border-bottom: 2px solid currentColor; padding-bottom: 5px; margin-top: 0; color: inherit; opacity: 0.8;'>Garant\u00eda<\/h3>\n<ul style='padding-left: 20px; font-size: 15px; color: inherit;'>\n<li style='margin-bottom: 5px;'>1 A\u00f1o<\/li>\n<\/ul><\/div>\n<\/p><\/div>\n<p> <!-- Secci\u00f3n de especificaciones t\u00e9cnicas en tabla --> <\/p>\n<div style='display: flex; flex-wrap: wrap; gap: 20px; margin-bottom: 30px;'>\n<div style='flex: 1 1 100%; border: 1px solid rgba(150&comma; 150&comma; 150&comma; 0.4); border-radius: 8px; overflow: hidden; display: flex; flex-direction: column;'>\n<div style='padding: 15px; border-bottom: 1px solid rgba(150&comma; 150&comma; 150&comma; 0.2); font-weight: bold; font-size: 18px; color: inherit;'>Especificaciones T\u00e9cnicas<\/div>\n<div style='padding: 15px; color: inherit;'>\n<ul style='padding-left: 20px; margin: 0; font-size: 14px; list-style-type: disc;'>\n<li style='margin-bottom: 5px;'><strong>Frecuencia de Operaci\u00f3n:<\/strong> 5170-5875 MHz<\/li>\n<li style='margin-bottom: 5px;'><strong>Ganancia:<\/strong> 14.6-16.1 dBi<\/li>\n<li style='margin-bottom: 5px;'><strong>Interfaces de Red:<\/strong> (2) x 10\/100 Puertos Ethernet<\/li>\n<li style='margin-bottom: 5px;'><strong>Procesador:<\/strong> Atheros MIPS 74Kc&comma; 560 MHz<\/li>\n<li style='margin-bottom: 5px;'><strong>Memoria:<\/strong> 64 MB DDR2&comma; 8 MB Flash<\/li>\n<li style='margin-bottom: 5px;'><strong>Frecuencia:<\/strong> 5 GHz<\/li>\n<li style='margin-bottom: 5px;'><strong>Cross-pol:<\/strong> 22 dB M\u00ednimo<\/li>\n<li style='margin-bottom: 5px;'><strong>Max. VSWR:<\/strong> 1.6:1<\/li>\n<li style='margin-bottom: 5px;'><strong>Beamwidth:<\/strong> 43\u00b0 (H-pol) \/ 41\u00b0 (V-pol) \/ 15\u00b0 (Elevaci\u00f3n)<\/li>\n<li style='margin-bottom: 5px;'><strong>Polarizaci\u00f3n:<\/strong> Dual<\/li>\n<li style='margin-bottom: 5px;'><strong>Certificaciones Inal\u00e1mbricas:<\/strong> FCC Part 15.247&comma; IC RS210&comma; CE<\/li>\n<\/ul><\/div>\n<\/p><\/div>\n<\/p><\/div>\n<p> <!-- Secci\u00f3n de im\u00e1genes --> <\/p>\n<div style='display: flex; flex-wrap: wrap; gap: 30px; margin-bottom: 30px;'>\n<div style='flex: 1 1 100%; min-width: 280px;'>\n<h3 style='font-size: 20px; margin-top: 0; margin-bottom: 15px; color: inherit; opacity: 0.8;'>Vers\u00e1til<\/h3>\n<p> <img style='width: 100%; height: auto; border: 1px solid rgba(150&comma;150&comma;150&comma;0.3); border-radius: 8px;' src='https:\/\/ftp3.syscom.mx\/usuarios\/adiaz\/UBNT\/NanoStation\/Versatil.PNG' alt='Vers\u00e1til'> <\/div>\n<div style='flex: 1 1 100%; min-width: 280px;'>\n<h3 style='font-size: 20px; margin-top: 0; margin-bottom: 15px; color: inherit; opacity: 0.8;'>Conectividad Ethernet dual<\/h3>\n<p> <img style='width: 100%; height: auto; border: 1px solid rgba(150&comma;150&comma;150&comma;0.3); border-radius: 8px;' src='https:\/\/ftp3.syscom.mx\/usuarios\/adiaz\/UBNT\/NanoStation\/Dual.PNG' alt='Conectividad Ethernet dual'> <\/div>\n<div style='flex: 1 1 100%; min-width: 280px;'>\n<h3 style='font-size: 20px; margin-top: 0; margin-bottom: 15px; color: inherit; opacity: 0.8;'>Poderosas caracter\u00edsticas de airOS<\/h3>\n<p> <img style='width: 100%; height: auto; border: 1px solid rgba(150&comma;150&comma;150&comma;0.3); border-radius: 8px;' src='https:\/\/ftp3.syscom.mx\/usuarios\/adiaz\/UBNT\/NanoStation\/airOS.PNG' alt='Poderosas caracter\u00edsticas de airOS'> <\/div>\n<div style='flex: 1 1 100%; min-width: 280px;'>\n<h3 style='font-size: 20px; margin-top: 0; margin-bottom: 15px; color: inherit; opacity: 0.8;'>Dise\u00f1o compacto y elegante<\/h3>\n<p> <img style='width: 100%; height: auto; border: 1px solid rgba(150&comma;150&comma;150&comma;0.3); border-radius: 8px;' src='https:\/\/ftp3.syscom.mx\/usuarios\/adiaz\/UBNT\/NanoStation\/Compacto.PNG' alt='Dise\u00f1o compacto y elegante'> <\/div>\n<div style='flex: 1 1 100%; min-width: 280px;'>\n<h3 style='font-size: 20px; margin-top: 0; margin-bottom: 15px; color: inherit; opacity: 0.8;'>Tecnolog\u00eda avanzada airMAX<\/h3>\n<p> <img style='width: 100%; height: auto; border: 1px solid rgba(150&comma;150&comma;150&comma;0.3); border-radius: 8px;' src='https:\/\/ftp3.syscom.mx\/usuarios\/adiaz\/UBNT\/NanoStation\/airMAX.PNG' alt='Tecnolog\u00eda avanzada airMAX'> <\/div>\n<div style='flex: 1 1 100%; min-width: 280px;'>\n<h3 style='font-size: 20px; margin-top: 0; margin-bottom: 15px; color: inherit; opacity: 0.8;'>Instalaci\u00f3n Plug and Play<\/h3>\n<p> <img style='width: 100%; height: auto; border: 1px solid rgba(150&comma;150&comma;150&comma;0.3); border-radius: 8px;' src='https:\/\/ftp3.syscom.mx\/usuarios\/adiaz\/UBNT\/NanoStation\/NanoSatation.gif' alt='Instalaci\u00f3n Plug and Play'> <\/div>\n<\/p><\/div>\n<p> <!-- Nota de fabricaci\u00f3n --> <\/p>\n<div style='margin-top: 30px; padding: 15px; border: 1px solid rgba(150&comma;150&comma;150&comma;0.3); border-radius: 8px;'>\n<p style='margin: 0; font-size: 14px; color: inherit;'><strong>Hecho en China.<\/strong><\/p>\n<\/p><\/div>\n<p> <!-- Separador final --> <\/p>\n<hr style='border: 0; border-top: 1px solid rgba(150&comma; 150&comma; 150&comma; 0.3); margin: 30px 0;'> <\/div>\n","protected":false},"excerpt":{"rendered":"<p>NanoStation airMAX M5 CPE, hasta 150 Mbps, frecuencia 5 GHz (5170-5875 MHz) con antena integrada de 16 dBi<\/p>\n","protected":false},"featured_media":74069,"comment_status":"open","ping_status":"closed","template":"","meta":[],"product_brand":[],"product_cat":[1998],"product_tag":[1999,1980,166],"class_list":{"0":"post-74070","1":"product","2":"type-product","3":"status-publish","4":"has-post-thumbnail","6":"product_cat-5-y-6-ghz","7":"product_tag-5-y-6-ghz","8":"product_tag-enlaces-ptp-y-ptmp","9":"product_tag-ubiquiti","11":"first","12":"instock","13":"sale","14":"shipping-taxable","15":"purchasable","16":"product-type-simple"},"_links":{"self":[{"href":"https:\/\/soydeaqui.ddns.net\/pachuca\/index.php\/wp-json\/wp\/v2\/product\/74070","targetHints":{"allow":["GET"]}}],"collection":[{"href":"https:\/\/soydeaqui.ddns.net\/pachuca\/index.php\/wp-json\/wp\/v2\/product"}],"about":[{"href":"https:\/\/soydeaqui.ddns.net\/pachuca\/index.php\/wp-json\/wp\/v2\/types\/product"}],"replies":[{"embeddable":true,"href":"https:\/\/soydeaqui.ddns.net\/pachuca\/index.php\/wp-json\/wp\/v2\/comments?post=74070"}],"wp:featuredmedia":[{"embeddable":true,"href":"https:\/\/soydeaqui.ddns.net\/pachuca\/index.php\/wp-json\/wp\/v2\/media\/74069"}],"wp:attachment":[{"href":"https:\/\/soydeaqui.ddns.net\/pachuca\/index.php\/wp-json\/wp\/v2\/media?parent=74070"}],"wp:term":[{"taxonomy":"product_brand","embeddable":true,"href":"https:\/\/soydeaqui.ddns.net\/pachuca\/index.php\/wp-json\/wp\/v2\/product_brand?post=74070"},{"taxonomy":"product_cat","embeddable":true,"href":"https:\/\/soydeaqui.ddns.net\/pachuca\/index.php\/wp-json\/wp\/v2\/product_cat?post=74070"},{"taxonomy":"product_tag","embeddable":true,"href":"https:\/\/soydeaqui.ddns.net\/pachuca\/index.php\/wp-json\/wp\/v2\/product_tag?post=74070"}],"curies":[{"name":"wp","href":"https:\/\/api.w.org\/{rel}","templated":true}]}}