{"id":73931,"date":"2026-03-19T13:41:33","date_gmt":"2026-03-19T13:41:33","guid":{"rendered":"https:\/\/soydeaqui.ddns.net\/pachuca\/index.php\/producto\/repetidor-dect-de-banda-ancha-y-largo-alcance-para-base-dp750-dp752-y-dp755-hasta-300-m-en-exterior-y-hasta-50-m-en-interior\/"},"modified":"2026-03-19T13:41:38","modified_gmt":"2026-03-19T13:41:38","slug":"repetidor-dect-de-banda-ancha-y-largo-alcance-para-base-dp750-dp752-y-dp755-hasta-300-m-en-exterior-y-hasta-50-m-en-interior","status":"publish","type":"product","link":"https:\/\/soydeaqui.ddns.net\/pachuca\/index.php\/producto\/repetidor-dect-de-banda-ancha-y-largo-alcance-para-base-dp750-dp752-y-dp755-hasta-300-m-en-exterior-y-hasta-50-m-en-interior\/","title":{"rendered":"Repetidor DECT de Banda Ancha y Largo Alcance para base DP750, DP752 y DP755, hasta 300 m en exterior y hasta 50 m en interior"},"content":{"rendered":"<div style='width: 100%; max-width: 1200px; margin: 0 auto; font-family: sans-serif; line-height: 1.6; color: inherit; background-color: transparent;'>\n<div style='display: flex; flex-wrap: wrap; gap: 30px; margin-bottom: 30px;'>\n<div style='flex: 1 1 300px; min-width: 280px;'>\n<h3 style='font-size: 22px; border-bottom: 2px solid currentColor; padding-bottom: 5px; margin-top: 0; color: inherit; opacity: 0.8;'>Descripci\u00f3n<\/h3>\n<p style='font-size: 15px; color: inherit;'> El Grandstream DP760 es un potente repetidor DECT de banda ancha que se acopla con la estaci\u00f3n base DECT DP750\/DP752 de Grandstream para una mayor movilidad y alcance. El DP760 pretende agregar un rango adicional de 300 metros en exteriores y 50 metros en interiores para brindar a los usuarios la libertad de moverse en el trabajo o en el hogar. El DP760 retransmite hasta dos llamadas HD simult\u00e1neas cuando est\u00e1 conectado a la LAN a trav\u00e9s de Ethernet&comma; o una llamada HD en cadena que utiliza la interfaz RF para el transporte. La conexi\u00f3n Ethernet proporciona alimentaci\u00f3n a trav\u00e9s de Ethernet (PoE) para una instalaci\u00f3n conveniente y una variedad de funciones de administraci\u00f3n remota&comma; que incluyen aprovisionamiento&comma; monitoreo de estado y actualizaciones de firmware del repetidor. <\/p>\n<\/p><\/div>\n<\/p><\/div>\n<div style='display: flex; flex-wrap: wrap; gap: 20px; margin-bottom: 30px;'>\n<div style='flex: 1 1 250px; border: 1px solid rgba(150&comma; 150&comma; 150&comma; 0.4); border-radius: 8px; overflow: hidden; display: flex; flex-direction: column;'>\n<div style='padding: 15px; border-bottom: 1px solid rgba(150&comma; 150&comma; 150&comma; 0.2); font-weight: bold; font-size: 18px; color: inherit;'>Caracter\u00edsticas<\/div>\n<div style='padding: 15px; color: inherit;'>\n<ul style='padding-left: 20px; margin: 0; font-size: 14px; list-style-type: disc;'>\n<li style='margin-bottom: 5px;'>Hasta 2 llamadas HD simult\u00e1neas<\/li>\n<li style='margin-bottom: 5px;'>Extiende un rango adicional de 300 metros en exteriores y 50 metros en interiores para una mayor movilidad<\/li>\n<li style='margin-bottom: 5px;'>Asociaci\u00f3n autom\u00e1tica o manual a DP750\/DP752&comma; estaci\u00f3n base para un uso f\u00e1cil<\/li>\n<li style='margin-bottom: 5px;'>Admite funciones de Plug-n-Play como asociaci\u00f3n autom\u00e1tica&comma; detecci\u00f3n de regi\u00f3n autom\u00e1tica y transferencia de llamadas sin problemas<\/li>\n<li style='margin-bottom: 5px;'>Las opciones de aprovisionamiento automatizado incluyen archivos de configuraci\u00f3n XML<\/li>\n<li style='margin-bottom: 5px;'>La conexi\u00f3n Ethernet proporciona funciones PoE<\/li>\n<\/ul><\/div>\n<\/p><\/div>\n<\/p><\/div>\n<div style='display: flex; flex-wrap: wrap; gap: 20px; margin-bottom: 30px;'>\n<div style='flex: 1 1 250px; border: 1px solid rgba(150&comma; 150&comma; 150&comma; 0.4); border-radius: 8px; overflow: hidden; display: flex; flex-direction: column;'>\n<div style='padding: 15px; border-bottom: 1px solid rgba(150&comma; 150&comma; 150&comma; 0.2); font-weight: bold; font-size: 18px; color: inherit;'>Especificaciones<\/div>\n<div style='padding: 15px; color: inherit;'>\n<ul style='padding-left: 20px; margin: 0; font-size: 14px; list-style-type: disc;'>\n<li style='margin-bottom: 5px;'><strong>Alcance:<\/strong> Hasta 300 m en exterior&comma; hasta 50 m en interior<\/li>\n<li style='margin-bottom: 5px;'><strong>Llamadas simult\u00e1neas:<\/strong> Hasta 2 llamadas HD<\/li>\n<li style='margin-bottom: 5px;'><strong>Conectividad:<\/strong> Ethernet con soporte PoE<\/li>\n<li style='margin-bottom: 5px;'><strong>Tipo:<\/strong> Repetidor DECT de banda ancha<\/li>\n<li style='margin-bottom: 5px;'><strong>Compatibilidad:<\/strong> DP750\/DP752\/DP755<\/li>\n<\/ul><\/div>\n<\/p><\/div>\n<\/p><\/div>\n<div style='display: flex; flex-wrap: wrap; gap: 20px; margin-bottom: 30px;'>\n<div style='flex: 1 1 250px; border: 1px solid rgba(150&comma; 150&comma; 150&comma; 0.4); border-radius: 8px; overflow: hidden; display: flex; flex-direction: column;'>\n<div style='padding: 15px; border-bottom: 1px solid rgba(150&comma; 150&comma; 150&comma; 0.2); font-weight: bold; font-size: 18px; color: inherit;'>Garant\u00eda<\/div>\n<div style='padding: 15px; color: inherit;'>\n<ul style='padding-left: 20px; margin: 0; font-size: 14px; list-style-type: disc;'>\n<li style='margin-bottom: 5px;'>1 A\u00f1o de garant\u00eda<\/li>\n<\/ul><\/div>\n<\/p><\/div>\n<\/p><\/div>\n<div style='display: flex; flex-wrap: wrap; gap: 20px; margin-bottom: 30px;'>\n<div style='flex: 1 1 250px; border: 1px solid rgba(150&comma; 150&comma; 150&comma; 0.4); border-radius: 8px; overflow: hidden; display: flex; flex-direction: column;'>\n<div style='padding: 15px; border-bottom: 1px solid rgba(150&comma; 150&comma; 150&comma; 0.2); font-weight: bold; font-size: 18px; color: inherit;'>Im\u00e1genes<\/div>\n<div style='padding: 15px; color: inherit;'>\n<div style='display: flex; flex-wrap: wrap; gap: 15px;'>\n<div style='flex: 1 1 200px; min-width: 200px;'> <img style='width: 100%; height: auto; border: 1px solid rgba(150&comma;150&comma;150&comma;0.3); border-radius: 8px;' src='http:\/\/www.grandstream.com\/sites\/default\/files\/styles\/product_100x100\/public\/Products\/newdp750_1.JPG?itok=9i8G2D4z' alt='Grandstream DP750 DECT IP Base Station'> <\/div>\n<div style='flex: 1 1 200px; min-width: 200px;'> <img style='width: 100%; height: auto; border: 1px solid rgba(150&comma;150&comma;150&comma;0.3); border-radius: 8px;' src='http:\/\/www.grandstream.com\/sites\/default\/files\/styles\/product_100x100\/public\/Resources\/dp760_back_web.jpg?itok=2xn7B6F-' alt='dp760 dect repeater'> <\/div>\n<div style='flex: 1 1 200px; min-width: 200px;'> <img style='width: 100%; height: auto; border: 1px solid rgba(150&comma;150&comma;150&comma;0.3); border-radius: 8px;' src='http:\/\/www.grandstream.com\/sites\/default\/files\/styles\/product_100x100\/public\/Resources\/dp760_right_web.jpg?itok=ke8zemW4' alt='dp760 dect repeater'> <\/div>\n<\/p><\/div>\n<\/p><\/div>\n<\/p><\/div>\n<\/p><\/div>\n<\/p><\/div>\n","protected":false},"excerpt":{"rendered":"<p>Repetidor DECT de Banda Ancha y Largo Alcance para base DP750, DP752 y DP755, hasta 300 m en exterior y hasta 50 m en interior<\/p>\n","protected":false},"featured_media":73930,"comment_status":"open","ping_status":"closed","template":"","meta":[],"product_brand":[],"product_cat":[2003],"product_tag":[909,2005,2004],"class_list":{"0":"post-73931","1":"product","2":"type-product","3":"status-publish","4":"has-post-thumbnail","6":"product_cat-telefonos-ip","7":"product_tag-grandstream","8":"product_tag-telefonos-ip","9":"product_tag-voip-telefonia-ip-videoconferencia","11":"first","12":"instock","13":"sale","14":"shipping-taxable","15":"purchasable","16":"product-type-simple"},"_links":{"self":[{"href":"https:\/\/soydeaqui.ddns.net\/pachuca\/index.php\/wp-json\/wp\/v2\/product\/73931","targetHints":{"allow":["GET"]}}],"collection":[{"href":"https:\/\/soydeaqui.ddns.net\/pachuca\/index.php\/wp-json\/wp\/v2\/product"}],"about":[{"href":"https:\/\/soydeaqui.ddns.net\/pachuca\/index.php\/wp-json\/wp\/v2\/types\/product"}],"replies":[{"embeddable":true,"href":"https:\/\/soydeaqui.ddns.net\/pachuca\/index.php\/wp-json\/wp\/v2\/comments?post=73931"}],"wp:featuredmedia":[{"embeddable":true,"href":"https:\/\/soydeaqui.ddns.net\/pachuca\/index.php\/wp-json\/wp\/v2\/media\/73930"}],"wp:attachment":[{"href":"https:\/\/soydeaqui.ddns.net\/pachuca\/index.php\/wp-json\/wp\/v2\/media?parent=73931"}],"wp:term":[{"taxonomy":"product_brand","embeddable":true,"href":"https:\/\/soydeaqui.ddns.net\/pachuca\/index.php\/wp-json\/wp\/v2\/product_brand?post=73931"},{"taxonomy":"product_cat","embeddable":true,"href":"https:\/\/soydeaqui.ddns.net\/pachuca\/index.php\/wp-json\/wp\/v2\/product_cat?post=73931"},{"taxonomy":"product_tag","embeddable":true,"href":"https:\/\/soydeaqui.ddns.net\/pachuca\/index.php\/wp-json\/wp\/v2\/product_tag?post=73931"}],"curies":[{"name":"wp","href":"https:\/\/api.w.org\/{rel}","templated":true}]}}