{"id":73778,"date":"2026-03-19T13:35:40","date_gmt":"2026-03-19T13:35:40","guid":{"rendered":"https:\/\/soydeaqui.ddns.net\/pachuca\/index.php\/producto\/punto-de-acceso-doble-banda-wave-2-mu-mimo-2x22-de-super-alta-capacidad-1-75-gbps-hasta-450-dispositivos-y-amplia-cobertura-165-metros\/"},"modified":"2026-03-19T13:35:44","modified_gmt":"2026-03-19T13:35:44","slug":"punto-de-acceso-doble-banda-wave-2-mu-mimo-2x22-de-super-alta-capacidad-1-75-gbps-hasta-450-dispositivos-y-amplia-cobertura-165-metros","status":"publish","type":"product","link":"https:\/\/soydeaqui.ddns.net\/pachuca\/index.php\/producto\/punto-de-acceso-doble-banda-wave-2-mu-mimo-2x22-de-super-alta-capacidad-1-75-gbps-hasta-450-dispositivos-y-amplia-cobertura-165-metros\/","title":{"rendered":"Punto de Acceso Doble Banda Wave 2 MU-MIMO 2&#215;2:2 de Super Alta Capacidad 1.75 Gbps hasta 450 Dispositivos y amplia cobertura (165 metros)"},"content":{"rendered":"<div style='width: 100%; max-width: 1200px; margin: 0 auto; font-family: sans-serif; line-height: 1.6; color: inherit; background-color: transparent;'>\n<div style='display: flex; flex-wrap: wrap; gap: 30px; margin-bottom: 30px;'>\n<div style='flex: 1 1 300px; min-width: 280px;'>\n<h3 style='font-size: 22px; border-bottom: 2px solid currentColor; padding-bottom: 5px; margin-top: 0; color: inherit; opacity: 0.8;'>Descripci\u00f3n General<\/h3>\n<p style='font-size: 15px; color: inherit;'>El GWN7600 es un punto de acceso inal\u00e1mbrico 802.11ac de alto rendimiento para peque\u00f1as a medianas empresas&comma; oficinas de m\u00faltiples pisos&comma; centros comerciales y sucursales. Ofrece tecnolog\u00eda 2&#215;2:2 MU-MIMO de doble banda y un sofisticado dise\u00f1o de antena para m\u00e1ximo rendimiento de red y alcance de cobertura Wi-Fi expandida. Para garantizar facilidad de instalaci\u00f3n y manejo&comma; el GWN7600 usa un dise\u00f1o de administraci\u00f3n de redes distribuidas sin controlador en donde el controlador est\u00e1 incorporado dentro de la interfaz de usuario basada en la web del producto. Esto permite a cada punto de acceso administrar su propia red de manera independiente sin necesidad de un hardware\/software de controlador separado y sin un punto \u00fanico de fallo. Este punto de acceso inal\u00e1mbrico puede conectarse con routers externos&comma; as\u00ed como routers de la serie GWN de Grandstream. Con soporte para QoS avanzado&comma; aplicaciones en tiempo real de baja latencia&comma; m\u00e1s de 450 dispositivos clientes por punto de acceso y dos puertos de red Gigabit con PoE\/PoE+&comma; el GWN7600 es un punto de acceso inal\u00e1mbrico ideal para implementaciones de red inal\u00e1mbrica grandes y peque\u00f1as.<\/p>\n<\/p><\/div>\n<\/p><\/div>\n<div style='display: flex; flex-wrap: wrap; gap: 20px; margin-bottom: 30px;'>\n<div style='flex: 1 1 250px; border: 1px solid rgba(150&comma; 150&comma; 150&comma; 0.4); border-radius: 8px; overflow: hidden; display: flex; flex-direction: column;'>\n<div style='padding: 15px; border-bottom: 1px solid rgba(150&comma; 150&comma; 150&comma; 0.2); font-weight: bold; font-size: 18px; color: inherit;'>Caracter\u00edsticas Principales<\/div>\n<div style='padding: 15px; color: inherit;'>\n<ul style='padding-left: 20px; margin: 0; font-size: 14px; list-style-type: disc;'>\n<li style='margin-bottom: 5px;'>Compatibilidad con hasta 8 SSID por radio y hasta 450+ clientes WiFi simult\u00e1neos<\/li>\n<li style='margin-bottom: 5px;'>Tecnolog\u00eda 2&#215;2:2 MIMO de banda dual y un sofisticado dise\u00f1o de antena para un rendimiento m\u00e1ximo de la red de hasta 1&comma;75 Gbps y un rango de cobertura amplia de hasta 165 metros<\/li>\n<li style='margin-bottom: 5px;'>Dos puertos Gigabit con soporte para PoE \/ PoE +&comma; puerto USB para futuras aplicaciones como servicio basado en la ubicaci\u00f3n y otras aplicaciones IoT (Internet de Cosas)<\/li>\n<li style='margin-bottom: 5px;'>Controlador de aprovisionamiento integrado (a trav\u00e9s de la interfaz web)&comma; permite a cualquier GWN7600 descubrir&comma; autoprovisionar y administrar autom\u00e1ticamente redes de hasta 30 GWN7600 sin necesidad de hardware \/ software de controlador separado y sin un solo punto de fallo<\/li>\n<li style='margin-bottom: 5px;'>Ofrece funciones de seguridad de gama alta que no est\u00e1n disponibles en la mayor\u00eda de los puntos de acceso WiFi de terceros&comma; incluido el certificado de seguridad \u00fanico por dispositivo que utiliza cifrado SHA256 y contrase\u00f1as predeterminadas aleatorias fuertes por dispositivo<\/li>\n<li style='margin-bottom: 5px;'>QoS avanzado para garantizar el rendimiento en tiempo real de aplicaciones de baja latencia<\/li>\n<li style='margin-bottom: 5px;'>Eficiente ahorro de energ\u00eda gracias a la adaptaci\u00f3n de la auto alimentaci\u00f3n a la detecci\u00f3n autom\u00e1tica de la red PoE o PoE + (no incluido)<\/li>\n<\/ul><\/div>\n<\/p><\/div>\n<\/p><\/div>\n<div style='display: flex; flex-wrap: wrap; gap: 30px; margin-bottom: 30px;'>\n<div style='flex: 1 1 300px; min-width: 280px;'>\n<h3 style='font-size: 22px; border-bottom: 2px solid currentColor; padding-bottom: 5px; margin-top: 0; color: inherit; opacity: 0.8;'>Recursos Multimedia<\/h3>\n<div style='display: flex; flex-wrap: wrap; gap: 15px; margin-top: 15px;'>\n<div style='flex: 1 1 280px; min-width: 280px;'>\n<div style='position: relative; padding-bottom: 56.25%; height: 0; overflow: hidden; margin-bottom: 30px;'>   <\/div>\n<\/p><\/div>\n<div style='flex: 1 1 280px; min-width: 280px;'> <img style='width: 100%; height: auto; border: 1px solid rgba(150&comma;150&comma;150&comma;0.3); border-radius: 8px;' src='http:\/\/www.grandstream.com\/sites\/default\/files\/styles\/product_100x100\/public\/Products\/gwn7610_website_top_0.png?itok=LtCWAVN7' alt=''> <\/div>\n<div style='flex: 1 1 280px; min-width: 280px;'> <img style='width: 100%; height: auto; border: 1px solid rgba(150&comma;150&comma;150&comma;0.3); border-radius: 8px;' src='http:\/\/www.grandstream.com\/sites\/default\/files\/styles\/product_100x100\/public\/Products\/gwn7610_website_front.png?itok=PUTOn-_1' alt=''> <\/div>\n<div style='flex: 1 1 280px; min-width: 280px;'> <img style='width: 100%; height: auto; border: 1px solid rgba(150&comma;150&comma;150&comma;0.3); border-radius: 8px;' src='http:\/\/www.grandstream.com\/sites\/default\/files\/styles\/product_100x100\/public\/Products\/gwn7610_website_back_angle.png?itok=1JD_dg9_' alt=''> <\/div>\n<div style='flex: 1 1 280px; min-width: 280px;'> <img style='width: 100%; height: auto; border: 1px solid rgba(150&comma;150&comma;150&comma;0.3); border-radius: 8px;' src='http:\/\/www.grandstream.com\/sites\/default\/files\/styles\/product_100x100\/public\/Products\/gwn7610_website_back_0.png?itok=Hw2tFswq' alt=''> <\/div>\n<div style='flex: 1 1 280px; min-width: 280px;'> <img style='width: 100%; height: auto; border: 1px solid rgba(150&comma;150&comma;150&comma;0.3); border-radius: 8px;' src='http:\/\/www.grandstream.com\/sites\/default\/files\/styles\/product_100x100\/public\/Products\/gwn7610_website_side_0.png?itok=Mwq4-YBM' alt=''> <\/div>\n<\/p><\/div>\n<\/p><\/div>\n<\/p><\/div>\n<hr style='border: 0; border-top: 1px solid rgba(150&comma; 150&comma; 150&comma; 0.3); margin: 30px 0;'> <\/div>\n","protected":false},"excerpt":{"rendered":"<p>Punto de Acceso Doble Banda Wave 2 MU-MIMO 2&#215;2:2 de Super Alta Capacidad 1.75 Gbps hasta 450 Dispositivos y amplia cobertura (165 metros)<\/p>\n","protected":false},"featured_media":73777,"comment_status":"open","ping_status":"closed","template":"","meta":[],"product_brand":[],"product_cat":[1794],"product_tag":[909,1795,1479],"class_list":{"0":"post-73778","1":"product","2":"type-product","3":"status-publish","4":"has-post-thumbnail","6":"product_cat-puntos-de-acceso","7":"product_tag-grandstream","8":"product_tag-puntos-de-acceso","9":"product_tag-redes-wifi","11":"first","12":"outofstock","13":"sale","14":"shipping-taxable","15":"purchasable","16":"product-type-simple"},"_links":{"self":[{"href":"https:\/\/soydeaqui.ddns.net\/pachuca\/index.php\/wp-json\/wp\/v2\/product\/73778","targetHints":{"allow":["GET"]}}],"collection":[{"href":"https:\/\/soydeaqui.ddns.net\/pachuca\/index.php\/wp-json\/wp\/v2\/product"}],"about":[{"href":"https:\/\/soydeaqui.ddns.net\/pachuca\/index.php\/wp-json\/wp\/v2\/types\/product"}],"replies":[{"embeddable":true,"href":"https:\/\/soydeaqui.ddns.net\/pachuca\/index.php\/wp-json\/wp\/v2\/comments?post=73778"}],"wp:featuredmedia":[{"embeddable":true,"href":"https:\/\/soydeaqui.ddns.net\/pachuca\/index.php\/wp-json\/wp\/v2\/media\/73777"}],"wp:attachment":[{"href":"https:\/\/soydeaqui.ddns.net\/pachuca\/index.php\/wp-json\/wp\/v2\/media?parent=73778"}],"wp:term":[{"taxonomy":"product_brand","embeddable":true,"href":"https:\/\/soydeaqui.ddns.net\/pachuca\/index.php\/wp-json\/wp\/v2\/product_brand?post=73778"},{"taxonomy":"product_cat","embeddable":true,"href":"https:\/\/soydeaqui.ddns.net\/pachuca\/index.php\/wp-json\/wp\/v2\/product_cat?post=73778"},{"taxonomy":"product_tag","embeddable":true,"href":"https:\/\/soydeaqui.ddns.net\/pachuca\/index.php\/wp-json\/wp\/v2\/product_tag?post=73778"}],"curies":[{"name":"wp","href":"https:\/\/api.w.org\/{rel}","templated":true}]}}