{"id":73647,"date":"2026-03-19T13:30:28","date_gmt":"2026-03-19T13:30:28","guid":{"rendered":"https:\/\/soydeaqui.ddns.net\/pachuca\/index.php\/producto\/cap-punto-de-acceso-en-2-4-ghz-802-11b-g-n-hasta-300mbps\/"},"modified":"2026-03-19T13:30:31","modified_gmt":"2026-03-19T13:30:31","slug":"cap-punto-de-acceso-en-2-4-ghz-802-11b-g-n-hasta-300mbps","status":"publish","type":"product","link":"https:\/\/soydeaqui.ddns.net\/pachuca\/index.php\/producto\/cap-punto-de-acceso-en-2-4-ghz-802-11b-g-n-hasta-300mbps\/","title":{"rendered":"(cAP) Punto de Acceso en 2.4 GHz 802.11b\/g\/n hasta 300Mbps"},"content":{"rendered":"<div style='width: 100%; max-width: 1200px; margin: 0 auto; font-family: sans-serif; line-height: 1.6; color: inherit; background-color: transparent;'> <!-- Descripci\u00f3n principal --> <\/p>\n<div style='margin-bottom: 30px;'>\n<p style='font-size: 15px; margin: 0 0 15px; color: inherit; line-height: 1.6;'> RouterBOARD cAP-2nD (punto de acceso al techo) es nuestro primer techo AP de doble cadena de 2.4GHz. Dise\u00f1ado para integrarse discretamente en entornos comerciales como hoteles&comma; aeropuertos y centros comerciales. <\/p>\n<p style='font-size: 15px; margin: 0 0 15px; color: inherit; line-height: 1.6;'> Compatible con 802.11b\/g\/n y alimentaci\u00f3n PoE&comma; este dispositivo se integra perfectamente con el sistema CAPsMAN de MikroTik&comma; permitiendo la gesti\u00f3n centralizada de m\u00faltiples puntos de acceso sin necesidad de controladores adicionales. <\/p>\n<p style='font-size: 15px; margin: 0 0 15px; color: inherit; line-height: 1.6;'> El CAPsMAN se ejecuta directamente en cualquier dispositivo RouterBOARD existente en la red&comma; eliminando la necesidad de hardware dedicado. Incluye todos los elementos necesarios para instalaci\u00f3n: soporte&comma; inyector PoE&comma; adaptador de corriente&comma; tornillos y anclajes. <\/p>\n<\/p><\/div>\n<p> <!-- Secci\u00f3n de especificaciones --> <\/p>\n<div style='display: grid; grid-template-columns: repeat(auto-fill&comma; minmax(250px&comma; 1fr)); gap: 20px; margin-bottom: 30px;'> <!-- Especificaciones t\u00e9cnicas --> <\/p>\n<div style='border: 1px solid rgba(150&comma; 150&comma; 150&comma; 0.4); border-radius: 8px; overflow: hidden;'>\n<div style='padding: 15px; border-bottom: 1px solid rgba(150&comma; 150&comma; 150&comma; 0.2); font-weight: bold; font-size: 18px; color: inherit;'>Especificaciones<\/div>\n<div style='padding: 15px; color: inherit;'>\n<ul style='padding-left: 20px; margin: 0; font-size: 14px; list-style-type: disc;'>\n<li style='margin-bottom: 5px;'><strong>C\u00f3digo:<\/strong> RBcAP2nD<\/li>\n<li style='margin-bottom: 5px;'><strong>Arquitectura:<\/strong> MIPSBE<\/li>\n<li style='margin-bottom: 5px;'><strong>UPC:<\/strong> QCA9533<\/li>\n<li style='margin-bottom: 5px;'><strong>Procesador:<\/strong> 1 x 650 MHz<\/li>\n<li style='margin-bottom: 5px;'><strong>Memoria:<\/strong> 64 MB<\/li>\n<li style='margin-bottom: 5px;'><strong>Almacenamiento:<\/strong> 16 MB FLASH<\/li>\n<li style='margin-bottom: 5px;'><strong>Temperatura operaci\u00f3n:<\/strong> -40\u00b0C a +70\u00b0C<\/li>\n<li style='margin-bottom: 5px;'><strong>Dimensiones:<\/strong> 185 mm di\u00e1metro x 31 mm altura<\/li>\n<li style='margin-bottom: 5px;'><strong>Nivel licencia:<\/strong> 4<\/li>\n<li style='margin-bottom: 5px;'><strong>Sistema:<\/strong> RouterOS<\/li>\n<\/ul><\/div>\n<\/p><\/div>\n<p> <!-- Alimentaci\u00f3n --> <\/p>\n<div style='border: 1px solid rgba(150&comma; 150&comma; 150&comma; 0.4); border-radius: 8px; overflow: hidden;'>\n<div style='padding: 15px; border-bottom: 1px solid rgba(150&comma; 150&comma; 150&comma; 0.2); font-weight: bold; font-size: 18px; color: inherit;'>Alimentaci\u00f3n<\/div>\n<div style='padding: 15px; color: inherit;'>\n<ul style='padding-left: 20px; margin: 0; font-size: 14px; list-style-type: disc;'>\n<li style='margin-bottom: 5px;'><strong>Consumo:<\/strong> 4W<\/li>\n<li style='margin-bottom: 5px;'><strong>Entrada PoE:<\/strong> 802.3af\/at<\/li>\n<li style='margin-bottom: 5px;'><strong>Voltaje PoE:<\/strong> 11-57 V<\/li>\n<li style='margin-bottom: 5px;'><strong>Entradas CC:<\/strong> 1 (PoE-IN)<\/li>\n<\/ul><\/div>\n<\/p><\/div>\n<p> <!-- Inal\u00e1mbrico --> <\/p>\n<div style='border: 1px solid rgba(150&comma; 150&comma; 150&comma; 0.4); border-radius: 8px; overflow: hidden;'>\n<div style='padding: 15px; border-bottom: 1px solid rgba(150&comma; 150&comma; 150&comma; 0.2); font-weight: bold; font-size: 18px; color: inherit;'>Inal\u00e1mbrico<\/div>\n<div style='padding: 15px; color: inherit;'>\n<ul style='padding-left: 20px; margin: 0; font-size: 14px; list-style-type: disc;'>\n<li style='margin-bottom: 5px;'><strong>Bandas:<\/strong> 2.4 GHz<\/li>\n<li style='margin-bottom: 5px;'><strong>Est\u00e1ndares:<\/strong> 802.11b\/g\/n<\/li>\n<li style='margin-bottom: 5px;'><strong>Cadenas:<\/strong> 2<\/li>\n<li style='margin-bottom: 5px;'><strong>Ganancia:<\/strong> 2 dBi<\/li>\n<li style='margin-bottom: 5px;'><strong>Chipset:<\/strong> QCA9533<\/li>\n<\/ul><\/div>\n<\/p><\/div>\n<p> <!-- Ethernet --> <\/p>\n<div style='border: 1px solid rgba(150&comma; 150&comma; 150&comma; 0.4); border-radius: 8px; overflow: hidden;'>\n<div style='padding: 15px; border-bottom: 1px solid rgba(150&comma; 150&comma; 150&comma; 0.2); font-weight: bold; font-size: 18px; color: inherit;'>Ethernet<\/div>\n<div style='padding: 15px; color: inherit;'>\n<ul style='padding-left: 20px; margin: 0; font-size: 14px; list-style-type: disc;'>\n<li style='margin-bottom: 5px;'><strong>Puertos:<\/strong> 1 x 10\/100<\/li>\n<\/ul><\/div>\n<\/p><\/div>\n<p> <!-- Especificaciones inal\u00e1mbricas detalladas --> <\/p>\n<div style='border: 1px solid rgba(150&comma; 150&comma; 150&comma; 0.4); border-radius: 8px; overflow: hidden;'>\n<div style='padding: 15px; border-bottom: 1px solid rgba(150&comma; 150&comma; 150&comma; 0.2); font-weight: bold; font-size: 18px; color: inherit;'>Rendimiento Inal\u00e1mbrico<\/div>\n<div style='padding: 15px; color: inherit;'>\n<table style='width: 100%; border-collapse: collapse; font-size: 14px;'>\n<thead>\n<tr style='border-bottom: 1px solid rgba(150&comma;150&comma;150&comma;0.3);'>\n<th style='text-align: left; padding: 8px; color: inherit;'>Velocidad<\/th>\n<th style='text-align: left; padding: 8px; color: inherit;'>Tx (dBm)<\/th>\n<th style='text-align: left; padding: 8px; color: inherit;'>Rx (sensibilidad)<\/th>\n<\/tr>\n<\/thead>\n<tbody>\n<tr style='border-bottom: 1px solid rgba(150&comma;150&comma;150&comma;0.2);'>\n<td style='padding: 8px;'>1 MBit\/s<\/td>\n<td style='padding: 8px;'>22<\/td>\n<td style='padding: 8px;'>-96<\/td>\n<\/tr>\n<tr style='border-bottom: 1px solid rgba(150&comma;150&comma;150&comma;0.2);'>\n<td style='padding: 8px;'>11 MBit\/s<\/td>\n<td style='padding: 8px;'>22<\/td>\n<td style='padding: 8px;'>-89<\/td>\n<\/tr>\n<tr style='border-bottom: 1px solid rgba(150&comma;150&comma;150&comma;0.2);'>\n<td style='padding: 8px;'>6 MBit\/s<\/td>\n<td style='padding: 8px;'>20<\/td>\n<td style='padding: 8px;'>-93<\/td>\n<\/tr>\n<tr style='border-bottom: 1px solid rgba(150&comma;150&comma;150&comma;0.2);'>\n<td style='padding: 8px;'>54 MBit\/s<\/td>\n<td style='padding: 8px;'>18<\/td>\n<td style='padding: 8px;'>-74<\/td>\n<\/tr>\n<tr style='border-bottom: 1px solid rgba(150&comma;150&comma;150&comma;0.2);'>\n<td style='padding: 8px;'>MCS0<\/td>\n<td style='padding: 8px;'>20<\/td>\n<td style='padding: 8px;'>-93<\/td>\n<\/tr>\n<tr>\n<td style='padding: 8px;'>MCS7<\/td>\n<td style='padding: 8px;'>16<\/td>\n<td style='padding: 8px;'>-71<\/td>\n<\/tr>\n<\/tbody>\n<\/table><\/div>\n<\/p><\/div>\n<\/p><\/div>\n<p> <!-- Separador final --> <\/p>\n<hr style='border: 0; border-top: 1px solid rgba(150&comma; 150&comma; 150&comma; 0.3); margin: 30px 0;'> <\/div>\n","protected":false},"excerpt":{"rendered":"<p>(cAP) Punto de Acceso en 2.4 GHz 802.11b\/g\/n hasta 300Mbps<\/p>\n","protected":false},"featured_media":73646,"comment_status":"open","ping_status":"closed","template":"","meta":[],"product_brand":[],"product_cat":[1794],"product_tag":[643,1795,1479],"class_list":{"0":"post-73647","1":"product","2":"type-product","3":"status-publish","4":"has-post-thumbnail","6":"product_cat-puntos-de-acceso","7":"product_tag-mikrotik","8":"product_tag-puntos-de-acceso","9":"product_tag-redes-wifi","11":"first","12":"instock","13":"sale","14":"shipping-taxable","15":"purchasable","16":"product-type-simple"},"_links":{"self":[{"href":"https:\/\/soydeaqui.ddns.net\/pachuca\/index.php\/wp-json\/wp\/v2\/product\/73647","targetHints":{"allow":["GET"]}}],"collection":[{"href":"https:\/\/soydeaqui.ddns.net\/pachuca\/index.php\/wp-json\/wp\/v2\/product"}],"about":[{"href":"https:\/\/soydeaqui.ddns.net\/pachuca\/index.php\/wp-json\/wp\/v2\/types\/product"}],"replies":[{"embeddable":true,"href":"https:\/\/soydeaqui.ddns.net\/pachuca\/index.php\/wp-json\/wp\/v2\/comments?post=73647"}],"wp:featuredmedia":[{"embeddable":true,"href":"https:\/\/soydeaqui.ddns.net\/pachuca\/index.php\/wp-json\/wp\/v2\/media\/73646"}],"wp:attachment":[{"href":"https:\/\/soydeaqui.ddns.net\/pachuca\/index.php\/wp-json\/wp\/v2\/media?parent=73647"}],"wp:term":[{"taxonomy":"product_brand","embeddable":true,"href":"https:\/\/soydeaqui.ddns.net\/pachuca\/index.php\/wp-json\/wp\/v2\/product_brand?post=73647"},{"taxonomy":"product_cat","embeddable":true,"href":"https:\/\/soydeaqui.ddns.net\/pachuca\/index.php\/wp-json\/wp\/v2\/product_cat?post=73647"},{"taxonomy":"product_tag","embeddable":true,"href":"https:\/\/soydeaqui.ddns.net\/pachuca\/index.php\/wp-json\/wp\/v2\/product_tag?post=73647"}],"curies":[{"name":"wp","href":"https:\/\/api.w.org\/{rel}","templated":true}]}}