{"id":73537,"date":"2026-03-19T13:26:09","date_gmt":"2026-03-19T13:26:09","guid":{"rendered":"https:\/\/soydeaqui.ddns.net\/pachuca\/index.php\/producto\/enlace-completo-inalambrico-punto-a-punto-5-ghz-totalmente-configurado-c050900b171a\/"},"modified":"2026-03-19T13:26:10","modified_gmt":"2026-03-19T13:26:10","slug":"enlace-completo-inalambrico-punto-a-punto-5-ghz-totalmente-configurado-c050900b171a","status":"publish","type":"product","link":"https:\/\/soydeaqui.ddns.net\/pachuca\/index.php\/producto\/enlace-completo-inalambrico-punto-a-punto-5-ghz-totalmente-configurado-c050900b171a\/","title":{"rendered":"Enlace Completo Inal\u00e1mbrico Punto a Punto 5 GHz Totalmente configurado   &#8211; C050900B171A"},"content":{"rendered":"<div style='width: 100%; max-width: 1200px; margin: 0 auto; font-family: sans-serif; line-height: 1.6; color: inherit; background-color: transparent;'>\n<div style='text-align: center; margin-bottom: 30px;'> <img style='width: 251px; height: auto; border: 1px solid rgba(150&comma;150&comma;150&comma;0.3); border-radius: 8px;' src='http:\/\/ftp3.syscom.mx\/usuarios\/hortega\/Cambium\/cambium-networks-logo.png' alt='Logo Cambium Networks'> <\/div>\n<hr style='border: 0; border-top: 1px solid rgba(150&comma; 150&comma; 150&comma; 0.3); margin: 30px 0;'>\n<h2 style='font-size: 28px; margin-top: 0; margin-bottom: 15px; color: inherit; opacity: 0.9;'>Bridge 180<\/h2>\n<div style='display: flex; flex-wrap: wrap; gap: 10px; margin-bottom: 20px; justify-content: center;'> <span style='background: rgba(150&comma;150&comma;150&comma;0.1); border-radius: 3px; padding: 5px 15px; font-size: 14px; color: inherit; opacity: 0.8;'>2 x FORCE180<\/span> <span style='background: rgba(150&comma;150&comma;150&comma;0.1); border-radius: 3px; padding: 5px 15px; font-size: 14px; color: inherit; opacity: 0.8;'>Programados y listos para instalarse!<\/span> <\/div>\n<div style='display: flex; flex-wrap: wrap; justify-content: center; gap: 10px; margin-bottom: 30px;'>\n<div style='background: rgba(150&comma;150&comma;150&comma;0.1); border-radius: 8px; padding: 10px 15px; text-align: center; flex: 1 1 100px; min-width: 80px; color: inherit;'>\n<div style='font-size: 20px; font-weight: bold; color: inherit;'>5<\/div>\n<div style='color: inherit;'>GHz<\/div>\n<\/p><\/div>\n<div style='background: rgba(150&comma;150&comma;150&comma;0.1); border-radius: 8px; padding: 10px 15px; text-align: center; flex: 1 1 100px; min-width: 80px; color: inherit;'>\n<div style='font-size: 20px; font-weight: bold; color: inherit;'>200<\/div>\n<div style='color: inherit;'>Mbps<\/div>\n<\/p><\/div>\n<div style='background: rgba(150&comma;150&comma;150&comma;0.1); border-radius: 8px; padding: 10px 15px; text-align: center; flex: 1 1 100px; min-width: 80px; color: inherit;'>\n<div style='font-size: 20px; font-weight: bold; color: inherit;'>16<\/div>\n<div style='color: inherit;'>dBi<\/div>\n<\/p><\/div>\n<\/p><\/div>\n<div style='margin-bottom: 30px;'>\n<p style='color: inherit;'>El ePMP Bridge-in-a-Box es un enlace inal\u00e1mbrico Punto a Punto pre-configurado compuesto por dos dispositivos ePMP Force 180&comma; dise\u00f1ado para extender redes entre dos puntos de hasta 16 kil\u00f3metros de distancia.<\/p>\n<\/p><\/div>\n<h3 style='font-size: 20px; margin-top: 0; margin-bottom: 15px; color: inherit; opacity: 0.85; border-bottom: 2px solid currentColor; padding-bottom: 5px;'>Esta soluci\u00f3n puede ser instalada r\u00e1pidamente para:<\/h3>\n<ul style='margin-bottom: 30px; padding-left: 20px; color: inherit;'>\n<li style='margin-bottom: 8px;'><strong>Llevar c\u00e1maras megapixel de videovigilancia de un punto remoto al sitio de grabaci\u00f3n.<\/strong><\/li>\n<li style='margin-bottom: 8px;'><strong>Extender una red local a otro edificio.<\/strong><\/li>\n<li style='margin-bottom: 8px;'><strong>Hacer un backhaul inal\u00e1mbrico de bajo costo.<\/strong><\/li>\n<li style='margin-bottom: 8px;'><strong>Cualquier aplicaci\u00f3n que requiera extender la red a otro punto.<\/strong><\/li>\n<\/ul>\n<div style='margin-bottom: 30px;'>\n<p style='margin-bottom: 8px; color: inherit;'><strong>Rango de frecuencia:<\/strong> 4910~5970 MHz<\/p>\n<p style='margin-bottom: 8px; color: inherit;'><strong>Throughput agregado:<\/strong> Hasta 200 Mbps<\/p>\n<p style='margin-bottom: 8px; color: inherit;'><strong>Anchos de canal:<\/strong> Flexibles (5&comma; 10&comma; 20&comma; 40 MHz)<\/p>\n<p style='margin-bottom: 8px; color: inherit;'><strong>Seguridad:<\/strong> Encripci\u00f3n AES128<\/p>\n<\/p><\/div>\n<div style='margin-bottom: 30px;'>\n<p style='color: inherit;'><strong>*Incluyen fuente de alimentaci\u00f3n PoE.<\/strong><\/p>\n<\/p><\/div>\n<div style='display: flex; flex-wrap: wrap; gap: 30px; margin-bottom: 40px;'>\n<div style='flex: 1 1 250px; min-width: 200px;'> <img style='width: 100%; height: auto; border: 1px solid rgba(150&comma;150&comma;150&comma;0.3); border-radius: 8px;' src='https:\/\/ftp3.syscom.mx\/usuarios\/hortega\/Cambium\/ePMP\/cnMaestro2.png' alt='cnMaestro'> <\/p>\n<h3 style='font-size: 18px; text-align: center; margin-top: 15px; margin-bottom: 10px; color: inherit; opacity: 0.85;'><a href='https:\/\/www.cambiumnetworks.com\/products\/software\/cnmaestro\/' style='color: inherit; text-decoration: none; font-weight: 500;' target='_blank'>cnMaestro<\/a><\/h3>\n<p style='color: inherit;'>cnMaestro\u2122 es una plataforma de software local o basada en la nube para un control de red seguro de extremo a extremo. El administrador de red inal\u00e1mbrica cnMaestro simplifica la administraci\u00f3n de dispositivos al ofrecer visibilidad completa de la red y aprovisionamiento sin contacto. Vea y realice un conjunto completo de funciones de gesti\u00f3n de redes inal\u00e1mbricas en tiempo real. Optimice la disponibilidad del sistema&comma; maximice el rendimiento y satisfaga las necesidades emergentes de los clientes empresariales y residenciales.<\/p>\n<\/p><\/div>\n<div style='flex: 1 1 250px; min-width: 200px;'> <img style='width: 100%; height: auto; border: 1px solid rgba(150&comma;150&comma;150&comma;0.3); border-radius: 8px;' src='https:\/\/ftp3.syscom.mx\/usuarios\/hortega\/Cambium\/ePMP\/LinkPlanner-225x225.png' alt='LINKPlanner'> <\/p>\n<h3 style='font-size: 18px; text-align: center; margin-top: 15px; margin-bottom: 10px; color: inherit; opacity: 0.85;'><a href='https:\/\/www.cambiumnetworks.com\/products\/software\/linkplanner\/' style='color: inherit; text-decoration: none; font-weight: 500;' target='_blank'>LINKPlanner<\/a><\/h3>\n<p style='color: inherit;'>LINKPlanner le permite modelar escenarios de &#8216;qu\u00e9 pasar\u00eda si&#8217; (basados en la geograf\u00eda&comma; la distancia&comma; la altura de la antena&comma; la potencia de transmisi\u00f3n y otros factores) para optimizar el rendimiento del sistema antes de la compra. Dise\u00f1e r\u00e1pidamente redes para una implementaci\u00f3n \u00f3ptima y rentabilidad con facilidad. Disponible para sistemas Microsoft\u00ae Windows\u00ae y Mac\u00ae&comma; es una herramienta de dise\u00f1o de enlaces gratuita y f\u00e1cil de usar.<\/p>\n<p style='color: inherit; margin-top: 15px;'>LINKPlanner lidera la industria como la herramienta de planificaci\u00f3n de enlaces RF m\u00e1s confiable e intuitiva&comma; con decenas de miles de enlaces desplegados con \u00e9xito en todo el mundo.<\/p>\n<\/p><\/div>\n<div style='flex: 1 1 250px; min-width: 200px;'> <img style='width: 100%; height: auto; border: 1px solid rgba(150&comma;150&comma;150&comma;0.3); border-radius: 8px;' src='https:\/\/ftp3.syscom.mx\/usuarios\/hortega\/Cambium\/ePMP\/cnArcher-225x225.png' alt='cnArcher'> <\/p>\n<h3 style='font-size: 18px; text-align: center; margin-top: 15px; margin-bottom: 10px; color: inherit; opacity: 0.85;'><a href='https:\/\/www.cambiumnetworks.com\/products\/software\/cnarcher\/' style='color: inherit; text-decoration: none; font-weight: 500;' target='_blank'>cnArcher<\/a><\/h3>\n<p style='color: inherit;'>Aumente el list\u00f3n en la precisi\u00f3n de la instalaci\u00f3n con cnArcher\u2122&comma; la aplicaci\u00f3n m\u00f3vil gratuita que proporciona a los t\u00e9cnicos de campo la informaci\u00f3n que necesitan para configurar y alinear correctamente los m\u00f3dulos de suscriptores de banda ancha inal\u00e1mbrica Cambium Networks PMP y ePMP.<\/p>\n<\/p><\/div>\n<div style='flex: 1 1 250px; min-width: 200px;'> <img style='width: 100%; height: auto; border: 1px solid rgba(150&comma;150&comma;150&comma;0.3); border-radius: 8px;' src='https:\/\/ftp3.syscom.mx\/usuarios\/hortega\/Cambium\/ePMP\/cnHeat.png' alt='cnHeat'> <\/p>\n<h3 style='font-size: 18px; text-align: center; margin-top: 15px; margin-bottom: 10px; color: inherit; opacity: 0.85;'><a href='https:\/\/www.cambiumnetworks.com\/products\/software\/cnheat\/' style='color: inherit; text-decoration: none; font-weight: 500;' target='_blank'>cnHeat<\/a><\/h3>\n<p style='color: inherit;'>Construido sobre la experiencia de Cambium Networks en la planificaci\u00f3n de RF&comma; propagaci\u00f3n y modelado como se ve en LINKPlanner e integrado con datos SIG de hasta 1 metro de precisi\u00f3n&comma; cnHeat genera predicciones de RF de alta precisi\u00f3n y servicios derivados que representan con precisi\u00f3n la realidad del mundo RF.<\/p>\n<\/p><\/div>\n<\/p><\/div>\n<hr style='border: 0; border-top: 1px solid rgba(150&comma; 150&comma; 150&comma; 0.3); margin: 30px 0;'> <\/div>\n","protected":false},"excerpt":{"rendered":"<p>Enlace Completo Inal\u00e1mbrico Punto a Punto 5 GHz Totalmente configurado   &#8211; C050900B171A<\/p>\n","protected":false},"featured_media":73536,"comment_status":"open","ping_status":"closed","template":"","meta":[],"product_brand":[],"product_cat":[1998],"product_tag":[1999,1316,1980],"class_list":{"0":"post-73537","1":"product","2":"type-product","3":"status-publish","4":"has-post-thumbnail","6":"product_cat-5-y-6-ghz","7":"product_tag-5-y-6-ghz","8":"product_tag-cambium-networks","9":"product_tag-enlaces-ptp-y-ptmp","11":"first","12":"outofstock","13":"sale","14":"shipping-taxable","15":"purchasable","16":"product-type-simple"},"_links":{"self":[{"href":"https:\/\/soydeaqui.ddns.net\/pachuca\/index.php\/wp-json\/wp\/v2\/product\/73537","targetHints":{"allow":["GET"]}}],"collection":[{"href":"https:\/\/soydeaqui.ddns.net\/pachuca\/index.php\/wp-json\/wp\/v2\/product"}],"about":[{"href":"https:\/\/soydeaqui.ddns.net\/pachuca\/index.php\/wp-json\/wp\/v2\/types\/product"}],"replies":[{"embeddable":true,"href":"https:\/\/soydeaqui.ddns.net\/pachuca\/index.php\/wp-json\/wp\/v2\/comments?post=73537"}],"wp:featuredmedia":[{"embeddable":true,"href":"https:\/\/soydeaqui.ddns.net\/pachuca\/index.php\/wp-json\/wp\/v2\/media\/73536"}],"wp:attachment":[{"href":"https:\/\/soydeaqui.ddns.net\/pachuca\/index.php\/wp-json\/wp\/v2\/media?parent=73537"}],"wp:term":[{"taxonomy":"product_brand","embeddable":true,"href":"https:\/\/soydeaqui.ddns.net\/pachuca\/index.php\/wp-json\/wp\/v2\/product_brand?post=73537"},{"taxonomy":"product_cat","embeddable":true,"href":"https:\/\/soydeaqui.ddns.net\/pachuca\/index.php\/wp-json\/wp\/v2\/product_cat?post=73537"},{"taxonomy":"product_tag","embeddable":true,"href":"https:\/\/soydeaqui.ddns.net\/pachuca\/index.php\/wp-json\/wp\/v2\/product_tag?post=73537"}],"curies":[{"name":"wp","href":"https:\/\/api.w.org\/{rel}","templated":true}]}}