{"id":73530,"date":"2026-03-19T13:25:53","date_gmt":"2026-03-19T13:25:53","guid":{"rendered":"https:\/\/soydeaqui.ddns.net\/pachuca\/index.php\/producto\/gateway-kmg-200-ms-de-60-canales-e1-rj45-gsm-2g-o-3g-fxo-y-o-fxs-y-60-sip-sbc-con-transcodificacion\/"},"modified":"2026-03-19T13:26:02","modified_gmt":"2026-03-19T13:26:02","slug":"gateway-kmg-200-ms-de-60-canales-e1-rj45-gsm-2g-o-3g-fxo-y-o-fxs-y-60-sip-sbc-con-transcodificacion","status":"publish","type":"product","link":"https:\/\/soydeaqui.ddns.net\/pachuca\/index.php\/producto\/gateway-kmg-200-ms-de-60-canales-e1-rj45-gsm-2g-o-3g-fxo-y-o-fxs-y-60-sip-sbc-con-transcodificacion\/","title":{"rendered":"Gateway KMG 200 MS de 60 canales E1 (RJ45), GSM 2G o 3G, FXO y\/o FXS, y 60 SIP SBC con transcodificaci\u00f3n."},"content":{"rendered":"<div style='width: 100%; max-width: 1200px; margin: 0 auto; font-family: sans-serif; line-height: 1.6; color: inherit;'>\n<div style='display: flex; flex-wrap: wrap; gap: 30px; margin-bottom: 30px;'>\n<div style='flex: 1 1 300px; min-width: 280px;'>\n<h3 style='font-size: 22px; border-bottom: 2px solid currentColor; padding-bottom: 5px; margin-top: 0; color: inherit; opacity: 0.8;'>Descripci\u00f3n General<\/h3>\n<p style='font-size: 15px; color: inherit;'>KMG 200 MS es un media gateway E1 de baja densidad&comma; desarrollada para aplicaciones del mercado corporativo&comma; o para el uso en operadoras y proveedores que buscan la integraci\u00f3n de las redes TDM y las redes NGN o call centers de peque\u00f1o porte&comma; una combinaci\u00f3n de eficiencia y alta disponibilidad.<\/p>\n<p style='font-size: 15px; color: inherit;'>Su arquitectura permite la modularidad de 1 o 2 enlaces de E1 en el propio gabinete y opcional de hasta 2 m\u00f3dulos de telefon\u00eda externos adicionales para llamadas GSM 2G o 3G&comma; FXO y\/o FXS&comma; con un m\u00e1ximo de 60 llamadas simult\u00e1neas.<\/p>\n<p style='font-size: 15px; color: inherit;'>Ideal para peque\u00f1os call centers y operadoras VoIP que necesitan una actualizaci\u00f3n con bajo costo y f\u00e1cil implantaci\u00f3n.<\/p>\n<\/p><\/div>\n<\/p><\/div>\n<div style='display: flex; flex-wrap: wrap; gap: 20px; margin-bottom: 30px;'>\n<div style='flex: 1 1 250px; border: 1px solid rgba(150&comma; 150&comma; 150&comma; 0.4); border-radius: 8px; overflow: hidden; display: flex; flex-direction: column;'>\n<div style='padding: 15px; border-bottom: 1px solid rgba(150&comma; 150&comma; 150&comma; 0.2); font-weight: bold; font-size: 18px; color: inherit;'>Caracter\u00edsticas y Beneficios<\/div>\n<div style='padding: 15px; color: inherit;'>\n<ul style='padding-left: 20px; margin: 0; font-size: 14px; list-style-type: disc; color: inherit;'>\n<li style='margin-bottom: 5px;'>INTERFACE WEB para configuraci\u00f3n&comma; monitoreo y diagn\u00f3sticos facilitados.<\/li>\n<li style='margin-bottom: 5px;'>ROUTING SCRIPT para automatizaci\u00f3n de las funciones de enrutamiento.<\/li>\n<li style='margin-bottom: 5px;'>RTP BRIDGE para un n\u00famero mayor de llamadas SIP simult\u00e1neas.<\/li>\n<li style='margin-bottom: 5px;'>CIFRADO DE LOS DATOS para seguridad de su red VoIP.<\/li>\n<\/ul><\/div>\n<\/p><\/div>\n<div style='flex: 1 1 250px; border: 1px solid rgba(150&comma; 150&comma; 150&comma; 0.4); border-radius: 8px; overflow: hidden; display: flex; flex-direction: column;'>\n<div style='padding: 15px; border-bottom: 1px solid rgba(150&comma; 150&comma; 150&comma; 0.2); font-weight: bold; font-size: 18px; color: inherit;'>Recursos Opcionales<\/div>\n<div style='padding: 15px; color: inherit;'>\n<p style='font-size: 14px; margin-bottom: 10px; color: inherit;'>Recursos adquiridos a trav\u00e9s de licencias adicionales<\/p>\n<ul style='padding-left: 20px; margin: 0; font-size: 14px; list-style-type: disc; color: inherit;'>\n<li style='margin-bottom: 5px;'>SBC FOR ROUTING todos los recursos avanzados de enrutamiento de llamadas SIP-SIP<\/li>\n<li style='margin-bottom: 5px;'>KMG ANALYTICS clasificador de llamadas de Khomp para garantizar la eficiencia de las llamadas productivas del call center.<\/li>\n<li style='margin-bottom: 5px;'>STAND-ALONE SURVIVABILITY (SAS) modo de supervivencia en caso de fallas en el PBX.<\/li>\n<li style='margin-bottom: 5px;'>COMPATIBILIDAD CON SS7&comma; ISUP Y SIGTRAN para interconexi\u00f3n en el n\u00facleo de las operadoras<\/li>\n<li style='margin-bottom: 5px;'>REGISTER AUTHORIZATION para autorizaci\u00f3n previa de solicitudes de registro de tel\u00e9fonos IP externos.<\/li>\n<li style='margin-bottom: 5px;'>KMG MONITOR para monitoreo interactivo y an\u00e1lisis de datos en tiempo real.<\/li>\n<li style='margin-bottom: 5px;'>KSMS SYSTEM para campa\u00f1as de SMS con todas las estad\u00edsticas para su an\u00e1lisis.<\/li>\n<\/ul><\/div>\n<\/p><\/div>\n<div style='flex: 1 1 250px; border: 1px solid rgba(150&comma; 150&comma; 150&comma; 0.4); border-radius: 8px; overflow: hidden; display: flex; flex-direction: column;'>\n<div style='padding: 15px; border-bottom: 1px solid rgba(150&comma; 150&comma; 150&comma; 0.2); font-weight: bold; font-size: 18px; color: inherit;'>Especificaciones<\/div>\n<div style='padding: 15px; color: inherit;'>\n<ul style='padding-left: 20px; margin: 0; font-size: 14px; list-style-type: disc; color: inherit;'>\n<li style='margin-bottom: 5px;'>Modular&comma; 1 o 2 enlaces E1 en el propio gabinete<\/li>\n<li style='margin-bottom: 5px;'>Opci\u00f3n con conectores BNC o RJ45<\/li>\n<li style='margin-bottom: 5px;'>Opcional dispositivo E1 bypass para tratamiento de falla energ\u00e9tica en el gateway<\/li>\n<li style='margin-bottom: 5px;'>Opcional hasta 2 m\u00f3dulos de telefon\u00eda externos adicionales para llamadas GSM 2G o 3G&comma; FXO y\/o FXS. M\u00e1ximo de 60 llamadas simult\u00e1neas.<\/li>\n<li style='margin-bottom: 5px;'>Hasta 60 llamadas SIP SBC con transcodificaci\u00f3n o hasta 240 llamadas SIP \u2013 SIP en modo Bridge.<\/li>\n<li style='margin-bottom: 5px;'>Enlaces R2 e ISDN<\/li>\n<\/ul><\/div>\n<\/p><\/div>\n<\/p><\/div>\n<div style='display: flex; flex-wrap: wrap; gap: 30px; margin-bottom: 30px;'>\n<div style='flex: 1 1 300px; min-width: 280px;'>\n<h3 style='font-size: 22px; border-bottom: 2px solid currentColor; padding-bottom: 5px; margin-top: 0; color: inherit; opacity: 0.8;'>Aplicaci\u00f3n<\/h3>\n<p style='font-size: 15px; color: inherit;'><strong>Modelo de aplicaci\u00f3n<\/strong><\/p>\n<p> <img style='width: 100%; height: auto; border: 1px solid rgba(150&comma;150&comma;150&comma;0.3); border-radius: 8px;' src='https:\/\/ftp3.syscom.mx\/usuarios\/esanchez\/KHOMP\/KMG200\/KMG200MS-ESP.png' alt='' \/> <\/div>\n<div style='flex: 1 1 300px; min-width: 280px;'>\n<h3 style='font-size: 22px; border-bottom: 2px solid currentColor; padding-bottom: 5px; margin-top: 0; color: inherit; opacity: 0.8;'>Diagrama<\/h3>\n<p> <img style='width: 100%; height: auto; border: 1px solid rgba(150&comma;150&comma;150&comma;0.3); border-radius: 8px;' src='https:\/\/ftp3.syscom.mx\/usuarios\/esanchez\/KHOMP\/KMG3200\/Captura.JPG' alt='' \/> <\/div>\n<\/p><\/div>\n<hr style='border: 0; border-top: 1px solid rgba(150&comma; 150&comma; 150&comma; 0.3); margin: 30px 0;'> <\/div>\n","protected":false},"excerpt":{"rendered":"<p>Gateway KMG 200 MS de 60 canales E1 (RJ45), GSM 2G o 3G, FXO y\/o FXS, y 60 SIP SBC con transcodificaci\u00f3n.<\/p>\n","protected":false},"featured_media":73529,"comment_status":"open","ping_status":"closed","template":"","meta":[],"product_brand":[],"product_cat":[2070],"product_tag":[2071,966,2004],"class_list":{"0":"post-73530","1":"product","2":"type-product","3":"status-publish","4":"has-post-thumbnail","6":"product_cat-gateways-y-atas","7":"product_tag-gateways-y-atas","8":"product_tag-khomp","9":"product_tag-voip-telefonia-ip-videoconferencia","11":"first","12":"outofstock","13":"sale","14":"shipping-taxable","15":"purchasable","16":"product-type-simple"},"_links":{"self":[{"href":"https:\/\/soydeaqui.ddns.net\/pachuca\/index.php\/wp-json\/wp\/v2\/product\/73530","targetHints":{"allow":["GET"]}}],"collection":[{"href":"https:\/\/soydeaqui.ddns.net\/pachuca\/index.php\/wp-json\/wp\/v2\/product"}],"about":[{"href":"https:\/\/soydeaqui.ddns.net\/pachuca\/index.php\/wp-json\/wp\/v2\/types\/product"}],"replies":[{"embeddable":true,"href":"https:\/\/soydeaqui.ddns.net\/pachuca\/index.php\/wp-json\/wp\/v2\/comments?post=73530"}],"wp:featuredmedia":[{"embeddable":true,"href":"https:\/\/soydeaqui.ddns.net\/pachuca\/index.php\/wp-json\/wp\/v2\/media\/73529"}],"wp:attachment":[{"href":"https:\/\/soydeaqui.ddns.net\/pachuca\/index.php\/wp-json\/wp\/v2\/media?parent=73530"}],"wp:term":[{"taxonomy":"product_brand","embeddable":true,"href":"https:\/\/soydeaqui.ddns.net\/pachuca\/index.php\/wp-json\/wp\/v2\/product_brand?post=73530"},{"taxonomy":"product_cat","embeddable":true,"href":"https:\/\/soydeaqui.ddns.net\/pachuca\/index.php\/wp-json\/wp\/v2\/product_cat?post=73530"},{"taxonomy":"product_tag","embeddable":true,"href":"https:\/\/soydeaqui.ddns.net\/pachuca\/index.php\/wp-json\/wp\/v2\/product_tag?post=73530"}],"curies":[{"name":"wp","href":"https:\/\/api.w.org\/{rel}","templated":true}]}}