{"id":73502,"date":"2026-03-19T13:24:47","date_gmt":"2026-03-19T13:24:47","guid":{"rendered":"https:\/\/soydeaqui.ddns.net\/pachuca\/index.php\/producto\/protector-contra-picos-de-voltaje-para-2-lineas-telefonicas-con-tecnologia-sasd-y-tubo-de-gas-1101-740\/"},"modified":"2026-03-19T13:24:48","modified_gmt":"2026-03-19T13:24:48","slug":"protector-contra-picos-de-voltaje-para-2-lineas-telefonicas-con-tecnologia-sasd-y-tubo-de-gas-1101-740","status":"publish","type":"product","link":"https:\/\/soydeaqui.ddns.net\/pachuca\/index.php\/producto\/protector-contra-picos-de-voltaje-para-2-lineas-telefonicas-con-tecnologia-sasd-y-tubo-de-gas-1101-740\/","title":{"rendered":"Protector Contra Picos de Voltaje Para 2 L\u00edneas Telef\u00f3nicas Con Tecnolog\u00eda SASD y Tubo de Gas (1101-740)"},"content":{"rendered":"<div style='width: 100%; max-width: 1200px; margin: 0 auto; font-family: sans-serif; line-height: 1.6; color: inherit; background-color: transparent;'> <!-- Contenedor de imagen --> <\/p>\n<div style='display: flex; justify-content: center; margin-bottom: 30px;'> <img style='width: 100%; max-width: 410px; height: auto; border: 1px solid rgba(150&comma;150&comma;150&comma;0.3); border-radius: 8px;' src='https:\/\/ftp3.syscom.mx\/usuarios\/fotos\/TSJ6ACLTGT\/140286-transtector_logo.jpg' alt=''> <\/div>\n<p> <!-- Secci\u00f3n de descripci\u00f3n --> <\/p>\n<div style='margin-bottom: 30px; font-size: 15px;'>\n<p>El supersor de picos TSJ-6A-CLT-GT es un arriester hibrido de <strong>Diodo Avalancha de Silicio<\/strong> y tubo descarga de gas de alta velocidad y alta correinte dise\u00f1ado para proteger equipos de transientes \/ sobre voltajes sobre l\u00edneas de datos. Su protecci\u00f3n bi-direccional&comma; bi polar cont\u00ednua es prove\u00edda sin interrupciones.<\/p>\n<p>El TSJ-6A-CLT-GT automaticamente se resetea despu\u00e9s de cada acci\u00f3n de supresi\u00f3n sin capacidad de degradaci\u00f3n. Estos supresores utilizan un circuito hibrido robusto con tubos de gas directamente a trav\u00e9s de la bloque de terminal de entrada cableada para lograr la m\u00e1xima eficacia de rendimiento en protecci\u00f3n.<\/p>\n<\/p><\/div>\n<p> <!-- Secci\u00f3n de caracter\u00edsticas --> <\/p>\n<div style='display: flex; flex-wrap: wrap; gap: 30px; margin-bottom: 30px;'>\n<div style='flex: 1 1 300px; min-width: 280px;'>\n<h3 style='font-size: 22px; border-bottom: 2px solid currentColor; padding-bottom: 5px; margin-top: 0; color: inherit; opacity: 0.8;'>Caracter\u00edsticas generales<\/h3>\n<ul style='padding-left: 20px; font-size: 15px; color: inherit;'>\n<li style='margin-bottom: 5px;'><strong>M\u00e1ximo voltaje de operaci\u00f3n cont\u00ednuo:<\/strong> 160 V<\/li>\n<li style='margin-bottom: 5px;'><strong>Tipo de conector:<\/strong> 1 bloque de 4 posiciones atornillables o 1 conector RJ11<\/li>\n<li style='margin-bottom: 5px;'><strong>Modo de protecci\u00f3n (a tierra):<\/strong> Pines 2&comma;3&comma;4&comma;5<\/li>\n<li style='margin-bottom: 5px;'><strong>Modo Bypass:<\/strong> Pines 1 y 6<\/li>\n<li style='margin-bottom: 5px;'><strong>Voltaje de activaci\u00f3n:<\/strong> 200V @ 1 mA<\/li>\n<li style='margin-bottom: 5px;'><strong>Tiempo de respuesta:<\/strong> < 5 ns<\/li>\n<\/ul><\/div>\n<\/p><\/div>\n<p> <!-- Secci\u00f3n de garant\u00eda --> <\/p>\n<div style='margin-bottom: 30px; font-size: 15px;'>\n<p><strong>1 A\u00f1o de garant\u00eda<\/strong><\/p>\n<\/p><\/div>\n<\/p><\/div>\n","protected":false},"excerpt":{"rendered":"<p>Protector Contra Picos de Voltaje Para 2 L\u00edneas Telef\u00f3nicas Con Tecnolog\u00eda SASD y Tubo de Gas (1101-740)<\/p>\n","protected":false},"featured_media":73501,"comment_status":"open","ping_status":"closed","template":"","meta":[],"product_brand":[],"product_cat":[973],"product_tag":[533,62,546],"class_list":{"0":"post-73502","1":"product","2":"type-product","3":"status-publish","4":"has-post-thumbnail","6":"product_cat-todos-proteccion-contra-sobretensiones-automatizacion-e-intrusion","7":"product_tag-proteccion-contra-sobretensiones","8":"product_tag-todos","9":"product_tag-transtector","11":"first","12":"outofstock","13":"sale","14":"shipping-taxable","15":"purchasable","16":"product-type-simple"},"_links":{"self":[{"href":"https:\/\/soydeaqui.ddns.net\/pachuca\/index.php\/wp-json\/wp\/v2\/product\/73502","targetHints":{"allow":["GET"]}}],"collection":[{"href":"https:\/\/soydeaqui.ddns.net\/pachuca\/index.php\/wp-json\/wp\/v2\/product"}],"about":[{"href":"https:\/\/soydeaqui.ddns.net\/pachuca\/index.php\/wp-json\/wp\/v2\/types\/product"}],"replies":[{"embeddable":true,"href":"https:\/\/soydeaqui.ddns.net\/pachuca\/index.php\/wp-json\/wp\/v2\/comments?post=73502"}],"wp:featuredmedia":[{"embeddable":true,"href":"https:\/\/soydeaqui.ddns.net\/pachuca\/index.php\/wp-json\/wp\/v2\/media\/73501"}],"wp:attachment":[{"href":"https:\/\/soydeaqui.ddns.net\/pachuca\/index.php\/wp-json\/wp\/v2\/media?parent=73502"}],"wp:term":[{"taxonomy":"product_brand","embeddable":true,"href":"https:\/\/soydeaqui.ddns.net\/pachuca\/index.php\/wp-json\/wp\/v2\/product_brand?post=73502"},{"taxonomy":"product_cat","embeddable":true,"href":"https:\/\/soydeaqui.ddns.net\/pachuca\/index.php\/wp-json\/wp\/v2\/product_cat?post=73502"},{"taxonomy":"product_tag","embeddable":true,"href":"https:\/\/soydeaqui.ddns.net\/pachuca\/index.php\/wp-json\/wp\/v2\/product_tag?post=73502"}],"curies":[{"name":"wp","href":"https:\/\/api.w.org\/{rel}","templated":true}]}}