{"id":73482,"date":"2026-03-19T13:24:00","date_gmt":"2026-03-19T13:24:00","guid":{"rendered":"https:\/\/soydeaqui.ddns.net\/pachuca\/index.php\/producto\/switch-industrial-administrable-4-puertos-gigabit-c-ultra-poe-802-3af-at-2-puertos-sfp\/"},"modified":"2026-03-19T13:24:01","modified_gmt":"2026-03-19T13:24:01","slug":"switch-industrial-administrable-4-puertos-gigabit-c-ultra-poe-802-3af-at-2-puertos-sfp","status":"publish","type":"product","link":"https:\/\/soydeaqui.ddns.net\/pachuca\/index.php\/producto\/switch-industrial-administrable-4-puertos-gigabit-c-ultra-poe-802-3af-at-2-puertos-sfp\/","title":{"rendered":"Switch Industrial Administrable 4 Puertos Gigabit c\/Ultra PoE 802.3af\/at, 2 Puertos SFP"},"content":{"rendered":"<div style='width: 100%; max-width: 1200px; margin: 0 auto; font-family: sans-serif; line-height: 1.6; color: inherit; background-color: transparent;'> <!-- Imagen principal --> <\/p>\n<div style='margin-bottom: 30px;'> <img style='width: 100%; height: auto; border: 1px solid rgba(150&comma;150&comma;150&comma;0.3); border-radius: 8px;' src='https:\/\/ftp3.syscom.mx\/usuarios\/fotos\/IGS52254UP1T2S\/137050-banner_igs-5225-4up1t2s.png' alt=''> <\/div>\n<p> <!-- Contenido principal --> <\/p>\n<div style='display: flex; flex-wrap: wrap; gap: 30px; margin-bottom: 30px;'>\n<div style='flex: 1 1 300px; min-width: 280px;'>\n<p style='font-size: 15px; color: inherit; margin-top: 0;'> El Switch Gigabit Ultra PoE de 4 puertos Industrial PLANET&comma; endurecido para el medio ambiente&comma; IGS-5225-4UP1T2S&comma; est\u00e1 equipado con una resistente carcasa de metal IP30 para un funcionamiento estable en entornos industriales pesados y exigentes. Por lo tanto&comma; el IGS-5225-4UP1T2S proporciona un alto nivel de inmunidad contra la interferencia electromagn\u00e9tica y las fuertes sobrecargas el\u00e9ctricas que generalmente se encuentran en los pisos de las plantas o en los gabinetes de control de tr\u00e1fico en la acera. Al poder operar en un amplio rango de temperatura de -40 a 75 grados C&comma; el IGS-5225-4UP1T2S se puede colocar en casi cualquier ambiente dif\u00edcil. El IGS-5225-4UP1T2S tambi\u00e9n permite el montaje en riel DIN o en la pared para un uso eficiente del espacio del gabinete. <\/p>\n<\/p><\/div>\n<\/p><\/div>\n<p> <!-- Imagen 2 --> <\/p>\n<div style='margin-bottom: 30px;'> <img style='width: 100%; height: auto; border: 1px solid rgba(150&comma;150&comma;150&comma;0.3); border-radius: 8px;' src='https:\/\/ftp3.syscom.mx\/usuarios\/fotos\/IGS52254UP1T2S\/137050-igs-5225-4up1t2s-11_l.jpg' alt=''> <\/div>\n<p> <!-- Caracter\u00edstica: 802.3bt --> <\/p>\n<div style='display: flex; flex-wrap: wrap; gap: 30px; margin-bottom: 30px;'>\n<div style='flex: 1 1 300px; min-width: 280px;'>\n<h3 style='font-size: 22px; border-bottom: 2px solid currentColor; padding-bottom: 5px; margin-top: 0; color: inherit; opacity: 0.8;'>Listo para 802.3bt: 60 vatios de potencia sobre un sistema UTP de 4 pares<\/h3>\n<p style='font-size: 15px; color: inherit;'> La soluci\u00f3n Ultra PoE IGS-5225-4UP1T2S adopta el est\u00e1ndar IEEE 802.3at\/af PoE. En lugar de entregar potencia a trav\u00e9s de UTP trenzado de 2 pares&comma; ya sea el span final (pines 1&comma; 2&comma; 3 y 6) o el mid span (pines 4&comma; 5&comma; 7 y 8)&comma; proporciona la capacidad de generar hasta 60 vatios de potencia mediante el uso de los cuatro pares de cableado Ethernet Cat5e\/6 est\u00e1ndar. En el nuevo sistema de 4 pares&comma; el IGS-5225-4UP1T2S puede entregar por puerto hasta 60 vatios de potencia a cada dispositivo remoto compatible con PoE (PD). Posee el doble de capacidad de potencia que el 802.3at PoE convencional y es una soluci\u00f3n ideal para satisfacer la creciente demanda de PD de red con mayor consumo de energ\u00eda&comma; como: <\/p>\n<ul style='padding-left: 20px; font-size: 15px; color: inherit;'>\n<li style='margin-bottom: 5px;'>Domo de velocidad PTZ PoE<\/li>\n<li style='margin-bottom: 5px;'>Cualquier dispositivo de red que necesite una potencia PoE m\u00e1s alta para funcionar normalmente<\/li>\n<li style='margin-bottom: 5px;'>Cliente ligero<\/li>\n<li style='margin-bottom: 5px;'>AIO (todo en uno) PC t\u00e1ctil&comma; punto de venta (POS) y kioscos de informaci\u00f3n<\/li>\n<li style='margin-bottom: 5px;'>Pantalla de se\u00f1alizaci\u00f3n digital remota<\/li>\n<\/ul><\/div>\n<\/p><\/div>\n<p> <!-- Imagen 3 --> <\/p>\n<div style='margin-bottom: 30px;'> <img style='width: 100%; height: auto; border: 1px solid rgba(150&comma;150&comma;150&comma;0.3); border-radius: 8px;' src='https:\/\/ftp3.syscom.mx\/usuarios\/fotos\/IGS52254UP1T2S\/137050-igs-5225-4up1t2s-12_l.png' alt=''> <\/div>\n<p> <!-- Caracter\u00edstica: Modos de salida PoE --> <\/p>\n<div style='display: flex; flex-wrap: wrap; gap: 30px; margin-bottom: 30px;'>\n<div style='flex: 1 1 300px; min-width: 280px;'>\n<h3 style='font-size: 22px; border-bottom: 2px solid currentColor; padding-bottom: 5px; margin-top: 0; color: inherit; opacity: 0.8;'>Administraci\u00f3n avanzada del modo de salida de potencia PoE<\/h3>\n<p style='font-size: 15px; color: inherit;'> Para satisfacer la demanda de varios dispositivos alimentados que consumen una potencia PoE estable&comma; el IGS-5225-4UP1T2S proporciona tres modos diferentes de salida de potencia PoE para la selecci\u00f3n: <\/p>\n<ul style='padding-left: 20px; font-size: 15px; color: inherit;'>\n<li style='margin-bottom: 5px;'>Modo de salida de potencia PoE 60W UPOE (pines 1&comma; 2&comma; 3&comma; 6 + pines 4&comma; 5&comma; 7&comma; 8)<\/li>\n<li style='margin-bottom: 5px;'>Modo de salida de potencia PoE 30W End-span (pines 1&comma; 2&comma; 3&comma; 6)<\/li>\n<li style='margin-bottom: 5px;'>Modo de salida de potencia PoE de intervalo medio de 30W (pines 4&comma; 5&comma; 7&comma; 8)<\/li>\n<\/ul><\/div>\n<\/p><\/div>\n<p> <!-- Imagen 4 --> <\/p>\n<div style='margin-bottom: 30px;'> <img style='width: 100%; height: auto; border: 1px solid rgba(150&comma;150&comma;150&comma;0.3); border-radius: 8px;' src='https:\/\/ftp3.syscom.mx\/usuarios\/fotos\/IGS52254UP1T2S\/137050-igs-5225-4up1t2s-13_l.png' alt=''> <\/div>\n<p> <!-- Caracter\u00edstica: Intelligent Alive Check --> <\/p>\n<div style='display: flex; flex-wrap: wrap; gap: 30px; margin-bottom: 30px;'>\n<div style='flex: 1 1 300px; min-width: 280px;'>\n<h3 style='font-size: 22px; border-bottom: 2px solid currentColor; padding-bottom: 5px; margin-top: 0; color: inherit; opacity: 0.8;'>Intelligent Alive Check para dispositivos alimentados<\/h3>\n<p style='font-size: 15px; color: inherit;'> El IGS-5225-4UP1T2S PoE Switch puede configurarse para monitorear el estado de la PD conectada en tiempo real a trav\u00e9s de la acci\u00f3n de ping. Una vez que el PD deja de funcionar y responde&comma; el IGS-5225-4UP1T2S reciclar\u00e1 la alimentaci\u00f3n del puerto PoE y har\u00e1 que el PD vuelva a funcionar. Tambi\u00e9n mejora en gran medida la confiabilidad en que el puerto PoE restablecer\u00e1 la potencia de PD&comma; reduciendo as\u00ed la carga de administraci\u00f3n del administrador. <\/p>\n<\/p><\/div>\n<\/p><\/div>\n<p> <!-- Imagen 5 --> <\/p>\n<div style='margin-bottom: 30px;'> <img style='width: 100%; height: auto; border: 1px solid rgba(150&comma;150&comma;150&comma;0.3); border-radius: 8px;' src='https:\/\/ftp3.syscom.mx\/usuarios\/fotos\/IGS52254UP1T2S\/137050-sgs-5220-24t2x-8_l.png' alt=''> <\/div>\n<p> <!-- Caracter\u00edstica: Programa PoE para ahorro de energ\u00eda --> <\/p>\n<div style='display: flex; flex-wrap: wrap; gap: 30px; margin-bottom: 30px;'>\n<div style='flex: 1 1 300px; min-width: 280px;'>\n<h3 style='font-size: 22px; border-bottom: 2px solid currentColor; padding-bottom: 5px; margin-top: 0; color: inherit; opacity: 0.8;'>Programa PoE para el ahorro de energ\u00eda<\/h3>\n<p style='font-size: 15px; color: inherit;'> Bajo la tendencia de ahorrar energ\u00eda en todo el mundo y contribuir a la protecci\u00f3n del medio ambiente en la Tierra&comma; el IGS-5225-4UP1T2S puede controlar de manera efectiva la fuente de alimentaci\u00f3n&comma; adem\u00e1s de su capacidad de proporcionar vatios de alta potencia. La funci\u00f3n &#8216;Programaci\u00f3n PoE&#8217; incorporada lo ayuda a habilitar o inhabilitar la alimentaci\u00f3n de energ\u00eda PoE para cada puerto PoE durante intervalos de tiempo espec\u00edficos y es una funci\u00f3n poderosa para ayudar a las PYMES o empresas a ahorrar energ\u00eda y dinero. <\/p>\n<\/p><\/div>\n<\/p><\/div>\n<p> <!-- Imagen 6 --> <\/p>\n<div style='margin-bottom: 30px;'> <img style='width: 100%; height: auto; border: 1px solid rgba(150&comma;150&comma;150&comma;0.3); border-radius: 8px;' src='https:\/\/ftp3.syscom.mx\/usuarios\/fotos\/IGS52254UP1T2S\/137050-igs-5225-4up1t2s-14.png' alt=''> <\/div>\n<p> <!-- Caracter\u00edstica: Reciclaje de energ\u00eda programado --> <\/p>\n<div style='display: flex; flex-wrap: wrap; gap: 30px; margin-bottom: 30px;'>\n<div style='flex: 1 1 300px; min-width: 280px;'>\n<h3 style='font-size: 22px; border-bottom: 2px solid currentColor; padding-bottom: 5px; margin-top: 0; color: inherit; opacity: 0.8;'>Reciclaje de energ\u00eda programado<\/h3>\n<p style='font-size: 15px; color: inherit;'> El IGS-5225-4UP1T2S permite que cada una de las c\u00e1maras IP PoE conectadas o los puntos de acceso inal\u00e1mbrico PoE se reinicien a una hora espec\u00edfica cada semana. Por lo tanto&comma; reducir\u00e1 la posibilidad de que la c\u00e1mara IP o el AP se bloqueen como resultado del desbordamiento del b\u00fafer. <\/p>\n<\/p><\/div>\n<\/p><\/div>\n<p> <!-- Imagen 7 --> <\/p>\n<div style='margin-bottom: 30px;'> <img style='width: 100%; height: auto; border: 1px solid rgba(150&comma;150&comma;150&comma;0.3); border-radius: 8px;' src='https:\/\/ftp3.syscom.mx\/usuarios\/fotos\/IGS52254UP1T2S\/137050-igs-5225-4up1t2s-8_l.png' alt=''> <\/div>\n<p> <!-- Caracter\u00edstica: Anillo redundante --> <\/p>\n<div style='display: flex; flex-wrap: wrap; gap: 30px; margin-bottom: 30px;'>\n<div style='flex: 1 1 300px; min-width: 280px;'>\n<h3 style='font-size: 22px; border-bottom: 2px solid currentColor; padding-bottom: 5px; margin-top: 0; color: inherit; opacity: 0.8;'>Anillo redundante&comma; recuperaci\u00f3n r\u00e1pida para aplicaciones de red cr\u00edticas<\/h3>\n<p style='font-size: 15px; color: inherit;'> El IGS-5225-4UP1T2S es compatible con la tecnolog\u00eda de anillo redundante y presenta una capacidad fuerte y r\u00e1pida de auto-recuperaci\u00f3n para evitar interrupciones e intrusiones externas. Incorpora la tecnolog\u00eda avanzada UIT-T G.8032 ERPS (conmutaci\u00f3n de protecci\u00f3n de anillo de Ethernet)&comma; el protocolo Spanning Tree (802.1s MSTP) y el sistema de entrada de alimentaci\u00f3n redundante en la red de automatizaci\u00f3n industrial del cliente para mejorar la confiabilidad del sistema y el tiempo de funcionamiento en entornos hostiles de f\u00e1brica. En una red de anillo simple determinada&comma; el tiempo de recuperaci\u00f3n del enlace de datos puede ser tan r\u00e1pido como 20 ms. <\/p>\n<\/p><\/div>\n<\/p><\/div>\n<p> <!-- Especificaciones t\u00e9cnicas --> <\/p>\n<div style='display: flex; flex-wrap: wrap; gap: 20px; margin-bottom: 30px;'>\n<div style='flex: 1 1 250px; border: 1px solid rgba(150&comma; 150&comma; 150&comma; 0.4); border-radius: 8px; overflow: hidden; display: flex; flex-direction: column;'>\n<div style='padding: 15px; border-bottom: 1px solid rgba(150&comma; 150&comma; 150&comma; 0.2); font-weight: bold; font-size: 18px; color: inherit;'>Especificaciones de hardware<\/div>\n<div style='padding: 15px; color: inherit;'>\n<ul style='padding-left: 20px; margin: 0; font-size: 14px; list-style-type: disc; color: inherit;'>\n<li style='margin-bottom: 5px;'><strong>Throughput:<\/strong> 10.42Mpps<\/li>\n<li style='margin-bottom: 5px;'><strong>Alimentaci\u00f3n:<\/strong> Dual 48-56 Vcc&comma; (>52 Vcc para salida PoE+)<\/li>\n<li style='margin-bottom: 5px;'><strong>Consumo de alimentaci\u00f3n:<\/strong><\/li>\n<ul style='margin-left: 20px; margin-top: 5px; margin-bottom: 5px; font-size: 14px; list-style-type: disc; color: inherit;'>\n<li style='margin-bottom: 5px;'>M\u00e1x. 6.6 watts\/22.5BTU (Encendido sin conexiones)<\/li>\n<li style='margin-bottom: 5px;'>M\u00e1x. 282 watts\/962.22BTU (Carga completa con funci\u00f3n de ultra PoE)<\/li>\n<\/ul>\n<li style='margin-bottom: 5px;'><strong>Capacidad de conmutaci\u00f3n:<\/strong> 14Gbps\/non-blocking<\/li>\n<\/ul><\/div>\n<\/p><\/div>\n<\/p><\/div>\n<p> <!-- Nota sobre fuente de alimentaci\u00f3n --> <\/p>\n<div style='display: flex; flex-wrap: wrap; gap: 30px; margin-bottom: 30px;'>\n<div style='flex: 1 1 300px; min-width: 280px;'>\n<p style='font-size: 15px; color: inherit; margin: 0; padding: 15px; background-color: rgba(255&comma; 255&comma; 255&comma; 0.05); border-left: 4px solid rgba(255&comma; 0&comma; 0&comma; 0.3);'> <strong>Nota:<\/strong> No incluye fuente de alimentaci\u00f3n <\/p>\n<\/p><\/div>\n<\/p><\/div>\n<\/p><\/div>\n","protected":false},"excerpt":{"rendered":"<p>Switch Industrial Administrable 4 Puertos Gigabit c\/Ultra PoE 802.3af\/at, 2 Puertos SFP<\/p>\n","protected":false},"featured_media":73481,"comment_status":"open","ping_status":"closed","template":"","meta":[],"product_brand":[],"product_cat":[1984],"product_tag":[1985,664,2033],"class_list":{"0":"post-73482","1":"product","2":"type-product","3":"status-publish","4":"has-post-thumbnail","6":"product_cat-industrial","7":"product_tag-industrial","8":"product_tag-networking","9":"product_tag-planet","11":"first","12":"instock","13":"sale","14":"shipping-taxable","15":"purchasable","16":"product-type-simple"},"_links":{"self":[{"href":"https:\/\/soydeaqui.ddns.net\/pachuca\/index.php\/wp-json\/wp\/v2\/product\/73482","targetHints":{"allow":["GET"]}}],"collection":[{"href":"https:\/\/soydeaqui.ddns.net\/pachuca\/index.php\/wp-json\/wp\/v2\/product"}],"about":[{"href":"https:\/\/soydeaqui.ddns.net\/pachuca\/index.php\/wp-json\/wp\/v2\/types\/product"}],"replies":[{"embeddable":true,"href":"https:\/\/soydeaqui.ddns.net\/pachuca\/index.php\/wp-json\/wp\/v2\/comments?post=73482"}],"wp:featuredmedia":[{"embeddable":true,"href":"https:\/\/soydeaqui.ddns.net\/pachuca\/index.php\/wp-json\/wp\/v2\/media\/73481"}],"wp:attachment":[{"href":"https:\/\/soydeaqui.ddns.net\/pachuca\/index.php\/wp-json\/wp\/v2\/media?parent=73482"}],"wp:term":[{"taxonomy":"product_brand","embeddable":true,"href":"https:\/\/soydeaqui.ddns.net\/pachuca\/index.php\/wp-json\/wp\/v2\/product_brand?post=73482"},{"taxonomy":"product_cat","embeddable":true,"href":"https:\/\/soydeaqui.ddns.net\/pachuca\/index.php\/wp-json\/wp\/v2\/product_cat?post=73482"},{"taxonomy":"product_tag","embeddable":true,"href":"https:\/\/soydeaqui.ddns.net\/pachuca\/index.php\/wp-json\/wp\/v2\/product_tag?post=73482"}],"curies":[{"name":"wp","href":"https:\/\/api.w.org\/{rel}","templated":true}]}}