{"id":73210,"date":"2026-03-19T13:13:27","date_gmt":"2026-03-19T13:13:27","guid":{"rendered":"https:\/\/soydeaqui.ddns.net\/pachuca\/index.php\/producto\/licencia-vista-manager-ex-software-monitoreo-y-administracion-p-1-ano\/"},"modified":"2026-03-19T13:13:29","modified_gmt":"2026-03-19T13:13:29","slug":"licencia-vista-manager-ex-software-monitoreo-y-administracion-p-1-ano","status":"publish","type":"product","link":"https:\/\/soydeaqui.ddns.net\/pachuca\/index.php\/producto\/licencia-vista-manager-ex-software-monitoreo-y-administracion-p-1-ano\/","title":{"rendered":"Licencia Vista Manager EX Software monitoreo y administraci\u00f3n \/ p 1 A\u00f1o"},"content":{"rendered":"<div style='width: 100%; max-width: 1200px; margin: 0 auto; font-family: sans-serif; line-height: 1.6; color: inherit; background-color: transparent;'> <!-- Nota Importante --> <\/p>\n<div style='margin-bottom: 30px;'>\n<p style='color: #e74c3c; font-weight: bold; margin: 0 0 15px 0;'>Nota Importante:<\/p>\n<ol style='padding-left: 20px; margin: 0; font-size: 15px; color: inherit;'>\n<li style='margin-bottom: 8px;'>Tener el numero de serie del equipo al que se le aplicara la licencia<\/li>\n<li style='margin-bottom: 8px;'>Registrarse en el portal Atencion a clientes de Allied Telesis:<\/li>\n<li style='margin-bottom: 8px;'>Crear un Ticket solicitando acceso al: &#8216;Allied Telesis Download Center.&#8217;<\/li>\n<\/ol>\n<p style='margin-top: 15px; font-size: 14px;'><a href='https:\/\/alliedtelesis.my.site.com\/Support\/CustomerCommunitySelfReg' style='color: inherit; text-decoration: underline;'>https:\/\/alliedtelesis.my.site.com\/Support\/CustomerCommunitySelfReg<\/a><\/p>\n<\/p><\/div>\n<p> <!-- T\u00edtulo principal --> <\/p>\n<div style='margin-bottom: 30px;'>\n<h1 style='font-size: 28px; margin: 0 0 20px 0; font-weight: 400; color: inherit;'>Administrador de Vista EX<\/h1>\n<p> <!-- Secci\u00f3n de contenido --> <\/p>\n<div style='margin-bottom: 25px;'>\n<h3 style='font-size: 20px; border-bottom: 2px solid currentColor; padding-bottom: 5px; margin-top: 0; color: inherit; opacity: 0.8;'>Supervisi\u00f3n y administraci\u00f3n de red unificada<\/h3>\n<p style='margin: 15px 0; font-size: 15px; color: inherit;'>Integramos a la perfecci\u00f3n herramientas de automatizaci\u00f3n de red en una \u00fanica plataforma de administraci\u00f3n y monitoreo de panel de vidrio&comma; con opciones para redes de cualquier tama\u00f1o.<\/p>\n<p style='margin: 15px 0; font-size: 15px; color: inherit;'>Permita que Allied Telesis elimine los obst\u00e1culos tecnol\u00f3gicos y permita que su red realmente respalde su negocio.<\/p>\n<\/p><\/div>\n<p> <!-- Secci\u00f3n de herramientas de automatizaci\u00f3n --> <\/p>\n<div style='margin-bottom: 25px;'>\n<h3 style='font-size: 20px; border-bottom: 2px solid currentColor; padding-bottom: 5px; margin-top: 0; color: inherit; opacity: 0.8;'>Combine nuestras potentes herramientas de automatizaci\u00f3n de red con Vista Manager EX<\/h3>\n<p style='margin: 15px 0; font-size: 15px; color: inherit;'>Nuestro Autonomous Management Framework (AMF) y Autonomous Wave Control (AWC) automatizan y optimizan el funcionamiento de redes cableadas e inal\u00e1mbricas&comma; y SNMP admite dispositivos de terceros. SD-WAN Orchestrator permite la entrega segura de aplicaciones en todas las sucursales&comma; mientras que Allied Telesis Intent-based Orchestrator (AIO) traduce f\u00e1cilmente la intenci\u00f3n comercial en un cambio din\u00e1mico de red.<\/p>\n<p style='margin: 15px 0; font-size: 15px; color: inherit;'>Reduzca el costo y la complejidad de la administraci\u00f3n de la red con nuestras poderosas herramientas de automatizaci\u00f3n perfectamente integradas en Vista Manager EX&comma; combinadas con el monitoreo y la administraci\u00f3n l\u00edderes de todos los dispositivos.<\/p>\n<\/p><\/div>\n<p> <!-- Opciones de implementaci\u00f3n --> <\/p>\n<div style='margin-bottom: 25px;'>\n<h3 style='font-size: 20px; border-bottom: 2px solid currentColor; padding-bottom: 5px; margin-top: 0; color: inherit; opacity: 0.8;'>Opciones de implementaci\u00f3n<\/h3>\n<p style='margin: 15px 0; font-size: 15px; color: inherit;'>Est\u00e1 disponible como implementaci\u00f3n de software o como Vista Manager Network Appliance (VST-APL). Las opciones de implementaci\u00f3n de software incluyen:<\/p>\n<ul style='padding-left: 20px; margin: 15px 0; font-size: 15px; color: inherit;'>\n<li style='margin-bottom: 8px;'>Una m\u00e1quina virtual con Vista Manager Virtual (VST-VRT)<\/li>\n<li style='margin-bottom: 8px;'>Una instalaci\u00f3n de servidor de Windows<\/li>\n<li style='margin-bottom: 8px;'>O un dispositivo virtual independiente en una plataforma de virtualizaci\u00f3n adecuada<\/li>\n<\/ul><\/div>\n<\/p><\/div>\n<p> <!-- Separador final --> <\/p>\n<hr style='border: 0; border-top: 1px solid rgba(150&comma; 150&comma; 150&comma; 0.3); margin: 30px 0;'> <\/div>\n","protected":false},"excerpt":{"rendered":"<p>Licencia Vista Manager EX Software monitoreo y administraci\u00f3n \/ p 1 A\u00f1o<\/p>\n","protected":false},"featured_media":32,"comment_status":"open","ping_status":"closed","template":"","meta":[],"product_brand":[],"product_cat":[1996],"product_tag":[1995,1997,664],"class_list":{"0":"post-73210","1":"product","2":"type-product","3":"status-publish","4":"has-post-thumbnail","6":"product_cat-licencias-suscripciones","7":"product_tag-allied-telesis","8":"product_tag-licencias-suscripciones","9":"product_tag-networking","11":"first","12":"outofstock","13":"sale","14":"shipping-taxable","15":"purchasable","16":"product-type-simple"},"_links":{"self":[{"href":"https:\/\/soydeaqui.ddns.net\/pachuca\/index.php\/wp-json\/wp\/v2\/product\/73210","targetHints":{"allow":["GET"]}}],"collection":[{"href":"https:\/\/soydeaqui.ddns.net\/pachuca\/index.php\/wp-json\/wp\/v2\/product"}],"about":[{"href":"https:\/\/soydeaqui.ddns.net\/pachuca\/index.php\/wp-json\/wp\/v2\/types\/product"}],"replies":[{"embeddable":true,"href":"https:\/\/soydeaqui.ddns.net\/pachuca\/index.php\/wp-json\/wp\/v2\/comments?post=73210"}],"wp:featuredmedia":[{"embeddable":true,"href":"https:\/\/soydeaqui.ddns.net\/pachuca\/index.php\/wp-json\/wp\/v2\/media\/32"}],"wp:attachment":[{"href":"https:\/\/soydeaqui.ddns.net\/pachuca\/index.php\/wp-json\/wp\/v2\/media?parent=73210"}],"wp:term":[{"taxonomy":"product_brand","embeddable":true,"href":"https:\/\/soydeaqui.ddns.net\/pachuca\/index.php\/wp-json\/wp\/v2\/product_brand?post=73210"},{"taxonomy":"product_cat","embeddable":true,"href":"https:\/\/soydeaqui.ddns.net\/pachuca\/index.php\/wp-json\/wp\/v2\/product_cat?post=73210"},{"taxonomy":"product_tag","embeddable":true,"href":"https:\/\/soydeaqui.ddns.net\/pachuca\/index.php\/wp-json\/wp\/v2\/product_tag?post=73210"}],"curies":[{"name":"wp","href":"https:\/\/api.w.org\/{rel}","templated":true}]}}