{"id":7297,"date":"2026-03-18T06:54:33","date_gmt":"2026-03-18T06:54:33","guid":{"rendered":"https:\/\/soydeaqui.ddns.net\/pachuca\/index.php\/producto\/zwave-plug-in-on-off-senal-inalambrica-z-wave-para-tomacorriente-convencional-compatible-con-hub-hc7-c8-panel-l5210-l7000-total-connect-y-alarm-com\/"},"modified":"2026-03-18T06:54:37","modified_gmt":"2026-03-18T06:54:37","slug":"zwave-plug-in-on-off-senal-inalambrica-z-wave-para-tomacorriente-convencional-compatible-con-hub-hc7-c8-panel-l5210-l7000-total-connect-y-alarm-com","status":"publish","type":"product","link":"https:\/\/soydeaqui.ddns.net\/pachuca\/index.php\/producto\/zwave-plug-in-on-off-senal-inalambrica-z-wave-para-tomacorriente-convencional-compatible-con-hub-hc7-c8-panel-l5210-l7000-total-connect-y-alarm-com\/","title":{"rendered":"(ZWAVE) Plug-In On\/off, se\u00f1al inalambrica Z-WAVE para Tomacorriente convencional, compatible con HUB HC7, C8, panel L5210, L7000, Total Connect y Alarm.com"},"content":{"rendered":"<div style='width: 100%; max-width: 1200px; margin: 0 auto; font-family: sans-serif; line-height: 1.6; color: inherit; background-color: transparent;'>\n<div style='display: flex; flex-wrap: wrap; gap: 30px; margin-bottom: 30px;'>\n<div style='flex: 1 1 300px; min-width: 280px;'>\n<h3 style='font-size: 22px; border-bottom: 2px solid currentColor; padding-bottom: 5px; margin-top: 0; color: inherit; opacity: 0.8;'>Caracter\u00edsticas del equipo<\/h3>\n<ul style='padding-left: 20px; font-size: 15px; color: inherit;'>\n<li style='margin-bottom: 5px;'>Equipo para controlar encendido apagado on\/off de iluminaci\u00f3n regularmente en l\u00e1mparas de mesa o piso o electrodom\u00e9sticos.<\/li>\n<li style='margin-bottom: 5px;'>Instale f\u00e1cilmente.<\/li>\n<li style='margin-bottom: 5px;'>Empotrar en pared sobre un tomacorriente.<\/li>\n<li style='margin-bottom: 5px;'>Para uso en interior.<\/li>\n<li style='margin-bottom: 5px;'>Color blanco.<\/li>\n<\/ul><\/div>\n<div style='flex: 1 1 300px; min-width: 280px;'>\n<h3 style='font-size: 22px; border-bottom: 2px solid currentColor; padding-bottom: 5px; margin-top: 0; color: inherit; opacity: 0.8;'>Caracter\u00edsticas El\u00e9ctricas<\/h3>\n<ul style='padding-left: 20px; font-size: 15px; color: inherit;'>\n<li style='margin-bottom: 5px;'><strong>Energ\u00eda:<\/strong> 120 VCA&comma; 60 Hz.<\/li>\n<li style='margin-bottom: 5px;'><strong>Se\u00f1al (Frecuencia):<\/strong> 908.42 MHz<\/li>\n<li style='margin-bottom: 5px;'><strong>Carga m\u00e1xima para las dos tomas:<\/strong> 15 A&comma; 1800 W resistiva<\/li>\n<li style='margin-bottom: 5px;'><strong>Carga m\u00e1xima para la toma controlada por Z-Wave:<\/strong> 600 W<\/li>\n<li style='margin-bottom: 5px;'><strong>Iluminaci\u00f3n:<\/strong> Incandescente&comma; \u00bd HP motor o 1800 W resistiva.<\/li>\n<li style='margin-bottom: 5px;'><strong>Rango de temperatura de funcionamiento:<\/strong> 0-40\u00b0C.<\/li>\n<li style='margin-bottom: 5px;'><strong>Tecnolog\u00eda:<\/strong> Inal\u00e1mbrica Zwave.<\/li>\n<li style='margin-bottom: 5px;'><strong>Alcance:<\/strong> Hasta 20.5m en l\u00ednea de visi\u00f3n directa entre el control remoto inal\u00e1mbrico y el m\u00f3dulo receptor Z-Wave m\u00e1s cercano.<\/li>\n<\/ul><\/div>\n<div style='flex: 1 1 300px; min-width: 280px;'>\n<h3 style='font-size: 22px; border-bottom: 2px solid currentColor; padding-bottom: 5px; margin-top: 0; color: inherit; opacity: 0.8;'>Compatibilidad en Controladores HUB<\/h3>\n<ul style='padding-left: 20px; font-size: 15px; color: inherit;'>\n<li style='margin-bottom: 5px;'>Compatible con HUBITAT modelo <strong>HC7<\/strong>.<\/li>\n<li style='margin-bottom: 5px;'>Serie panel <strong>Lynx L700<\/strong> y sus elementos de Total Connect.<\/li>\n<li style='margin-bottom: 5px;'>Compatible con plataforma Alarm.com <strong>VISTA20P\/ALARM.COM<\/strong><\/li>\n<li style='margin-bottom: 5px;'>Y otros en el mercado.<\/li>\n<\/ul><\/div>\n<\/p><\/div>\n<div style='display: flex; flex-wrap: wrap; gap: 20px; margin-bottom: 30px;'>\n<div style='flex: 1 1 250px; border: 1px solid rgba(150&comma; 150&comma; 150&comma; 0.4); border-radius: 8px; overflow: hidden; display: flex; flex-direction: column;'>\n<div style='padding: 15px; border-bottom: 1px solid rgba(150&comma; 150&comma; 150&comma; 0.2); font-weight: bold; font-size: 18px; color: inherit;'>Especificaciones Adicionales<\/div>\n<div style='padding: 15px; color: inherit;'>\n<ul style='padding-left: 20px; margin: 0; font-size: 14px; list-style-type: disc;'>\n<li style='margin-bottom: 5px;'><strong>Alimentaci\u00f3n:<\/strong> 120 VCA&comma; 60 Hz<\/li>\n<li style='margin-bottom: 5px;'><strong>Se\u00f1al (frecuencia):<\/strong> 908&comma;42 MHz<\/li>\n<li style='margin-bottom: 5px;'><strong>Carga m\u00e1xima para las dos tomas:<\/strong> 15 A&comma; 1800 W resistiva<\/li>\n<li style='margin-bottom: 5px;'><strong>Carga m\u00e1xima para la toma controlada por Z-Wave:<\/strong> 600 W<\/li>\n<li style='margin-bottom: 5px;'><strong>Iluminaci\u00f3n:<\/strong> Incandescente&comma; \u00bd HP motor o 1800 W resistiva<\/li>\n<li style='margin-bottom: 5px;'><strong>Alcance:<\/strong> Hasta 100 pies (30&comma;5 m) en l\u00ednea de visi\u00f3n directa entre el control remoto y el m\u00f3dulo receptor Z-Wave m\u00e1s cercano.<\/li>\n<li style='margin-bottom: 5px;'><strong>Rango de temperatura:<\/strong> 32-104\u00b0 F (0-40\u00b0 C)<\/li>\n<li style='margin-bottom: 5px;'><strong>Uso:<\/strong> S\u00f3lo para uso en espacios interiores.<\/li>\n<\/ul><\/div>\n<\/p><\/div>\n<div style='flex: 1 1 250px; border: 1px solid rgba(150&comma; 150&comma; 150&comma; 0.4); border-radius: 8px; overflow: hidden; display: flex; flex-direction: column;'>\n<div style='padding: 15px; border-bottom: 1px solid rgba(150&comma; 150&comma; 150&comma; 0.2); font-weight: bold; font-size: 18px; color: inherit;'>Compatibilidad Adicional<\/div>\n<div style='padding: 15px; color: inherit;'>\n<ul style='padding-left: 20px; margin: 0; font-size: 14px; list-style-type: disc;'>\n<li style='margin-bottom: 5px;'><strong>Plataformas:<\/strong> Compatible con <strong>HUBITAT&comma; ALARM.COM<\/strong> y el kit <strong>VISTA20P\/ALARM.COM<\/strong><\/li>\n<li style='margin-bottom: 5px;'><strong>Paneles:<\/strong> Y serie Lynx L7000&comma; + L5100WIFI + L5100WAVE + Servicio de Alarmnet.<\/li>\n<\/ul><\/div>\n<\/p><\/div>\n<\/p><\/div>\n<div style='display: flex; flex-direction: column; align-items: center; margin: 30px 0;'> <img style='width: 100%; height: auto; border: 1px solid rgba(150&comma;150&comma;150&comma;0.3); border-radius: 8px;' src='http:\/\/ftp3.syscom.mx\/usuarios\/yhermosillo\/Z-WAVE\/JASCO\/diagramaconexion45703esp.jpg' alt=''> <\/div>\n<div style='display: flex; flex-wrap: wrap; justify-content: center; gap: 30px; margin: 30px 0;'>\n<div style='position: relative; padding-bottom: 56.25%; height: 0; overflow: hidden; max-width: 560px;'>   <\/div>\n<div style='position: relative; padding-bottom: 56.25%; height: 0; overflow: hidden; max-width: 560px;'>   <\/div>\n<\/p><\/div>\n<div style='display: flex; flex-direction: column; align-items: center; margin: 30px 0;'> <img style='width: 100%; height: auto; border: 1px solid rgba(150&comma;150&comma;150&comma;0.3); border-radius: 8px;' src='http:\/\/ftp3.syscom.mx\/usuarios\/mbarrio\/jasco\/alc22.jpg' alt=''> <\/div>\n<\/p><\/div>\n","protected":false},"excerpt":{"rendered":"<p>(ZWAVE) Plug-In On\/off, se\u00f1al inalambrica Z-WAVE para Tomacorriente convencional, compatible con HUB HC7, C8, panel L5210, L7000, Total Connect y Alarm.com<\/p>\n","protected":false},"featured_media":7296,"comment_status":"open","ping_status":"closed","template":"","meta":[],"product_brand":[],"product_cat":[407],"product_tag":[408,553,180],"class_list":{"0":"post-7297","1":"product","2":"type-product","3":"status-publish","4":"has-post-thumbnail","6":"product_cat-automatizacion-z-wave","7":"product_tag-automatizacion-z-wave","8":"product_tag-jasco","9":"product_tag-total-connect-honeywell","11":"first","12":"outofstock","13":"sale","14":"shipping-taxable","15":"purchasable","16":"product-type-simple"},"_links":{"self":[{"href":"https:\/\/soydeaqui.ddns.net\/pachuca\/index.php\/wp-json\/wp\/v2\/product\/7297","targetHints":{"allow":["GET"]}}],"collection":[{"href":"https:\/\/soydeaqui.ddns.net\/pachuca\/index.php\/wp-json\/wp\/v2\/product"}],"about":[{"href":"https:\/\/soydeaqui.ddns.net\/pachuca\/index.php\/wp-json\/wp\/v2\/types\/product"}],"replies":[{"embeddable":true,"href":"https:\/\/soydeaqui.ddns.net\/pachuca\/index.php\/wp-json\/wp\/v2\/comments?post=7297"}],"wp:featuredmedia":[{"embeddable":true,"href":"https:\/\/soydeaqui.ddns.net\/pachuca\/index.php\/wp-json\/wp\/v2\/media\/7296"}],"wp:attachment":[{"href":"https:\/\/soydeaqui.ddns.net\/pachuca\/index.php\/wp-json\/wp\/v2\/media?parent=7297"}],"wp:term":[{"taxonomy":"product_brand","embeddable":true,"href":"https:\/\/soydeaqui.ddns.net\/pachuca\/index.php\/wp-json\/wp\/v2\/product_brand?post=7297"},{"taxonomy":"product_cat","embeddable":true,"href":"https:\/\/soydeaqui.ddns.net\/pachuca\/index.php\/wp-json\/wp\/v2\/product_cat?post=7297"},{"taxonomy":"product_tag","embeddable":true,"href":"https:\/\/soydeaqui.ddns.net\/pachuca\/index.php\/wp-json\/wp\/v2\/product_tag?post=7297"}],"curies":[{"name":"wp","href":"https:\/\/api.w.org\/{rel}","templated":true}]}}