{"id":72851,"date":"2026-03-19T12:59:47","date_gmt":"2026-03-19T12:59:47","guid":{"rendered":"https:\/\/soydeaqui.ddns.net\/pachuca\/index.php\/producto\/switch-gigabit-poe-no-administrable-de-8-puertos-10-100-1000-mbps-solo-4-puertos-poe-para-escritorio\/"},"modified":"2026-03-19T12:59:57","modified_gmt":"2026-03-19T12:59:57","slug":"switch-gigabit-poe-no-administrable-de-8-puertos-10-100-1000-mbps-solo-4-puertos-poe-para-escritorio","status":"publish","type":"product","link":"https:\/\/soydeaqui.ddns.net\/pachuca\/index.php\/producto\/switch-gigabit-poe-no-administrable-de-8-puertos-10-100-1000-mbps-solo-4-puertos-poe-para-escritorio\/","title":{"rendered":"Switch Gigabit PoE+ no administrable de 8 puertos 10\/100\/1000 Mbps, solo 4 puertos PoE, para escritorio"},"content":{"rendered":"<div style='width: 100%; max-width: 1200px; margin: 0 auto; font-family: sans-serif; line-height: 1.6; color: inherit; background-color: transparent;'> <!-- Secci\u00f3n de caracter\u00edsticas de hardware --> <\/p>\n<div style='display: flex; flex-wrap: wrap; gap: 30px; margin-bottom: 30px;'>\n<div style='flex: 1 1 300px; min-width: 280px;'>\n<h3 style='font-size: 22px; border-bottom: 2px solid currentColor; padding-bottom: 5px; margin-top: 0; color: inherit; opacity: 0.8;'>CARACTER\u00cdSTICAS DE HARDWARE<\/h3>\n<ul style='padding-left: 20px; font-size: 15px; color: inherit;'>\n<li style='margin-bottom: 5px;'><strong>Interfaz:<\/strong> 8 puertos RJ45 a 10\/100\/1000Mbps&comma; negociaci\u00f3n autom\u00e1tica&comma; MDI\/MDIX autom\u00e1tico<\/li>\n<li style='margin-bottom: 5px;'><strong>Medios de Red:<\/strong> 10BASE-T: cable UTP Categor\u00eda 3&comma; 4&comma; 5 (m\u00e1ximo 100 metros)&comma; EIA\/TIA-568 100\u03a9 STP (m\u00e1ximo 100 m)&comma; 100BASE-TX: cable UTP Categor\u00edas 5&comma; 5E (m\u00e1ximo 100 metros)&comma; EIA\/TIA-568 100\u03a9 STP (m\u00e1ximo 100 m)&comma; 1000BASE-T: cable UTP Categor\u00edas 5&comma; 5E&comma; 6 o superior (m\u00e1ximo 100 metros)&comma; EIA\/TIA-568 100\u03a9 STP (m\u00e1ximo 100 m)<\/li>\n<li style='margin-bottom: 5px;'><strong>Cantidad de Ventiladores:<\/strong> Sin ventilador<\/li>\n<li style='margin-bottom: 5px;'><strong>Bloqueo de Seguridad F\u00edsico:<\/strong> No<\/li>\n<li style='margin-bottom: 5px;'><strong>Fuente de Alimentaci\u00f3n Externa:<\/strong> Fuente de Alimentaci\u00f3n Externa (Salida: 48VDC \/ 1.25A)<\/li>\n<li style='margin-bottom: 5px;'><strong>Puertos PoE (RJ45):<\/strong> Est\u00e1ndard: 802.3 af compatible&comma; Puertos PoE: Puerto1- Puerto4&comma; Alimentaci\u00f3n El\u00e9ctrica: 55W<\/li>\n<li style='margin-bottom: 5px;'><strong>Ancho de Banda de la Red Central:<\/strong> 16Gbps<\/li>\n<li style='margin-bottom: 5px;'><strong>Tabla de Direcci\u00f3n MAC:<\/strong> 4K<\/li>\n<li style='margin-bottom: 5px;'><strong>Dimensiones:<\/strong> 6.7*3.9*1.1 in. (171*98*27 mm)<\/li>\n<li style='margin-bottom: 5px;'><strong>Consumo de Potencia M\u00e1ximo:<\/strong> 5.49W (220\/50Hz. sin PD conectado)&comma; 65.24W (220\/50Hz. con 55W PD conectado)<\/li>\n<li style='margin-bottom: 5px;'><strong>Max Heat Dissipation:<\/strong> 18.73BTU\/h (sin PD conectado)&comma; 222.60BTU\/h (con 55W PD conectado)<\/li>\n<\/ul><\/div>\n<\/p><\/div>\n<p> <!-- Secci\u00f3n de caracter\u00edsticas de software --> <\/p>\n<div style='display: flex; flex-wrap: wrap; gap: 30px; margin-bottom: 30px;'>\n<div style='flex: 1 1 300px; min-width: 280px;'>\n<h3 style='font-size: 22px; border-bottom: 2px solid currentColor; padding-bottom: 5px; margin-top: 0; color: inherit; opacity: 0.8;'>CARACTER\u00cdSTICAS DE SOFTWARE<\/h3>\n<ul style='padding-left: 20px; font-size: 15px; color: inherit;'>\n<li style='margin-bottom: 5px;'><strong>M\u00e9todo de Transmisi\u00f3n:<\/strong> Store-And-Forward<\/li>\n<li style='margin-bottom: 5px;'><strong>Funciones Avanzadas:<\/strong> Compatible con Dispositivos PD&comma; seg\u00fan IEEE 802.3af&comma; Funci\u00f3n de Prioridad&comma; Auto aprendizaje y auto envejecimiento de Direcciones MAC&comma; Control de Flujo EEE802.3x&comma; 802.1p\/DSCP QoS<\/li>\n<\/ul><\/div>\n<\/p><\/div>\n<p> <!-- Secci\u00f3n de otros --> <\/p>\n<div style='display: flex; flex-wrap: wrap; gap: 30px; margin-bottom: 30px;'>\n<div style='flex: 1 1 300px; min-width: 280px;'>\n<h3 style='font-size: 22px; border-bottom: 2px solid currentColor; padding-bottom: 5px; margin-top: 0; color: inherit; opacity: 0.8;'>OTROS<\/h3>\n<ul style='padding-left: 20px; font-size: 15px; color: inherit;'>\n<li style='margin-bottom: 5px;'><strong>Certificaciones:<\/strong> FCC&comma; CE&comma; RoHS<\/li>\n<li style='margin-bottom: 5px;'><strong>Contenido del Paquete:<\/strong> TL-SG1008P&comma; Adaptador de corriente&comma; Manual de Usuario<\/li>\n<li style='margin-bottom: 5px;'><strong>Consumo:<\/strong> 62.2 W (m\u00e1x. con dispositivos PoE conectados consumiendo 55W)&comma; 5.5 W (m\u00e1x. sin dispositivos PoE conectados)<\/li>\n<li style='margin-bottom: 5px;'><strong>Factores Ambientales:<\/strong> Temperatura de funcionamiento: 0\u00b0C~40\u00b0C (32\u00b0F~104\u00b0F)&comma; Temperatura de almacenamiento: -40\u00b0C~70\u00b0C (-40\u00b0F~158\u00b0F)&comma; Humedad de funcionamiento: 10%~90% sin condensaci\u00f3n&comma; Humedad de almacenamiento: 5%~90% sin condensaci\u00f3n<\/li>\n<\/ul><\/div>\n<\/p><\/div>\n<p> <!-- Separador --> <\/p>\n<hr style='border: 0; border-top: 1px solid rgba(150&comma; 150&comma; 150&comma; 0.3); margin: 30px 0;'> <\/div>\n","protected":false},"excerpt":{"rendered":"<p>Switch Gigabit PoE+ no administrable de 8 puertos 10\/100\/1000 Mbps, solo 4 puertos PoE, para escritorio<\/p>\n","protected":false},"featured_media":72850,"comment_status":"open","ping_status":"closed","template":"","meta":[],"product_brand":[],"product_cat":[1986],"product_tag":[664,1987,71],"class_list":{"0":"post-72851","1":"product","2":"type-product","3":"status-publish","4":"has-post-thumbnail","6":"product_cat-switches-poe","7":"product_tag-networking","8":"product_tag-switches-poe","9":"product_tag-tp-link","11":"first","12":"instock","13":"sale","14":"shipping-taxable","15":"purchasable","16":"product-type-simple"},"_links":{"self":[{"href":"https:\/\/soydeaqui.ddns.net\/pachuca\/index.php\/wp-json\/wp\/v2\/product\/72851","targetHints":{"allow":["GET"]}}],"collection":[{"href":"https:\/\/soydeaqui.ddns.net\/pachuca\/index.php\/wp-json\/wp\/v2\/product"}],"about":[{"href":"https:\/\/soydeaqui.ddns.net\/pachuca\/index.php\/wp-json\/wp\/v2\/types\/product"}],"replies":[{"embeddable":true,"href":"https:\/\/soydeaqui.ddns.net\/pachuca\/index.php\/wp-json\/wp\/v2\/comments?post=72851"}],"wp:featuredmedia":[{"embeddable":true,"href":"https:\/\/soydeaqui.ddns.net\/pachuca\/index.php\/wp-json\/wp\/v2\/media\/72850"}],"wp:attachment":[{"href":"https:\/\/soydeaqui.ddns.net\/pachuca\/index.php\/wp-json\/wp\/v2\/media?parent=72851"}],"wp:term":[{"taxonomy":"product_brand","embeddable":true,"href":"https:\/\/soydeaqui.ddns.net\/pachuca\/index.php\/wp-json\/wp\/v2\/product_brand?post=72851"},{"taxonomy":"product_cat","embeddable":true,"href":"https:\/\/soydeaqui.ddns.net\/pachuca\/index.php\/wp-json\/wp\/v2\/product_cat?post=72851"},{"taxonomy":"product_tag","embeddable":true,"href":"https:\/\/soydeaqui.ddns.net\/pachuca\/index.php\/wp-json\/wp\/v2\/product_tag?post=72851"}],"curies":[{"name":"wp","href":"https:\/\/api.w.org\/{rel}","templated":true}]}}