{"id":72840,"date":"2026-03-19T12:59:25","date_gmt":"2026-03-19T12:59:25","guid":{"rendered":"https:\/\/soydeaqui.ddns.net\/pachuca\/index.php\/producto\/ptp-550-hasta-1-36-gbps-5150-5950-mhz-802-11-ac-wave-2-mu-mimo-4-4x4-backhaul-con-antena-integrada-alta-ganancia-23-dbi-c050055h010a\/"},"modified":"2026-03-19T12:59:26","modified_gmt":"2026-03-19T12:59:26","slug":"ptp-550-hasta-1-36-gbps-5150-5950-mhz-802-11-ac-wave-2-mu-mimo-4-4x4-backhaul-con-antena-integrada-alta-ganancia-23-dbi-c050055h010a","status":"publish","type":"product","link":"https:\/\/soydeaqui.ddns.net\/pachuca\/index.php\/producto\/ptp-550-hasta-1-36-gbps-5150-5950-mhz-802-11-ac-wave-2-mu-mimo-4-4x4-backhaul-con-antena-integrada-alta-ganancia-23-dbi-c050055h010a\/","title":{"rendered":"PTP-550  Hasta 1.36 GBps \/ 5150 &#8211; 5950 MHz \/ 802.11 AC Wave 2  MU-MIMO 4: 4&#215;4 \/ BackHaul con Antena Integrada (Alta ganancia 23 dBi)  &#8211;  C050055H010A"},"content":{"rendered":"<div style='width: 100%; max-width: 1200px; margin: 0 auto; font-family: sans-serif; line-height: 1.6; color: inherit; background-color: transparent;'>\n<div style='display: flex; flex-wrap: wrap; gap: 30px; margin-bottom: 30px;'>\n<div style='flex: 1 1 300px; min-width: 280px;'>\n<h3 style='font-size: 22px; border-bottom: 2px solid currentColor; padding-bottom: 5px; margin-top: 0; color: inherit; opacity: 0.8;'>Caracter\u00edsticas principales<\/h3>\n<ul style='padding-left: 20px; font-size: 15px; color: inherit;'>\n<li style='margin-bottom: 5px;'><strong>Frecuencia:<\/strong> 5.15 &#8211; 5.96 GHz<\/li>\n<li style='margin-bottom: 5px;'><strong>Throughput:<\/strong> Hasta 1.36 Gbps<\/li>\n<li style='margin-bottom: 5px;'><strong>Latencia:<\/strong> 2.2-6 mseg<\/li>\n<li style='margin-bottom: 5px;'><strong>Est\u00e1ndares:<\/strong> Espectro de 5 GHz&comma; cifrado AES 128<\/li>\n<li style='margin-bottom: 5px;'><strong>Selecci\u00f3n de canales:<\/strong> Selecci\u00f3n din\u00e1mica de canales (DSO)<\/li>\n<li style='margin-bottom: 5px;'><strong>Bandas RF:<\/strong> 5.170 a 5.980 GHz<\/li>\n<li style='margin-bottom: 5px;'><strong>Channel Bonding:<\/strong> Hasta 1.36 Gbps con 2 canales de 80 MHz<\/li>\n<\/ul><\/div>\n<div style='flex: 1 1 300px; min-width: 280px;'>\n<h3 style='font-size: 22px; border-bottom: 2px solid currentColor; padding-bottom: 5px; margin-top: 0; color: inherit; opacity: 0.8;'>Caracter\u00edsticas t\u00e9cnicas<\/h3>\n<ul style='padding-left: 20px; font-size: 15px; color: inherit;'>\n<li style='margin-bottom: 5px;'><strong>Ancho de canal:<\/strong> 2 x (20&comma; 40&comma; 80 MHz)<\/li>\n<li style='margin-bottom: 5px;'><strong>Eficiencia espectral:<\/strong> 8.5 bps\/Hz<\/li>\n<li style='margin-bottom: 5px;'><strong>Potencia m\u00e1xima:<\/strong> Hasta 27 dBm<\/li>\n<li style='margin-bottom: 5px;'><strong>Protecci\u00f3n exterior:<\/strong> IP66 &#8211; IP67<\/li>\n<li style='margin-bottom: 5px;'><strong>Temperatura operaci\u00f3n:<\/strong> -40\u00b0 a +60\u00b0 C<\/li>\n<li style='margin-bottom: 5px;'><strong>Protocolo:<\/strong> IEEE 802.3<\/li>\n<li style='margin-bottom: 5px;'><strong>Tama\u00f1o:<\/strong> 278 x 185 x 88 mm<\/li>\n<li style='margin-bottom: 5px;'><strong>Peso:<\/strong> 1.6 kg<\/li>\n<li style='margin-bottom: 5px;'><strong>Puertos:<\/strong> 1x Gigabit Ethernet&comma; 1x SFP<\/li>\n<li style='margin-bottom: 5px;'><strong>Consumo:<\/strong> 30 W m\u00e1ximo<\/li>\n<\/ul><\/div>\n<\/p><\/div>\n<div style='margin-bottom: 30px;'> <img style='width: 100%; height: auto; border: 1px solid rgba(150&comma;150&comma;150&comma;0.3); border-radius: 8px;' src='https:\/\/ftp3.syscom.mx\/usuarios\/hortega\/Cambium\/PTP550\/Tabla%20PTP550.png' alt='Tabla de especificaciones PTP550'> <\/div>\n<div style='margin-bottom: 30px;'>\n<h3 style='font-size: 22px; border-bottom: 2px solid currentColor; padding-bottom: 5px; margin-top: 0; color: inherit; opacity: 0.8;'>Descripci\u00f3n t\u00e9cnica<\/h3>\n<p style='margin-bottom: 15px;'>Equipo PTP 550 Cambium Networks dise\u00f1ado para construir canales de comunicaci\u00f3n troncales con ancho de banda de hasta 1.4 Gbps en banda de 5 GHz.<\/p>\n<p style='margin-bottom: 15px;'>Basado en chipset 802.11 AC wave 2 con tecnolog\u00eda Multi User MIMO 4:4&#215;4 (MU-MIMO 4:4&#215;4).<\/p>\n<p style='margin-bottom: 15px;'>Transmisor opera en dos canales de frecuencia 2x MIMO 2&#215;2&comma; con anchos de canal de 20&comma; 40 y 80 MHz.<\/p>\n<p style='margin-bottom: 15px;'>Tecnolog\u00eda MU-MIMO permite alimentaci\u00f3n de dos canales en una \u00fanica antena y diferentes bandas de frecuencia (ejemplo 5.3 GHz y 5.6 GHz) sin necesidad de intervalo de guarda&comma; multiplexando dos flujos espaciales MIMO 2&#215;2.<\/p>\n<p>Rendimiento total determinado por agregaci\u00f3n de dos canales de frecuencia independientes MIMO 2&#215;2.<\/p>\n<\/p><\/div>\n<div style='margin-bottom: 30px;'>\n<h3 style='font-size: 22px; border-bottom: 2px solid currentColor; padding-bottom: 5px; margin-top: 0; color: inherit; opacity: 0.8;'>Caracter\u00edsticas adicionales<\/h3>\n<div style='display: flex; flex-wrap: wrap; gap: 20px; margin-top: 20px;'>\n<div style='flex: 1 1 250px; border: 1px solid rgba(150&comma;150&comma;150&comma;0.4); border-radius: 8px; overflow: hidden; display: flex; flex-direction: column;'>\n<div style='padding: 15px; border-bottom: 1px solid rgba(150&comma;150&comma;150&comma;0.2); font-weight: bold; font-size: 18px; color: inherit;'>Selecci\u00f3n Din\u00e1mica de Canales (DSO)<\/div>\n<div style='padding: 15px; color: inherit;'>\n<p>Los sistemas 550 optimizan constantemente el canal de operaci\u00f3n para maximizar la confiabilidad y rendimiento del enlace. En respuesta al entorno de interferencia&comma; PTP 550 busca el espectro m\u00e1s claro y se mueve a \u00e9l sin interrupciones.<\/p>\n<\/p><\/div>\n<\/p><\/div>\n<div style='flex: 1 1 250px; border: 1px solid rgba(150&comma;150&comma;150&comma;0.4); border-radius: 8px; overflow: hidden; display: flex; flex-direction: column;'>\n<div style='padding: 15px; border-bottom: 1px solid rgba(150&comma;150&comma;150&comma;0.2); font-weight: bold; font-size: 18px; color: inherit;'>cnMaestro \u2122<\/div>\n<div style='padding: 15px; color: inherit;'>\n<p>Plataforma de software para control de red de extremo a extremo con aprovisionamiento cero y configuraci\u00f3n del dispositivo. Ofrece visibilidad completa de la red y funciones de administraci\u00f3n en tiempo real.<\/p>\n<\/p><\/div>\n<\/p><\/div>\n<\/p><\/div>\n<\/p><\/div>\n<div style='margin-bottom: 30px;'>\n<h3 style='font-size: 22px; border-bottom: 2px solid currentColor; padding-bottom: 5px; margin-top: 0; color: inherit; opacity: 0.8;'>Especificaciones t\u00e9cnicas<\/h3>\n<div style='display: flex; flex-wrap: wrap; gap: 20px; margin-top: 20px;'>\n<div style='flex: 1 1 250px; border: 1px solid rgba(150&comma;150&comma;150&comma;0.4); border-radius: 8px; overflow: hidden; display: flex; flex-direction: column;'>\n<div style='padding: 15px; border-bottom: 1px solid rgba(150&comma;150&comma;150&comma;0.2); font-weight: bold; font-size: 18px; color: inherit;'>Radio<\/div>\n<div style='padding: 15px; color: inherit;'>\n<ul style='padding-left: 20px; margin: 0; font-size: 14px; list-style-type: disc;'>\n<li style='margin-bottom: 5px;'><strong>Banda de operaci\u00f3n:<\/strong> 5.15-5.96 GHz<\/li>\n<li style='margin-bottom: 5px;'><strong>Ancho de canal:<\/strong> 2x(20&comma;40&comma;80 MHz)<\/li>\n<li style='margin-bottom: 5px;'><strong>Eficiencia espectral:<\/strong> 8.5 bps\/Hz<\/li>\n<li style='margin-bottom: 5px;'><strong>Selecci\u00f3n de canal:<\/strong> Autom\u00e1tico (DSO) o manual<\/li>\n<li style='margin-bottom: 5px;'><strong>Potencia m\u00e1xima:<\/strong> Hasta 27 dBm<\/li>\n<li style='margin-bottom: 5px;'><strong>Latencia:<\/strong> 2.2-6 ms<\/li>\n<\/ul><\/div>\n<\/p><\/div>\n<div style='flex: 1 1 250px; border: 1px solid rgba(150&comma;150&comma;150&comma;0.4); border-radius: 8px; overflow: hidden; display: flex; flex-direction: column;'>\n<div style='padding: 15px; border-bottom: 1px solid rgba(150&comma;150&comma;150&comma;0.2); font-weight: bold; font-size: 18px; color: inherit;'>F\u00edsico<\/div>\n<div style='padding: 15px; color: inherit;'>\n<ul style='padding-left: 20px; margin: 0; font-size: 14px; list-style-type: disc;'>\n<li style='margin-bottom: 5px;'><strong>Protecci\u00f3n:<\/strong> IP66-IP67<\/li>\n<li style='margin-bottom: 5px;'><strong>Temperatura:<\/strong> -40\u00b0 a +60\u00b0 C<\/li>\n<li style='margin-bottom: 5px;'><strong>Tama\u00f1o:<\/strong> 278 x 185 x 88 mm<\/li>\n<li style='margin-bottom: 5px;'><strong>Peso:<\/strong> 1.6 kg (3.5 lbs) con soporte<\/li>\n<li style='margin-bottom: 5px;'><strong>Puertos:<\/strong> 1x Gigabit Ethernet&comma; 1x SFP (mono-modo\/multi-modo)<\/li>\n<li style='margin-bottom: 5px;'><strong>Consumo:<\/strong> 30 W m\u00e1ximo<\/li>\n<\/ul><\/div>\n<\/p><\/div>\n<\/p><\/div>\n<\/p><\/div>\n<div style='margin-bottom: 30px;'> <img style='width: 100%; height: auto; border: 1px solid rgba(150&comma;150&comma;150&comma;0.3); border-radius: 8px;' src='https:\/\/ftp3.syscom.mx\/usuarios\/hortega\/Cambium\/PTP550\/PTP5507.jpg' alt='PTP550 vista 1'> <\/div>\n<div style='margin-bottom: 30px;'> <img style='width: 100%; height: auto; border: 1px solid rgba(150&comma;150&comma;150&comma;0.3); border-radius: 8px;' src='https:\/\/ftp3.syscom.mx\/usuarios\/hortega\/Cambium\/PTP550\/PTP5508.jpg' alt='PTP550 vista 2'> <\/div>\n<div style='margin-bottom: 30px;'> <img style='width: 100%; height: auto; border: 1px solid rgba(150&comma;150&comma;150&comma;0.3); border-radius: 8px;' src='https:\/\/community.cambiumnetworks.com\/t5\/image\/serverpage\/image-id\/7874i036BB12BEEB9171C\/image-size\/large?v=1.0&#038;px=999' alt='Gr\u00e1fica PTP550'> <\/div>\n<div style='margin-bottom: 30px;'>\n<div style='position: relative; padding-bottom: 56.25%; height: 0; overflow: hidden;'>   <\/div>\n<\/p><\/div>\n<div style='margin-bottom: 30px;'>\n<div style='position: relative; padding-bottom: 56.25%; height: 0; overflow: hidden;'>   <\/div>\n<\/p><\/div>\n<div style='margin-bottom: 30px;'> <img style='width: 100%; height: auto; border: 1px solid rgba(150&comma;150&comma;150&comma;0.3); border-radius: 8px;' src='https:\/\/3fdumf3rqw5xx4mjgywguwz9-wpengine.netdna-ssl.com\/wp-content\/uploads\/2015\/08\/cnMaestro-screen_569x431.png' alt='cnMaestro'> <\/div>\n<div style='margin-bottom: 30px;'> <img style='width: 100%; height: auto; border: 1px solid rgba(150&comma;150&comma;150&comma;0.3); border-radius: 8px;' src='http:\/\/ftp3.syscom.mx\/usuarios\/hortega\/Cambium\/cambium-networks-logo.png' alt='Logo Cambium Networks'> <\/div>\n<div style='margin-bottom: 30px;'> <a style='display: inline-block; background-color: #51a4f5; color: #ffffff; font-weight: 400; transition: background-color 0.25s ease-out 0s&comma; color 0.25s ease-out 0s; border: 1px solid transparent; border-radius: 50px; padding: 10px 20px; text-decoration: none;' href='https:\/\/cloud.cambiumnetworks.com\/app\/createaccount.html' rel='noopener'>Obtener una cuenta en la nube<\/a> <a style='display: inline-block; background-color: #51a4f5; color: #ffffff; font-weight: 400; transition: background-color 0.25s ease-out 0s&comma; color 0.25s ease-out 0s; border: 1px solid transparent; border-radius: 50px; padding: 10px 20px; text-decoration: none; margin-left: 10px;' href='https:\/\/support.cambiumnetworks.com\/files\/cnmaestro\/' rel='noopener'>Descarga<\/a> <\/div>\n<\/p><\/div>\n","protected":false},"excerpt":{"rendered":"<p>PTP-550  Hasta 1.36 GBps \/ 5150 &#8211; 5950 MHz \/ 802.11 AC Wave 2  MU-MIMO 4: 4&#215;4 \/ BackHaul con Antena Integrada (Alta ganancia 23 dBi)  &#8211;  C050055H010A<\/p>\n","protected":false},"featured_media":72839,"comment_status":"open","ping_status":"closed","template":"","meta":[],"product_brand":[],"product_cat":[1998],"product_tag":[1999,1316,1980],"class_list":{"0":"post-72840","1":"product","2":"type-product","3":"status-publish","4":"has-post-thumbnail","6":"product_cat-5-y-6-ghz","7":"product_tag-5-y-6-ghz","8":"product_tag-cambium-networks","9":"product_tag-enlaces-ptp-y-ptmp","11":"first","12":"outofstock","13":"sale","14":"shipping-taxable","15":"purchasable","16":"product-type-simple"},"_links":{"self":[{"href":"https:\/\/soydeaqui.ddns.net\/pachuca\/index.php\/wp-json\/wp\/v2\/product\/72840","targetHints":{"allow":["GET"]}}],"collection":[{"href":"https:\/\/soydeaqui.ddns.net\/pachuca\/index.php\/wp-json\/wp\/v2\/product"}],"about":[{"href":"https:\/\/soydeaqui.ddns.net\/pachuca\/index.php\/wp-json\/wp\/v2\/types\/product"}],"replies":[{"embeddable":true,"href":"https:\/\/soydeaqui.ddns.net\/pachuca\/index.php\/wp-json\/wp\/v2\/comments?post=72840"}],"wp:featuredmedia":[{"embeddable":true,"href":"https:\/\/soydeaqui.ddns.net\/pachuca\/index.php\/wp-json\/wp\/v2\/media\/72839"}],"wp:attachment":[{"href":"https:\/\/soydeaqui.ddns.net\/pachuca\/index.php\/wp-json\/wp\/v2\/media?parent=72840"}],"wp:term":[{"taxonomy":"product_brand","embeddable":true,"href":"https:\/\/soydeaqui.ddns.net\/pachuca\/index.php\/wp-json\/wp\/v2\/product_brand?post=72840"},{"taxonomy":"product_cat","embeddable":true,"href":"https:\/\/soydeaqui.ddns.net\/pachuca\/index.php\/wp-json\/wp\/v2\/product_cat?post=72840"},{"taxonomy":"product_tag","embeddable":true,"href":"https:\/\/soydeaqui.ddns.net\/pachuca\/index.php\/wp-json\/wp\/v2\/product_tag?post=72840"}],"curies":[{"name":"wp","href":"https:\/\/api.w.org\/{rel}","templated":true}]}}