{"id":72798,"date":"2026-03-19T12:57:43","date_gmt":"2026-03-19T12:57:43","guid":{"rendered":"https:\/\/soydeaqui.ddns.net\/pachuca\/index.php\/producto\/antena-direccional-dimensiones-3-ft-4-4-5-ghz-2-conectores-n-hembra-ganancia-33dbi-montaje-incluido\/"},"modified":"2026-03-19T12:57:44","modified_gmt":"2026-03-19T12:57:44","slug":"antena-direccional-dimensiones-3-ft-4-4-5-ghz-2-conectores-n-hembra-ganancia-33dbi-montaje-incluido","status":"publish","type":"product","link":"https:\/\/soydeaqui.ddns.net\/pachuca\/index.php\/producto\/antena-direccional-dimensiones-3-ft-4-4-5-ghz-2-conectores-n-hembra-ganancia-33dbi-montaje-incluido\/","title":{"rendered":"Antena direccional, Dimensiones (3 ft), 4.4 &#8211; 5 GHz, 2 Conectores N-hembra, Ganancia 33dBi, Montaje incluido"},"content":{"rendered":"<div style='width: 100%; max-width: 1200px; margin: 0 auto; font-family: sans-serif; line-height: 1.6; color: inherit; background-color: transparent;'> <!-- Secci\u00f3n de im\u00e1genes --> <\/p>\n<div style='display: flex; flex-wrap: wrap; gap: 30px; margin-bottom: 30px;'>\n<div style='flex: 1 1 300px; min-width: 280px;'> <img style='width: 100%; height: auto; border: 1px solid rgba(150&comma;150&comma;150&comma;0.3); border-radius: 8px;' src='https:\/\/ftp3.syscom.mx\/usuarios\/fotos\/SPD34.7NS\/98068-captura_de_pantalla_2022-07-25_a_la(s)_15.39.51.png' alt=''> <\/div>\n<div style='flex: 1 1 300px; min-width: 280px;'> <img style='width: 100%; height: auto; border: 1px solid rgba(150&comma;150&comma;150&comma;0.3); border-radius: 8px;' src='https:\/\/ftp3.syscom.mx\/usuarios\/fotos\/SPD34.7NS\/98068-captura_de_pantalla_2022-07-25_a_la(s)_15.40.04.png' alt=''> <\/div>\n<\/p><\/div>\n<p> <!-- Secci\u00f3n de caracter\u00edsticas --> <\/p>\n<div style='display: flex; flex-wrap: wrap; gap: 30px; margin-bottom: 30px;'>\n<div style='flex: 1 1 300px; min-width: 280px;'>\n<h3 style='font-size: 22px; border-bottom: 2px solid currentColor; padding-bottom: 5px; margin-top: 0; color: inherit; opacity: 0.8;'>Caracter\u00edsticas<\/h3>\n<ul style='padding-left: 20px; font-size: 15px; color: inherit;'>\n<li style='margin-bottom: 5px;'>Antena parab\u00f3lica de rendimiento est\u00e1ndar<\/li>\n<li style='margin-bottom: 5px;'>Dise\u00f1o dual-polarizado<\/li>\n<li style='margin-bottom: 5px;'>Frecuencia operativa: 4.4 &#8211; 5 GHz<\/li>\n<li style='margin-bottom: 5px;'>Conectores N-hembra<\/li>\n<li style='margin-bottom: 5px;'>Montaje preensamblado en f\u00e1brica<\/li>\n<li style='margin-bottom: 5px;'>Dise\u00f1ado para aplicaciones licenciadas y sin licencia<\/li>\n<li style='margin-bottom: 5px;'>Ganancia: 29.4 &#8211; 30.5 dBi<\/li>\n<\/ul><\/div>\n<div style='flex: 1 1 300px; min-width: 280px;'>\n<h3 style='font-size: 22px; border-bottom: 2px solid currentColor; padding-bottom: 5px; margin-top: 0; color: inherit; opacity: 0.8;'>Aplicaciones<\/h3>\n<ul style='padding-left: 20px; font-size: 15px; color: inherit;'>\n<li style='margin-bottom: 5px;'>Enlaces de radio confiables<\/li>\n<li style='margin-bottom: 5px;'>Instalaciones que requieren mantenimiento m\u00ednimo<\/li>\n<li style='margin-bottom: 5px;'>Soluciones para exteriores con rango de temperatura ampliado<\/li>\n<li style='margin-bottom: 5px;'>Sistemas de microondas<\/li>\n<\/ul><\/div>\n<\/p><\/div>\n<p> <!-- Secci\u00f3n de especificaciones --> <\/p>\n<div style='display: flex; flex-wrap: wrap; gap: 20px; margin-bottom: 30px;'>\n<div style='flex: 1 1 250px; border: 1px solid rgba(150&comma; 150&comma; 150&comma; 0.4); border-radius: 8px; overflow: hidden; display: flex; flex-direction: column;'>\n<div style='padding: 15px; border-bottom: 1px solid rgba(150&comma; 150&comma; 150&comma; 0.2); font-weight: bold; font-size: 18px; color: inherit;'>Especificaciones El\u00e9ctricas<\/div>\n<div style='padding: 15px; color: inherit;'>\n<ul style='padding-left: 20px; margin: 0; font-size: 14px; list-style-type: disc;'>\n<li style='margin-bottom: 5px;'><strong>Frecuencia operativa:<\/strong> 4.4 &#8211; 5 GHz<\/li>\n<li style='margin-bottom: 5px;'><strong>Ancho de haz (Horizontal\/Vertical):<\/strong> 4.7\u00b0<\/li>\n<li style='margin-bottom: 5px;'><strong>Discriminaci\u00f3n de polarizaci\u00f3n cruzada:<\/strong> 30 dB<\/li>\n<li style='margin-bottom: 5px;'><strong>Relaci\u00f3n delante\/atr\u00e1s (F\/B):<\/strong> 37 dB<\/li>\n<li style='margin-bottom: 5px;'><strong>VSWR:<\/strong> 1.5:1<\/li>\n<li style='margin-bottom: 5px;'><strong>P\u00e9rdida de retorno:<\/strong> -14 dB<\/li>\n<\/ul><\/div>\n<\/p><\/div>\n<div style='flex: 1 1 250px; border: 1px solid rgba(150&comma; 150&comma; 150&comma; 0.4); border-radius: 8px; overflow: hidden; display: flex; flex-direction: column;'>\n<div style='padding: 15px; border-bottom: 1px solid rgba(150&comma; 150&comma; 150&comma; 0.2); font-weight: bold; font-size: 18px; color: inherit;'>Especificaciones Mec\u00e1nicas<\/div>\n<div style='padding: 15px; color: inherit;'>\n<ul style='padding-left: 20px; margin: 0; font-size: 14px; list-style-type: disc;'>\n<li style='margin-bottom: 5px;'><strong>Tama\u00f1o:<\/strong> 0.9m (3 ft)<\/li>\n<li style='margin-bottom: 5px;'><strong>Ajuste de azimut:<\/strong> \u00b110\u00b0<\/li>\n<li style='margin-bottom: 5px;'><strong>Ajuste de elevaci\u00f3n:<\/strong> \u00b125\u00b0<\/li>\n<li style='margin-bottom: 5px;'><strong>Peso neto:<\/strong> 43 lbs (19.4 kg) con radomo RD<\/li>\n<li style='margin-bottom: 5px;'><strong>Rango de temperatura:<\/strong> -40\u00b0C a +60\u00b0C<\/li>\n<li style='margin-bottom: 5px;'><strong>Velocidad del viento operacional:<\/strong> 90 mph (145 km\/h)<\/li>\n<li style='margin-bottom: 5px;'><strong>Velocidad del viento de supervivencia:<\/strong> 125 mph (201 km\/h)<\/li>\n<\/ul><\/div>\n<\/p><\/div>\n<div style='flex: 1 1 250px; border: 1px solid rgba(150&comma; 150&comma; 150&comma; 0.4); border-radius: 8px; overflow: hidden; display: flex; flex-direction: column;'>\n<div style='padding: 15px; border-bottom: 1px solid rgba(150&comma; 150&comma; 150&comma; 0.2); font-weight: bold; font-size: 18px; color: inherit;'>Conformidad Regulatoria<\/div>\n<div style='padding: 15px; color: inherit;'>\n<ul style='padding-left: 20px; margin: 0; font-size: 14px; list-style-type: disc;'>\n<li style='margin-bottom: 5px;'><strong>FCC:<\/strong> No declarado<\/li>\n<li style='margin-bottom: 5px;'><strong>ETSI:<\/strong> No declarado<\/li>\n<li style='margin-bottom: 5px;'><strong>Industry Canada:<\/strong> No declarado<\/li>\n<li style='margin-bottom: 5px;'><strong>RoHS:<\/strong> Conforme<\/li>\n<\/ul><\/div>\n<\/p><\/div>\n<\/p><\/div>\n<p> <!-- Secci\u00f3n de informaci\u00f3n de env\u00edo --> <\/p>\n<div style='display: flex; flex-wrap: wrap; gap: 20px; margin-bottom: 30px;'>\n<div style='flex: 1 1 250px; border: 1px solid rgba(150&comma; 150&comma; 150&comma; 0.4); border-radius: 8px; overflow: hidden; display: flex; flex-direction: column;'>\n<div style='padding: 15px; border-bottom: 1px solid rgba(150&comma; 150&comma; 150&comma; 0.2); font-weight: bold; font-size: 18px; color: inherit;'>Informaci\u00f3n de Env\u00edo<\/div>\n<div style='padding: 15px; color: inherit;'>\n<ul style='padding-left: 20px; margin: 0; font-size: 14px; list-style-type: disc;'>\n<li style='margin-bottom: 5px;'><strong>Tipo de paquete:<\/strong> Caja de madera<\/li>\n<li style='margin-bottom: 5px;'><strong>Dimensiones:<\/strong> 40 x 17 x 44 pulgadas (101 x 43 x 140 cm)<\/li>\n<li style='margin-bottom: 5px;'><strong>Peso bruto:<\/strong> 78 lbs (35.3 kg)<\/li>\n<li style='margin-bottom: 5px;'><strong>Volumen de env\u00edo:<\/strong> 17.31 pies c\u00fabicos (0.49 m\u00b3)<\/li>\n<\/ul><\/div>\n<\/p><\/div>\n<\/p><\/div>\n<p> <!-- Separador --> <\/p>\n<hr style='border: 0; border-top: 1px solid rgba(150&comma; 150&comma; 150&comma; 0.3); margin: 30px 0;'> <\/div>\n","protected":false},"excerpt":{"rendered":"<p>Antena direccional, Dimensiones (3 ft), 4.4 &#8211; 5 GHz, 2 Conectores N-hembra, Ganancia 33dBi, Montaje incluido<\/p>\n","protected":false},"featured_media":32,"comment_status":"open","ping_status":"closed","template":"","meta":[],"product_brand":[],"product_cat":[1998],"product_tag":[1999,1980,938],"class_list":{"0":"post-72798","1":"product","2":"type-product","3":"status-publish","4":"has-post-thumbnail","6":"product_cat-5-y-6-ghz","7":"product_tag-5-y-6-ghz","8":"product_tag-enlaces-ptp-y-ptmp","9":"product_tag-radiowaves","11":"first","12":"outofstock","13":"sale","14":"shipping-taxable","15":"purchasable","16":"product-type-simple"},"_links":{"self":[{"href":"https:\/\/soydeaqui.ddns.net\/pachuca\/index.php\/wp-json\/wp\/v2\/product\/72798","targetHints":{"allow":["GET"]}}],"collection":[{"href":"https:\/\/soydeaqui.ddns.net\/pachuca\/index.php\/wp-json\/wp\/v2\/product"}],"about":[{"href":"https:\/\/soydeaqui.ddns.net\/pachuca\/index.php\/wp-json\/wp\/v2\/types\/product"}],"replies":[{"embeddable":true,"href":"https:\/\/soydeaqui.ddns.net\/pachuca\/index.php\/wp-json\/wp\/v2\/comments?post=72798"}],"wp:featuredmedia":[{"embeddable":true,"href":"https:\/\/soydeaqui.ddns.net\/pachuca\/index.php\/wp-json\/wp\/v2\/media\/32"}],"wp:attachment":[{"href":"https:\/\/soydeaqui.ddns.net\/pachuca\/index.php\/wp-json\/wp\/v2\/media?parent=72798"}],"wp:term":[{"taxonomy":"product_brand","embeddable":true,"href":"https:\/\/soydeaqui.ddns.net\/pachuca\/index.php\/wp-json\/wp\/v2\/product_brand?post=72798"},{"taxonomy":"product_cat","embeddable":true,"href":"https:\/\/soydeaqui.ddns.net\/pachuca\/index.php\/wp-json\/wp\/v2\/product_cat?post=72798"},{"taxonomy":"product_tag","embeddable":true,"href":"https:\/\/soydeaqui.ddns.net\/pachuca\/index.php\/wp-json\/wp\/v2\/product_tag?post=72798"}],"curies":[{"name":"wp","href":"https:\/\/api.w.org\/{rel}","templated":true}]}}