{"id":72693,"date":"2026-03-19T12:53:54","date_gmt":"2026-03-19T12:53:54","guid":{"rendered":"https:\/\/soydeaqui.ddns.net\/pachuca\/index.php\/producto\/cloud-router-switch-crs317-1g-16srm-16-puertos-sfp-1-puerto-gigabit-ethernet\/"},"modified":"2026-03-19T12:53:56","modified_gmt":"2026-03-19T12:53:56","slug":"cloud-router-switch-crs317-1g-16srm-16-puertos-sfp-1-puerto-gigabit-ethernet","status":"publish","type":"product","link":"https:\/\/soydeaqui.ddns.net\/pachuca\/index.php\/producto\/cloud-router-switch-crs317-1g-16srm-16-puertos-sfp-1-puerto-gigabit-ethernet\/","title":{"rendered":"Cloud Router Switch CRS317-1G-16S+RM 16 Puertos SFP+, 1 Puerto Gigabit Ethernet"},"content":{"rendered":"<div style='width: 100%; max-width: 1200px; margin: 0 auto; font-family: sans-serif; line-height: 1.6; color: inherit; background-color: transparent;'> <!-- Descripci\u00f3n principal --> <\/p>\n<div style='margin-bottom: 30px;'>\n<h2 style='font-size: 22px; border-bottom: 2px solid currentColor; padding-bottom: 5px; margin-top: 0; color: inherit; opacity: 0.8;'>Detalles del producto<\/h2>\n<p style='font-size: 15px; color: inherit; margin: 15px 0;'>El nuevo Cloud Router Switch 317-1G-16S+RM es un switch gestionable de montaje en rack con caracter\u00edsticas Layer3&comma; tiene 16 puertos SFP+ para la conectividad de 10 GbE de alto rendimiento y un puerto de cobre de 1 GbE para la gesti\u00f3n.<\/p>\n<p style='font-size: 15px; color: inherit; margin: 15px 0;'>CRS317-1G-16S+RM es alimentado por un chip de conmutaci\u00f3n de pr\u00f3xima generaci\u00f3n&comma; que le da un rendimiento de velocidad de cable para todos los diecis\u00e9is puertos de 10 GbE con cualquier tama\u00f1o de trama Ethernet. Las nuevas caracter\u00edsticas tales como el Protocolo de \u00e1rbol de expansi\u00f3n basada en hardware y agregaci\u00f3n de enlaces (LACP) Proporcionar protecci\u00f3n y verdadero desempe\u00f1o profesional para su red exigente mejorado.<\/p>\n<p style='font-size: 15px; color: inherit; margin: 15px 0;'>La unidad cuenta con fuentes de alimentaci\u00f3n redundantes duales y carcasa de refrigeraci\u00f3n pasiva&comma; por lo que es completamente silencioso &#8211; para ambientes calurosos dos ventiladores redundantes mantendr\u00e1n autom\u00e1ticamente el sistema se enfr\u00ede si es necesario.<\/p>\n<\/p><\/div>\n<p> <!-- Secci\u00f3n de especificaciones --> <\/p>\n<div style='display: flex; flex-wrap: wrap; gap: 20px; margin-bottom: 30px;'>\n<div style='flex: 1 1 250px; border: 1px solid rgba(150&comma; 150&comma; 150&comma; 0.4); border-radius: 8px; overflow: hidden; display: flex; flex-direction: column;'>\n<div style='padding: 15px; border-bottom: 1px solid rgba(150&comma; 150&comma; 150&comma; 0.2); font-weight: bold; font-size: 18px; color: inherit;'>Especificaciones<\/div>\n<div style='padding: 15px; color: inherit;'>\n<ul style='padding-left: 20px; margin: 0; font-size: 14px; list-style-type: disc;'>\n<li style='margin-bottom: 5px;'><strong>C\u00f3digo de producto:<\/strong> CRS317-1G-16S+RM<\/li>\n<li style='margin-bottom: 5px;'><strong>Arquitectura:<\/strong> ARM 32bit<\/li>\n<li style='margin-bottom: 5px;'><strong>CPU:<\/strong> 98DX8216<\/li>\n<li style='margin-bottom: 5px;'><strong>N\u00facleos de CPU:<\/strong> 2<\/li>\n<li style='margin-bottom: 5px;'><strong>Frecuencia de CPU:<\/strong> 800 MHz<\/li>\n<li style='margin-bottom: 5px;'><strong>Dimensiones:<\/strong> 443 x 224 x 44 mm<\/li>\n<li style='margin-bottom: 5px;'><strong>Licencia RouterOS:<\/strong> 6<\/li>\n<li style='margin-bottom: 5px;'><strong>Sistema operativo:<\/strong> RouterOS \/ SwitchOS<\/li>\n<li style='margin-bottom: 5px;'><strong>RAM:<\/strong> 1 GB<\/li>\n<li style='margin-bottom: 5px;'><strong>Almacenamiento:<\/strong> 16 MB FLASH<\/li>\n<li style='margin-bottom: 5px;'><strong>MTBF:<\/strong> Aproximadamente 200.000 horas a 25 \u00b0C<\/li>\n<li style='margin-bottom: 5px;'><strong>Temperatura:<\/strong> -20 \u00b0C hasta 60 \u00b0C<\/li>\n<\/ul><\/div>\n<\/p><\/div>\n<div style='flex: 1 1 250px; border: 1px solid rgba(150&comma; 150&comma; 150&comma; 0.4); border-radius: 8px; overflow: hidden; display: flex; flex-direction: column;'>\n<div style='padding: 15px; border-bottom: 1px solid rgba(150&comma; 150&comma; 150&comma; 0.2); font-weight: bold; font-size: 18px; color: inherit;'>Alimentaci\u00f3n<\/div>\n<div style='padding: 15px; color: inherit;'>\n<ul style='padding-left: 20px; margin: 0; font-size: 14px; list-style-type: disc;'>\n<li style='margin-bottom: 5px;'><strong>Entrada CA:<\/strong> 100-240 V<\/li>\n<li style='margin-bottom: 5px;'><strong>Entradas:<\/strong> 2<\/li>\n<li style='margin-bottom: 5px;'><strong>Consumo:<\/strong> 44 W<\/li>\n<li style='margin-bottom: 5px;'><strong>Ventiladores:<\/strong> 2 (redundantes)<\/li>\n<\/ul><\/div>\n<\/p><\/div>\n<div style='flex: 1 1 250px; border: 1px solid rgba(150&comma; 150&comma; 150&comma; 0.4); border-radius: 8px; overflow: hidden; display: flex; flex-direction: column;'>\n<div style='padding: 15px; border-bottom: 1px solid rgba(150&comma; 150&comma; 150&comma; 0.2); font-weight: bold; font-size: 18px; color: inherit;'>Puertos<\/div>\n<div style='padding: 15px; color: inherit;'>\n<ul style='padding-left: 20px; margin: 0; font-size: 14px; list-style-type: disc;'>\n<li style='margin-bottom: 5px;'><strong>Ethernet:<\/strong> 1 puerto 10\/100\/1000<\/li>\n<li style='margin-bottom: 5px;'><strong>SFP+ 10G:<\/strong> 16 puertos<\/li>\n<\/ul><\/div>\n<\/p><\/div>\n<div style='flex: 1 1 250px; border: 1px solid rgba(150&comma; 150&comma; 150&comma; 0.4); border-radius: 8px; overflow: hidden; display: flex; flex-direction: column;'>\n<div style='padding: 15px; border-bottom: 1px solid rgba(150&comma; 150&comma; 150&comma; 0.2); font-weight: bold; font-size: 18px; color: inherit;'>Caracter\u00edsticas<\/div>\n<div style='padding: 15px; color: inherit;'>\n<ul style='padding-left: 20px; margin: 0; font-size: 14px; list-style-type: disc;'>\n<li style='margin-bottom: 5px;'><strong>Puerto de consola:<\/strong> RJ45<\/li>\n<li style='margin-bottom: 5px;'><strong>Monitor de temperatura:<\/strong> S\u00ed<\/li>\n<li style='margin-bottom: 5px;'><strong>Certificaciones:<\/strong> CE&comma; EAC&comma; ROHS<\/li>\n<\/ul><\/div>\n<\/p><\/div>\n<\/p><\/div>\n<p> <!-- Tabla de rendimiento --> <\/p>\n<div style='margin-bottom: 30px;'>\n<h3 style='font-size: 20px; border-bottom: 2px solid currentColor; padding-bottom: 5px; margin-top: 0; color: inherit; opacity: 0.8;'>Rendimiento<\/h3>\n<div style='overflow-x: auto;'>\n<table style='width: 100%; border-collapse: collapse; margin-top: 15px; color: inherit;'>\n<thead style='background-color: rgba(150&comma; 150&comma; 150&comma; 0.1);'>\n<tr>\n<th style='padding: 12px; border: 1px solid rgba(150&comma; 150&comma; 150&comma; 0.3); text-align: left;'>Modo<\/th>\n<th style='padding: 12px; border: 1px solid rgba(150&comma; 150&comma; 150&comma; 0.3); text-align: left;'>Configuraci\u00f3n<\/th>\n<th style='padding: 12px; border: 1px solid rgba(150&comma; 150&comma; 150&comma; 0.3); text-align: left;' colspan='2'>64 byte<\/th>\n<th style='padding: 12px; border: 1px solid rgba(150&comma; 150&comma; 150&comma; 0.3); text-align: left;' colspan='2'>512 byte<\/th>\n<th style='padding: 12px; border: 1px solid rgba(150&comma; 150&comma; 150&comma; 0.3); text-align: left;' colspan='2'>1518 byte<\/th>\n<\/tr>\n<tr>\n<th style='padding: 12px; border: 1px solid rgba(150&comma; 150&comma; 150&comma; 0.3); text-align: left;'><\/th>\n<th style='padding: 12px; border: 1px solid rgba(150&comma; 150&comma; 150&comma; 0.3); text-align: left;'><\/th>\n<th style='padding: 12px; border: 1px solid rgba(150&comma; 150&comma; 150&comma; 0.3); text-align: left;'>kpps<\/th>\n<th style='padding: 12px; border: 1px solid rgba(150&comma; 150&comma; 150&comma; 0.3); text-align: left;'>Mbps<\/th>\n<th style='padding: 12px; border: 1px solid rgba(150&comma; 150&comma; 150&comma; 0.3); text-align: left;'>kpps<\/th>\n<th style='padding: 12px; border: 1px solid rgba(150&comma; 150&comma; 150&comma; 0.3); text-align: left;'>Mbps<\/th>\n<th style='padding: 12px; border: 1px solid rgba(150&comma; 150&comma; 150&comma; 0.3); text-align: left;'>kpps<\/th>\n<th style='padding: 12px; border: 1px solid rgba(150&comma; 150&comma; 150&comma; 0.3); text-align: left;'>Mbps<\/th>\n<\/tr>\n<\/thead>\n<tbody>\n<tr>\n<td style='padding: 12px; border: 1px solid rgba(150&comma; 150&comma; 150&comma; 0.3);'>Switching<\/td>\n<td style='padding: 12px; border: 1px solid rgba(150&comma; 150&comma; 150&comma; 0.3);'>Non blocking Layer 2 throughput<\/td>\n<td style='padding: 12px; border: 1px solid rgba(150&comma; 150&comma; 150&comma; 0.3);'>239&comma;583.3<\/td>\n<td style='padding: 12px; border: 1px solid rgba(150&comma; 150&comma; 150&comma; 0.3);'>122&comma;666.7<\/td>\n<td style='padding: 12px; border: 1px solid rgba(150&comma; 150&comma; 150&comma; 0.3);'>37&comma;828.9<\/td>\n<td style='padding: 12px; border: 1px solid rgba(150&comma; 150&comma; 150&comma; 0.3);'>154&comma;947.4<\/td>\n<td style='padding: 12px; border: 1px solid rgba(150&comma; 150&comma; 150&comma; 0.3);'>13&comma;085.2<\/td>\n<td style='padding: 12px; border: 1px solid rgba(150&comma; 150&comma; 150&comma; 0.3);'>158&comma;906.4<\/td>\n<\/tr>\n<tr>\n<td style='padding: 12px; border: 1px solid rgba(150&comma; 150&comma; 150&comma; 0.3);'>Switching<\/td>\n<td style='padding: 12px; border: 1px solid rgba(150&comma; 150&comma; 150&comma; 0.3);'>Non blocking Layer 2 capacity<\/td>\n<td style='padding: 12px; border: 1px solid rgba(150&comma; 150&comma; 150&comma; 0.3);'>239&comma;583.3<\/td>\n<td style='padding: 12px; border: 1px solid rgba(150&comma; 150&comma; 150&comma; 0.3);'>245&comma;333.3<\/td>\n<td style='padding: 12px; border: 1px solid rgba(150&comma; 150&comma; 150&comma; 0.3);'>37&comma;828.9<\/td>\n<td style='padding: 12px; border: 1px solid rgba(150&comma; 150&comma; 150&comma; 0.3);'>309&comma;894.7<\/td>\n<td style='padding: 12px; border: 1px solid rgba(150&comma; 150&comma; 150&comma; 0.3);'>13&comma;085.2<\/td>\n<td style='padding: 12px; border: 1px solid rgba(150&comma; 150&comma; 150&comma; 0.3);'>317&comma;812.7<\/td>\n<\/tr>\n<tr>\n<td style='padding: 12px; border: 1px solid rgba(150&comma; 150&comma; 150&comma; 0.3);'>Switching<\/td>\n<td style='padding: 12px; border: 1px solid rgba(150&comma; 150&comma; 150&comma; 0.3);'>Non blocking Layer 1 throughput<\/td>\n<td style='padding: 12px; border: 1px solid rgba(150&comma; 150&comma; 150&comma; 0.3);'>239&comma;583.3<\/td>\n<td style='padding: 12px; border: 1px solid rgba(150&comma; 150&comma; 150&comma; 0.3);'>161&comma;000.0<\/td>\n<td style='padding: 12px; border: 1px solid rgba(150&comma; 150&comma; 150&comma; 0.3);'>37&comma;828.9<\/td>\n<td style='padding: 12px; border: 1px solid rgba(150&comma; 150&comma; 150&comma; 0.3);'>161&comma;000.0<\/td>\n<td style='padding: 12px; border: 1px solid rgba(150&comma; 150&comma; 150&comma; 0.3);'>13&comma;085.2<\/td>\n<td style='padding: 12px; border: 1px solid rgba(150&comma; 150&comma; 150&comma; 0.3);'>161&comma;000.0<\/td>\n<\/tr>\n<tr>\n<td style='padding: 12px; border: 1px solid rgba(150&comma; 150&comma; 150&comma; 0.3);'>Switching<\/td>\n<td style='padding: 12px; border: 1px solid rgba(150&comma; 150&comma; 150&comma; 0.3);'>Non blocking Layer 1 capacity<\/td>\n<td style='padding: 12px; border: 1px solid rgba(150&comma; 150&comma; 150&comma; 0.3);'>239&comma;583.3<\/td>\n<td style='padding: 12px; border: 1px solid rgba(150&comma; 150&comma; 150&comma; 0.3);'>322&comma;000.0<\/td>\n<td style='padding: 12px; border: 1px solid rgba(150&comma; 150&comma; 150&comma; 0.3);'>37&comma;828.9<\/td>\n<td style='padding: 12px; border: 1px solid rgba(150&comma; 150&comma; 150&comma; 0.3);'>322&comma;000.0<\/td>\n<td style='padding: 12px; border: 1px solid rgba(150&comma; 150&comma; 150&comma; 0.3);'>13&comma;085.2<\/td>\n<td style='padding: 12px; border: 1px solid rgba(150&comma; 150&comma; 150&comma; 0.3);'>322&comma;000.0<\/td>\n<\/tr>\n<\/tbody>\n<\/table><\/div>\n<\/p><\/div>\n<p> <!-- Partes incluidas --> <\/p>\n<div style='margin-bottom: 30px;'>\n<h3 style='font-size: 20px; border-bottom: 2px solid currentColor; padding-bottom: 5px; margin-top: 0; color: inherit; opacity: 0.8;'>Partes incluidas<\/h3>\n<div style='display: grid; grid-template-columns: repeat(auto-fill&comma; minmax(120px&comma; 1fr)); gap: 20px; margin-top: 15px;'>\n<div style='text-align: center;'> <a href='https:\/\/i.mt.lv\/cdn\/rb_images\/part41391160693m.jpg' style='color: inherit; text-decoration: none;'> <img style='width: 100%; max-width: 120px; height: auto; border: 1px solid rgba(150&comma;150&comma;150&comma;0.3); border-radius: 8px; margin-bottom: 8px;' src='https:\/\/i.mt.lv\/cdn\/rb_images\/part41391160693s.jpg' alt='Cable IEC'> <span style='font-size: 14px; color: inherit;'>Cable IEC<\/span> <\/a> <\/div>\n<div style='text-align: center;'> <a href='https:\/\/i.mt.lv\/cdn\/rb_images\/part41391160693m.jpg' style='color: inherit; text-decoration: none;'> <img style='width: 100%; max-width: 120px; height: auto; border: 1px solid rgba(150&comma;150&comma;150&comma;0.3); border-radius: 8px; margin-bottom: 8px;' src='https:\/\/i.mt.lv\/cdn\/rb_images\/part41391160693s.jpg' alt='Cable IEC'> <span style='font-size: 14px; color: inherit;'>Cable IEC<\/span> <\/a> <\/div>\n<div style='text-align: center;'> <a href='https:\/\/i.mt.lv\/cdn\/rb_images\/part381398168452m.jpg' style='color: inherit; text-decoration: none;'> <img style='width: 100%; max-width: 120px; height: auto; border: 1px solid rgba(150&comma;150&comma;150&comma;0.3); border-radius: 8px; margin-bottom: 8px;' src='https:\/\/i.mt.lv\/cdn\/rb_images\/part381398168452s.jpg' alt='Orejas de rack'> <span style='font-size: 14px; color: inherit;'>Orejas de rack<\/span> <\/a> <\/div>\n<\/p><\/div>\n<\/p><\/div>\n<p> <!-- Informaci\u00f3n adicional --> <\/p>\n<div style='margin-bottom: 30px;'>\n<h3 style='font-size: 20px; border-bottom: 2px solid currentColor; padding-bottom: 5px; margin-top: 0; color: inherit; opacity: 0.8;'>Informaci\u00f3n adicional<\/h3>\n<p style='font-size: 15px; color: inherit; margin: 15px 0;'>El dispositivo tiene un sistema operativo preinstalado y con licencia. No es necesaria una compra por separado y el producto est\u00e1 listo para usar. El dispositivo incluye actualizaciones de software gratuitas durante la vida \u00fatil del producto o un m\u00ednimo de 5 a\u00f1os a partir de la fecha de compra.<\/p>\n<\/p><\/div>\n<p> <!-- Imagen de garant\u00eda --> <\/p>\n<div style='margin-bottom: 30px;'> <img style='width: 100%; max-width: 400px; height: auto; border: 1px solid rgba(150&comma;150&comma;150&comma;0.3); border-radius: 8px;' src='https:\/\/ftp3.syscom.mx\/usuarios\/fotos\/CRS3171G16SPLUSRM\/138930-garantia1.png' alt='Garant\u00eda'> <\/div>\n<p> <!-- Separador final --> <\/p>\n<hr style='border: 0; border-top: 1px solid rgba(150&comma; 150&comma; 150&comma; 0.3); margin: 30px 0;'> <\/div>\n","protected":false},"excerpt":{"rendered":"<p>Cloud Router Switch CRS317-1G-16S+RM 16 Puertos SFP+, 1 Puerto Gigabit Ethernet<\/p>\n","protected":false},"featured_media":72692,"comment_status":"open","ping_status":"closed","template":"","meta":[],"product_brand":[],"product_cat":[1970],"product_tag":[643,664,1971],"class_list":{"0":"post-72693","1":"product","2":"type-product","3":"status-publish","4":"has-post-thumbnail","6":"product_cat-switches","7":"product_tag-mikrotik","8":"product_tag-networking","9":"product_tag-switches","11":"first","12":"instock","13":"sale","14":"shipping-taxable","15":"purchasable","16":"product-type-simple"},"_links":{"self":[{"href":"https:\/\/soydeaqui.ddns.net\/pachuca\/index.php\/wp-json\/wp\/v2\/product\/72693","targetHints":{"allow":["GET"]}}],"collection":[{"href":"https:\/\/soydeaqui.ddns.net\/pachuca\/index.php\/wp-json\/wp\/v2\/product"}],"about":[{"href":"https:\/\/soydeaqui.ddns.net\/pachuca\/index.php\/wp-json\/wp\/v2\/types\/product"}],"replies":[{"embeddable":true,"href":"https:\/\/soydeaqui.ddns.net\/pachuca\/index.php\/wp-json\/wp\/v2\/comments?post=72693"}],"wp:featuredmedia":[{"embeddable":true,"href":"https:\/\/soydeaqui.ddns.net\/pachuca\/index.php\/wp-json\/wp\/v2\/media\/72692"}],"wp:attachment":[{"href":"https:\/\/soydeaqui.ddns.net\/pachuca\/index.php\/wp-json\/wp\/v2\/media?parent=72693"}],"wp:term":[{"taxonomy":"product_brand","embeddable":true,"href":"https:\/\/soydeaqui.ddns.net\/pachuca\/index.php\/wp-json\/wp\/v2\/product_brand?post=72693"},{"taxonomy":"product_cat","embeddable":true,"href":"https:\/\/soydeaqui.ddns.net\/pachuca\/index.php\/wp-json\/wp\/v2\/product_cat?post=72693"},{"taxonomy":"product_tag","embeddable":true,"href":"https:\/\/soydeaqui.ddns.net\/pachuca\/index.php\/wp-json\/wp\/v2\/product_tag?post=72693"}],"curies":[{"name":"wp","href":"https:\/\/api.w.org\/{rel}","templated":true}]}}