{"id":72678,"date":"2026-03-19T12:53:16","date_gmt":"2026-03-19T12:53:16","guid":{"rendered":"https:\/\/soydeaqui.ddns.net\/pachuca\/index.php\/producto\/radio-backhaul-ptp-en-frecuencia-24-ghz-mimo-4x44-1-5-gbps-antena-integrada-33-dbi-ip67-puerto-sfp-adaptacion-automatica-al-entorno-sin-interferencia\/"},"modified":"2026-03-19T12:53:37","modified_gmt":"2026-03-19T12:53:37","slug":"radio-backhaul-ptp-en-frecuencia-24-ghz-mimo-4x44-1-5-gbps-antena-integrada-33-dbi-ip67-puerto-sfp-adaptacion-automatica-al-entorno-sin-interferencia","status":"publish","type":"product","link":"https:\/\/soydeaqui.ddns.net\/pachuca\/index.php\/producto\/radio-backhaul-ptp-en-frecuencia-24-ghz-mimo-4x44-1-5-gbps-antena-integrada-33-dbi-ip67-puerto-sfp-adaptacion-automatica-al-entorno-sin-interferencia\/","title":{"rendered":"Radio Backhaul PTP en frecuencia 24 GHz, MIMO 4X4:4, 1.5 Gbps, Antena integrada 33 dBi, IP67, Puerto SFP, Adaptaci\u00f3n autom\u00e1tica al entorno, Sin interferencia"},"content":{"rendered":"<div style='width: 100%; max-width: 1200px; margin: 0 auto; font-family: sans-serif; line-height: 1.6; color: inherit; background-color: transparent;'> <!-- Secci\u00f3n de caracter\u00edsticas principales --> <\/p>\n<div style='display: flex; flex-wrap: wrap; gap: 30px; margin-bottom: 30px;'>\n<div style='flex: 1 1 300px; min-width: 280px;'>\n<h3 style='font-size: 22px; border-bottom: 2px solid currentColor; padding-bottom: 5px; margin-top: 0; color: inherit; opacity: 0.8;'>Caracter\u00edsticas principales<\/h3>\n<ul style='padding-left: 20px; font-size: 15px; color: inherit;'>\n<li style='margin-bottom: 5px;'>Sistema de GPS + GLONASS integrado para sincronizaci\u00f3n eficaz de los paquetes de datos en Tx y Rx.<\/li>\n<li style='margin-bottom: 5px;'>Doble canal con Tx y Rx simult\u00e1nea e independiente para redundancia y reducci\u00f3n de interferencia.<\/li>\n<li style='margin-bottom: 5px;'>Puerto Giabit Ethernet 10\/100\/1000.<\/li>\n<li style='margin-bottom: 5px;'>Puerto de Fibra SFP para operaciones con fibra \u00f3ptica<\/li>\n<li style='margin-bottom: 5px;'>Seguridad avanzada: 128 bit AES-PSK.<\/li>\n<li style='margin-bottom: 5px;'>Hasta un mill\u00f3n de paquetes por segundo.<\/li>\n<li style='margin-bottom: 5px;'>M\u00e1ximo desempe\u00f1o hasta 1.5 Gbps de velocidad agregado en DL\/UL.<\/li>\n<li style='margin-bottom: 5px;'>MIMO y modulaci\u00f3n: 4&#215;4:4 MIMO OFDM hasta 256 QAM.<\/li>\n<li style='margin-bottom: 5px;'>Ancho de canal doble 20\/40\/80 MHz<\/li>\n<li style='margin-bottom: 5px;'>M\u00e1xima potencia de transmisi\u00f3n: 27 dBm.<\/li>\n<li style='margin-bottom: 5px;'>Baja latencia < 1 ms.<\/li>\n<li style='margin-bottom: 5px;'>Para intemperie: IP67.<\/li>\n<\/ul><\/div>\n<p> <!-- Secci\u00f3n de caracter\u00edsticas el\u00e9ctricas --> <\/p>\n<div style='flex: 1 1 300px; min-width: 280px;'>\n<h3 style='font-size: 22px; border-bottom: 2px solid currentColor; padding-bottom: 5px; margin-top: 0; color: inherit; opacity: 0.8;'>Caracter\u00edsticas el\u00e9ctricas<\/h3>\n<ul style='padding-left: 20px; font-size: 15px; color: inherit;'>\n<li style='margin-bottom: 5px;'>Consumo m\u00e1ximo de energ\u00eda: 19.5 W<\/li>\n<li style='margin-bottom: 5px;'>Alimentaci\u00f3n POE pasivo: 48-56 Vcc<\/li>\n<li style='margin-bottom: 5px;'><strong>Inyector PoE pasivo POE56V<\/strong> <strong>(incluido)<\/strong><\/li>\n<li style='margin-bottom: 5px;'>Dimensiones: Altura 260 mm&comma; Ancho 260 mm&comma; Profundidad 134 mm.<\/li>\n<li style='margin-bottom: 5px;'>Frecuencia de <strong>24.00-24.25 GHz<\/strong><\/li>\n<li style='margin-bottom: 5px;'>Peso de 2.5 kg.<\/li>\n<li style='margin-bottom: 5px;'>Temperatura operacional: -40 a 55 \u00baC.<\/li>\n<li style='margin-bottom: 5px;'><strong>Nota:<\/strong> el equipo ya incluye internamente un protector contra descargas&comma; se recomienda aterrizar a una tierra f\u00edsica.<\/li>\n<\/ul><\/div>\n<\/p><\/div>\n<p> <!-- Im\u00e1genes --> <\/p>\n<div style='display: flex; flex-wrap: wrap; gap: 15px; margin-bottom: 30px;'> <img style='width: 100%; height: auto; border: 1px solid rgba(150&comma;150&comma;150&comma;0.3); border-radius: 8px;' src='https:\/\/ftp3.syscom.mx\/usuarios\/fotos\/B24\/150775-captura_de_pantalla_2024-09-30_a_la(s)_5.01.50 p.m..png' alt=''> <img style='width: 100%; height: auto; border: 1px solid rgba(150&comma;150&comma;150&comma;0.3); border-radius: 8px;' src='https:\/\/ftp3.syscom.mx\/usuarios\/fotos\/B24\/150775-captura_de_pantalla_2024-09-30_a_la(s)_5.02.09 p.m..png' alt=''> <img style='width: 100%; height: auto; border: 1px solid rgba(150&comma;150&comma;150&comma;0.3); border-radius: 8px;' src='https:\/\/ftp3.syscom.mx\/usuarios\/fotos\/B24\/150775-captura_de_pantalla_2024-09-30_a_la(s)_5.02.44 p.m..png' alt=''> <img style='width: 100%; height: auto; border: 1px solid rgba(150&comma;150&comma;150&comma;0.3); border-radius: 8px;' src='https:\/\/ftp3.syscom.mx\/usuarios\/fotos\/B24\/150775-captura_de_pantalla_2024-10-02_a_la(s)_10.26.56 a.m..png' alt=''> <img style='width: 100%; height: auto; border: 1px solid rgba(150&comma;150&comma;150&comma;0.3); border-radius: 8px;' src='https:\/\/ftp3.syscom.mx\/usuarios\/fotos\/B24\/150775-captura_de_pantalla_2024-10-02_a_la(s)_10.28.12 a.m..png' alt=''> <img style='width: 100%; height: auto; border: 1px solid rgba(150&comma;150&comma;150&comma;0.3); border-radius: 8px;' src='https:\/\/ftp3.syscom.mx\/usuarios\/fotos\/B24\/150775-captura_de_pantalla_2024-10-02_a_la(s)_10.28.54 a.m..png' alt=''> <\/div>\n<p> <!-- Secci\u00f3n de valor y dise\u00f1o compacto --> <\/p>\n<div style='display: flex; flex-wrap: wrap; gap: 30px; margin-bottom: 30px;'>\n<div style='flex: 1 1 300px; min-width: 280px;'>\n<h3 style='font-size: 22px; border-bottom: 2px solid currentColor; padding-bottom: 5px; margin-top: 0; color: inherit; opacity: 0.8;'>Valor excepcional y alto rendimiento<\/h3>\n<p style='font-size: 15px; color: inherit;'>El Mimosa B24&comma; que ofrece casi un gigabit de tr\u00e1fico IP de baja latencia en una sola direcci\u00f3n&comma; es el l\u00edder de la industria en cuanto a relaci\u00f3n precio-rendimiento en el backhaul de 24 GHz sin licencia. Dise\u00f1ado desde cero con componentes confiables y de alto volumen&comma; el B24 logra un rendimiento incre\u00edble a un precio disruptivo que se adapta a la econom\u00eda de los proveedores de banda ancha y las empresas en los mercados suburbanos y urbanos.<\/p>\n<\/p><\/div>\n<div style='flex: 1 1 300px; min-width: 280px;'>\n<h3 style='font-size: 22px; border-bottom: 2px solid currentColor; padding-bottom: 5px; margin-top: 0; color: inherit; opacity: 0.8;'>Altamente eficiente<\/h3>\n<p style='font-size: 15px; color: inherit;'>Peque\u00f1o y hermoso&comma; el Mimosa B24 se destaca por su peso&comma; tama\u00f1o y potencia en comparaci\u00f3n con las soluciones alternativas&comma; lo que lo hace incre\u00edblemente f\u00e1cil de instalar. Su dise\u00f1o compacto se adapta discretamente a cualquier \u00e1rea visualmente sensible. Adem\u00e1s&comma; el B24 es compatible con energ\u00eda solar&comma; ya que consume tan solo 19.5 W&comma; lo que lo hace ideal para aplicaciones que requieren una bater\u00eda de respaldo de bajo costo.<\/p>\n<p> <a style='display: inline-block; margin-top: 15px; color: #d35400; text-decoration: none; font-weight: bold;' href='https:\/\/mimosa.co\/design-tool' target='_blank'>Herramienta de dise\u00f1o Mimosa<\/a> <\/div>\n<\/p><\/div>\n<\/p><\/div>\n","protected":false},"excerpt":{"rendered":"<p>Radio Backhaul PTP en frecuencia 24 GHz, MIMO 4X4:4, 1.5 Gbps, Antena integrada 33 dBi, IP67, Puerto SFP, Adaptaci\u00f3n autom\u00e1tica al entorno, Sin interferencia<\/p>\n","protected":false},"featured_media":72677,"comment_status":"open","ping_status":"closed","template":"","meta":[],"product_brand":[],"product_cat":[2006],"product_tag":[1980,2046,2007],"class_list":{"0":"post-72678","1":"product","2":"type-product","3":"status-publish","4":"has-post-thumbnail","6":"product_cat-otras-bandas","7":"product_tag-enlaces-ptp-y-ptmp","8":"product_tag-mimosa-networks","9":"product_tag-otras-bandas","11":"first","12":"outofstock","13":"sale","14":"shipping-taxable","15":"purchasable","16":"product-type-simple"},"_links":{"self":[{"href":"https:\/\/soydeaqui.ddns.net\/pachuca\/index.php\/wp-json\/wp\/v2\/product\/72678","targetHints":{"allow":["GET"]}}],"collection":[{"href":"https:\/\/soydeaqui.ddns.net\/pachuca\/index.php\/wp-json\/wp\/v2\/product"}],"about":[{"href":"https:\/\/soydeaqui.ddns.net\/pachuca\/index.php\/wp-json\/wp\/v2\/types\/product"}],"replies":[{"embeddable":true,"href":"https:\/\/soydeaqui.ddns.net\/pachuca\/index.php\/wp-json\/wp\/v2\/comments?post=72678"}],"wp:featuredmedia":[{"embeddable":true,"href":"https:\/\/soydeaqui.ddns.net\/pachuca\/index.php\/wp-json\/wp\/v2\/media\/72677"}],"wp:attachment":[{"href":"https:\/\/soydeaqui.ddns.net\/pachuca\/index.php\/wp-json\/wp\/v2\/media?parent=72678"}],"wp:term":[{"taxonomy":"product_brand","embeddable":true,"href":"https:\/\/soydeaqui.ddns.net\/pachuca\/index.php\/wp-json\/wp\/v2\/product_brand?post=72678"},{"taxonomy":"product_cat","embeddable":true,"href":"https:\/\/soydeaqui.ddns.net\/pachuca\/index.php\/wp-json\/wp\/v2\/product_cat?post=72678"},{"taxonomy":"product_tag","embeddable":true,"href":"https:\/\/soydeaqui.ddns.net\/pachuca\/index.php\/wp-json\/wp\/v2\/product_tag?post=72678"}],"curies":[{"name":"wp","href":"https:\/\/api.w.org\/{rel}","templated":true}]}}