{"id":72637,"date":"2026-03-19T12:51:40","date_gmt":"2026-03-19T12:51:40","guid":{"rendered":"https:\/\/soydeaqui.ddns.net\/pachuca\/index.php\/producto\/switch-de-escritorio-8-puertos-10-100-mbps\/"},"modified":"2026-03-19T12:51:56","modified_gmt":"2026-03-19T12:51:56","slug":"switch-de-escritorio-8-puertos-10-100-mbps","status":"publish","type":"product","link":"https:\/\/soydeaqui.ddns.net\/pachuca\/index.php\/producto\/switch-de-escritorio-8-puertos-10-100-mbps\/","title":{"rendered":"Switch de escritorio 8 puertos 10\/100 Mbps"},"content":{"rendered":"<div style='width: 100%; max-width: 1200px; margin: 0 auto; font-family: sans-serif; line-height: 1.6; color: inherit; background-color: transparent;'> <!-- Descripci\u00f3n principal --> <\/p>\n<div style='margin-bottom: 30px; font-size: 15px; color: inherit;'>\n<p>El switch Fast Ethernet TL-SF1008D est\u00e1 dise\u00f1ado para las oficinas peque\u00f1as y reducidos grupos de trabajo. Los 8 puertos soportan MDI\/MDIX autom\u00e1tico&comma; lo que le evita tener que preocuparse de qu\u00e9 cable debe utilizar: s\u00f3lo tiene que enchufarlo y listo. Adem\u00e1s&comma; gracias a su innovadora tecnolog\u00eda de eficiencia energ\u00e9tica&comma; el TL-SF1008D ahorra hasta un 60%* de energ\u00eda el\u00e9ctrica&comma; lo que lo convierte en una soluci\u00f3n ecol\u00f3gica para la red de su negocio.<\/p>\n<\/p><\/div>\n<p> <!-- Secci\u00f3n de caracter\u00edsticas --> <\/p>\n<div style='display: flex; flex-wrap: wrap; gap: 30px; margin-bottom: 30px;'>\n<div style='flex: 1 1 300px; min-width: 280px;'>\n<h3 style='font-size: 22px; border-bottom: 2px solid currentColor; padding-bottom: 5px; margin-top: 0; color: inherit; opacity: 0.8;'>Caracter\u00edsticas<\/h3>\n<ul style='padding-left: 20px; font-size: 15px; color: inherit;'>\n<li style='margin-bottom: 5px;'>8 puertos RJ45 de auto-negociaci\u00f3n de10\/100Mbps&comma; soporta auto MDI\/MDIX<\/li>\n<li style='margin-bottom: 5px;'>La tecnolog\u00eda Green Ethernet ahora energ\u00eda hasta del 60%<\/li>\n<li style='margin-bottom: 5px;'>El control de flujo de IEEE 802.3x proporciona una transferencia de datos confiable<\/li>\n<li style='margin-bottom: 5px;'>Cubierta de pl\u00e1stico&comma; dise\u00f1o de escritorio<\/li>\n<li style='margin-bottom: 5px;'>Plug and play (conecte y use)&comma; no se requiere configuraci\u00f3n<\/li>\n<\/ul><\/div>\n<\/p><\/div>\n<p> <!-- Secci\u00f3n de contenido incluido --> <\/p>\n<div style='display: flex; flex-wrap: wrap; gap: 30px; margin-bottom: 30px;'>\n<div style='flex: 1 1 300px; min-width: 280px;'>\n<h3 style='font-size: 22px; border-bottom: 2px solid currentColor; padding-bottom: 5px; margin-top: 0; color: inherit; opacity: 0.8;'>Incluye<\/h3>\n<ul style='padding-left: 20px; font-size: 15px; color: inherit;'>\n<li style='margin-bottom: 5px;'>Switch 10\/100Mbps de 8&nbsp;puertos De escritorio<\/li>\n<li style='margin-bottom: 5px;'>Adaptador de Poder<\/li>\n<li style='margin-bottom: 5px;'>Gu\u00eda de Usuario<\/li>\n<\/ul><\/div>\n<\/p><\/div>\n<p> <!-- Secci\u00f3n de especificaciones f\u00edsicas y el\u00e9ctricas --> <\/p>\n<div style='display: flex; flex-wrap: wrap; gap: 30px; margin-bottom: 30px;'>\n<div style='flex: 1 1 300px; min-width: 280px;'>\n<h3 style='font-size: 22px; border-bottom: 2px solid currentColor; padding-bottom: 5px; margin-top: 0; color: inherit; opacity: 0.8;'>Caracter\u00edsticas F\u00edsicas y El\u00e9ctricas<\/h3>\n<ul style='padding-left: 20px; font-size: 15px; color: inherit;'>\n<li style='margin-bottom: 5px;'>Temperatura de funcionamiento: 0\u00b0C~40\u00b0C (32\u00b0F~104\u00b0F);<\/li>\n<li style='margin-bottom: 5px;'>Temperatura de almacenamiento: -40\u00b0C~70\u00b0C(-40\u00b0F~158\u00b0F);<\/li>\n<li style='margin-bottom: 5px;'>Humedad de funcionamiento: 10%~90% sin condensaci\u00f3n;<\/li>\n<li style='margin-bottom: 5px;'>Humedad de almacenamiento: 5%~90% sin condensaci\u00f3n<\/li>\n<li style='margin-bottom: 5px;'>Adaptador de corriente externo (salida: 5.0VDC \/ 0.6A)<\/li>\n<li style='margin-bottom: 5px;'>Consumo m\u00e1ximo: 2.2W (220V\/50Hz)<\/li>\n<li style='margin-bottom: 5px;'>Dimensiones (W X D X H): 5.3*3.1*0.9 pulg. (134.5*79*22.5mm)<\/li>\n<\/ul><\/div>\n<\/p><\/div>\n<p> <!-- Separador final --> <\/p>\n<hr style='border: 0; border-top: 1px solid rgba(150&comma; 150&comma; 150&comma; 0.3); margin: 30px 0;'> <\/div>\n","protected":false},"excerpt":{"rendered":"<p>Switch de escritorio 8 puertos 10\/100 Mbps<\/p>\n","protected":false},"featured_media":72636,"comment_status":"open","ping_status":"closed","template":"","meta":[],"product_brand":[],"product_cat":[1970],"product_tag":[664,1971,71],"class_list":{"0":"post-72637","1":"product","2":"type-product","3":"status-publish","4":"has-post-thumbnail","6":"product_cat-switches","7":"product_tag-networking","8":"product_tag-switches","9":"product_tag-tp-link","11":"first","12":"instock","13":"sale","14":"shipping-taxable","15":"purchasable","16":"product-type-simple"},"_links":{"self":[{"href":"https:\/\/soydeaqui.ddns.net\/pachuca\/index.php\/wp-json\/wp\/v2\/product\/72637","targetHints":{"allow":["GET"]}}],"collection":[{"href":"https:\/\/soydeaqui.ddns.net\/pachuca\/index.php\/wp-json\/wp\/v2\/product"}],"about":[{"href":"https:\/\/soydeaqui.ddns.net\/pachuca\/index.php\/wp-json\/wp\/v2\/types\/product"}],"replies":[{"embeddable":true,"href":"https:\/\/soydeaqui.ddns.net\/pachuca\/index.php\/wp-json\/wp\/v2\/comments?post=72637"}],"wp:featuredmedia":[{"embeddable":true,"href":"https:\/\/soydeaqui.ddns.net\/pachuca\/index.php\/wp-json\/wp\/v2\/media\/72636"}],"wp:attachment":[{"href":"https:\/\/soydeaqui.ddns.net\/pachuca\/index.php\/wp-json\/wp\/v2\/media?parent=72637"}],"wp:term":[{"taxonomy":"product_brand","embeddable":true,"href":"https:\/\/soydeaqui.ddns.net\/pachuca\/index.php\/wp-json\/wp\/v2\/product_brand?post=72637"},{"taxonomy":"product_cat","embeddable":true,"href":"https:\/\/soydeaqui.ddns.net\/pachuca\/index.php\/wp-json\/wp\/v2\/product_cat?post=72637"},{"taxonomy":"product_tag","embeddable":true,"href":"https:\/\/soydeaqui.ddns.net\/pachuca\/index.php\/wp-json\/wp\/v2\/product_tag?post=72637"}],"curies":[{"name":"wp","href":"https:\/\/api.w.org\/{rel}","templated":true}]}}