{"id":72589,"date":"2026-03-19T12:49:47","date_gmt":"2026-03-19T12:49:47","guid":{"rendered":"https:\/\/soydeaqui.ddns.net\/pachuca\/index.php\/producto\/telefono-ip-wifi-gama-media-de-6-lineas-con-4-teclas-de-funcion-24-teclas-de-extension-blf-digital-y-conferencia-de-5-vias-poe\/"},"modified":"2026-03-19T12:49:48","modified_gmt":"2026-03-19T12:49:48","slug":"telefono-ip-wifi-gama-media-de-6-lineas-con-4-teclas-de-funcion-24-teclas-de-extension-blf-digital-y-conferencia-de-5-vias-poe","status":"publish","type":"product","link":"https:\/\/soydeaqui.ddns.net\/pachuca\/index.php\/producto\/telefono-ip-wifi-gama-media-de-6-lineas-con-4-teclas-de-funcion-24-teclas-de-extension-blf-digital-y-conferencia-de-5-vias-poe\/","title":{"rendered":"Tel\u00e9fono IP WiFi Gama media de 6 L\u00edneas con 4 teclas de funci\u00f3n, 24 teclas de extensi\u00f3n BLF digital y conferencia de 5 v\u00edas PoE"},"content":{"rendered":"<div style='width: 100%; max-width: 1200px; margin: 0 auto; font-family: sans-serif; line-height: 1.6; color: inherit; background-color: transparent;'> <!-- Descripci\u00f3n principal --> <\/p>\n<div style='margin-bottom: 30px; font-size: 15px; color: inherit;'>\n<p>Ideal para empresas en crecimiento&comma; el GXP1760W es un tel\u00e9fono IP de rango medio con WiFi que cuenta con un dise\u00f1o elegante y funciones moderadas de volumen de llamadas. Viene equipado con 6 l\u00edneas&comma; 3 cuentas SIP&comma; 6 teclas de l\u00ednea de dos colores y 4 XML teclas programables junto con una pantalla LCD retro iluminada de 200 x 80 p\u00edxeles (3.3 &#8216;). Para una mayor personalizaci\u00f3n&comma; el GXP1760W caracter\u00edsticas de tono de llamada personalizado \/ tono de retorno de la m\u00fasica e integraci\u00f3n con aplicaciones web y empresariales avanzadas as\u00ed como los servicios meteorol\u00f3gicos locales. El GXP1760W ofrece dos puertos de red de detecci\u00f3n autom\u00e1tica a 10 \/ 100Mbps y soportes funciones de aprovisionamiento autom\u00e1tico con control de acceso a los medios. Este tel\u00e9fono IP de rango medio ofrece un rendimiento excepcional y dise\u00f1o para usuarios de todo el mundo a un precio asequible.<\/p>\n<\/p><\/div>\n<p> <!-- Secci\u00f3n de caracter\u00edsticas --> <\/p>\n<div style='display: flex; flex-wrap: wrap; gap: 30px; margin-bottom: 30px;'>\n<div style='flex: 1 1 300px; min-width: 280px;'>\n<h3 style='font-size: 22px; border-bottom: 2px solid currentColor; padding-bottom: 5px; margin-top: 0; color: inherit; opacity: 0.8;'>Caracter\u00edsticas principales<\/h3>\n<ul style='padding-left: 20px; font-size: 15px; color: inherit;'>\n<li style='margin-bottom: 5px;'>Conexi\u00f3n a la red VoIP inal\u00e1mbrica por medio de WiFi<\/li>\n<li style='margin-bottom: 5px;'>6 L\u00edneas&comma; 3 cuentas SIP&comma; 4 teclas de funci\u00f3n XML programables y conferencia de 5 v\u00edas<\/li>\n<li style='margin-bottom: 5px;'>24 Teclas de extensi\u00f3n BLF programables digitalmente<\/li>\n<li style='margin-bottom: 5px;'>Pantalla LCD de 200 x 80 P\u00edxeles con luz de fondo<\/li>\n<li style='margin-bottom: 5px;'>Audio HD<\/li>\n<li style='margin-bottom: 5px;'>Doble puerto de red 10\/100 Mbps<\/li>\n<\/ul><\/div>\n<p> <!-- Especificaciones adicionales --> <\/p>\n<div style='flex: 1 1 300px; min-width: 280px;'>\n<h3 style='font-size: 22px; border-bottom: 2px solid currentColor; padding-bottom: 5px; margin-top: 0; color: inherit; opacity: 0.8;'>Especificaciones<\/h3>\n<div style='display: flex; flex-direction: column; gap: 15px;'>\n<div style='border: 1px solid rgba(150&comma; 150&comma; 150&comma; 0.4); border-radius: 8px; padding: 15px; color: inherit;'>\n<h4 style='margin-top: 0; margin-bottom: 10px; font-size: 16px; color: inherit;'>Funciones de telefon\u00eda<\/h4>\n<ul style='padding-left: 20px; margin: 0; font-size: 14px; list-style-type: disc; color: inherit;'>\n<li style='margin-bottom: 5px;'>Retenci\u00f3n&comma; transferencia&comma; desv\u00edo&comma; conferencia de 5 participantes<\/li>\n<li style='margin-bottom: 5px;'>Estacionamiento de llamadas&comma; recuperaci\u00f3n de llamadas<\/li>\n<li style='margin-bottom: 5px;'>Estado de llamada compartida (SCA)\/estado de l\u00ednea en puente (BLA)<\/li>\n<li style='margin-bottom: 5px;'>Directorio telef\u00f3nico descargable (XML&comma; LDAP&comma; hasta 2000 contactos)<\/li>\n<li style='margin-bottom: 5px;'>Llamada en espera&comma; registro de llamadas (hasta 500 registros)<\/li>\n<li style='margin-bottom: 5px;'>Personalizaci\u00f3n XML de la pantalla&comma; marcaci\u00f3n autom\u00e1tica al descolgar<\/li>\n<li style='margin-bottom: 5px;'>Respuesta autom\u00e1tica&comma; hacer clic para marcar<\/li>\n<li style='margin-bottom: 5px;'>Plan de marcaci\u00f3n flexible&comma; hot desking (estaciones de trabajo compartidas)<\/li>\n<li style='margin-bottom: 5px;'>Tonos de llamada con m\u00fasica personalizada y m\u00fasica en espera<\/li>\n<li style='margin-bottom: 5px;'>Redundancia de servidores y conmutaci\u00f3n por error<\/li>\n<\/ul><\/div>\n<div style='border: 1px solid rgba(150&comma; 150&comma; 150&comma; 0.4); border-radius: 8px; padding: 15px; color: inherit;'>\n<h4 style='margin-top: 0; margin-bottom: 10px; font-size: 16px; color: inherit;'>C\u00f3decs<\/h4>\n<ul style='padding-left: 20px; margin: 0; font-size: 14px; list-style-type: disc; color: inherit;'>\n<li style='margin-bottom: 5px;'>G.729A\/B&comma; G.711\u03bc\/a-law&comma; G.726<\/li>\n<li style='margin-bottom: 5px;'>G.722 (banda ancha)&comma; G.723<\/li>\n<li style='margin-bottom: 5px;'>iLBC&comma; OPUS<\/li>\n<li style='margin-bottom: 5px;'>DTMF en banda y fuera de banda (in audio&comma; RFC2833&comma; SIP INFO)<\/li>\n<\/ul><\/div>\n<div style='border: 1px solid rgba(150&comma; 150&comma; 150&comma; 0.4); border-radius: 8px; padding: 15px; color: inherit;'>\n<h4 style='margin-top: 0; margin-bottom: 10px; font-size: 16px; color: inherit;'>Interfaces<\/h4>\n<ul style='padding-left: 20px; margin: 0; font-size: 14px; list-style-type: disc; color: inherit;'>\n<li style='margin-bottom: 5px;'>Dos puertos Ethernet conmutados de 10\/100Mbps de detecci\u00f3n autom\u00e1tica<\/li>\n<li style='margin-bottom: 5px;'>PoE integrado<\/li>\n<\/ul><\/div>\n<div style='border: 1px solid rgba(150&comma; 150&comma; 150&comma; 0.4); border-radius: 8px; padding: 15px; color: inherit;'>\n<h4 style='margin-top: 0; margin-bottom: 10px; font-size: 16px; color: inherit;'>Seguridad<\/h4>\n<ul style='padding-left: 20px; margin: 0; font-size: 14px; list-style-type: disc; color: inherit;'>\n<li style='margin-bottom: 5px;'>Contrase\u00f1as a nivel del usuario y administrador<\/li>\n<li style='margin-bottom: 5px;'>Autenticaci\u00f3n basada en MD5 y MD5-sess<\/li>\n<li style='margin-bottom: 5px;'>Archivo de configuraci\u00f3n cifrado con AES de 256 bits<\/li>\n<li style='margin-bottom: 5px;'>SRTP&comma; TLS&comma; 802.1x Media Access Control<\/li>\n<li style='margin-bottom: 5px;'>Soporte de conector de seguridad Kensington (Kensington Lock)<\/li>\n<\/ul><\/div>\n<div style='border: 1px solid rgba(150&comma; 150&comma; 150&comma; 0.4); border-radius: 8px; padding: 15px; color: inherit;'>\n<h4 style='margin-top: 0; margin-bottom: 10px; font-size: 16px; color: inherit;'>Calidad de servicio<\/h4>\n<ul style='padding-left: 20px; margin: 0; font-size: 14px; list-style-type: disc; color: inherit;'>\n<li style='margin-bottom: 5px;'>Layer 2 QoS (802.1Q&comma; 802.1P) y Layer 3 (ToS&comma; DiffServ&comma; MPLS) QoS<\/li>\n<\/ul><\/div>\n<div style='border: 1px solid rgba(150&comma; 150&comma; 150&comma; 0.4); border-radius: 8px; padding: 15px; color: inherit;'>\n<h4 style='margin-top: 0; margin-bottom: 10px; font-size: 16px; color: inherit;'>Lenguajes<\/h4>\n<ul style='padding-left: 20px; margin: 0; font-size: 14px; list-style-type: disc; color: inherit;'>\n<li style='margin-bottom: 5px;'>Espa\u00f1ol&comma; ingl\u00e9s&comma; alem\u00e1n&comma; italiano&comma; franc\u00e9s&comma; portugu\u00e9s&comma; ruso&comma; croata<\/li>\n<li style='margin-bottom: 5px;'>Chino simplificado y tradicional&comma; coreano&comma; japon\u00e9s<\/li>\n<\/ul><\/div>\n<div style='border: 1px solid rgba(150&comma; 150&comma; 150&comma; 0.4); border-radius: 8px; padding: 15px; color: inherit;'>\n<h4 style='margin-top: 0; margin-bottom: 10px; font-size: 16px; color: inherit;'>Protocolos y normas<\/h4>\n<ul style='padding-left: 20px; margin: 0; font-size: 14px; list-style-type: disc; color: inherit;'>\n<li style='margin-bottom: 5px;'>SIP RFC3261&comma; TCP\/IP\/UDP&comma; RTP\/RTCP&comma; HTTP\/HTTPS&comma; ARP&comma; ICMP&comma; DNS (A record&comma; SRV&comma; NAPTR)<\/li>\n<li style='margin-bottom: 5px;'>DHCP&comma; PPPoE&comma; TELNET&comma; TFTP&comma; NTP&comma; STUN&comma; SIMPLE&comma; LLDP&comma; LDAP<\/li>\n<li style='margin-bottom: 5px;'>TR-069&comma; 802.1x&comma; TLS&comma; SRTP&comma; IPV6<\/li>\n<\/ul><\/div>\n<div style='border: 1px solid rgba(150&comma; 150&comma; 150&comma; 0.4); border-radius: 8px; padding: 15px; color: inherit;'>\n<h4 style='margin-top: 0; margin-bottom: 10px; font-size: 16px; color: inherit;'>Conformidad<\/h4>\n<ul style='padding-left: 20px; margin: 0; font-size: 14px; list-style-type: disc; color: inherit;'>\n<li style='margin-bottom: 5px;'>FCC: Parte 15 (CFR 47) Clase B<\/li>\n<li style='margin-bottom: 5px;'>CE: EN55022 Clase B; EN55024 Clase B; EN61000-3-2; EN61000-3-3; EN60950-1<\/li>\n<li style='margin-bottom: 5px;'>RCM: AS\/ACIF S004; AS\/NZS CISPR22\/24; AS\/NZS 60950.1<\/li>\n<\/ul><\/div>\n<div style='border: 1px solid rgba(150&comma; 150&comma; 150&comma; 0.4); border-radius: 8px; padding: 15px; color: inherit;'>\n<h4 style='margin-top: 0; margin-bottom: 10px; font-size: 16px; color: inherit;'>Caracter\u00edsticas f\u00edsicas y el\u00e9ctricas<\/h4>\n<ul style='padding-left: 20px; margin: 0; font-size: 14px; list-style-type: disc; color: inherit;'>\n<li style='margin-bottom: 5px;'>Fuente de alimentaci\u00f3n universal; Entrada: 100~240VAC 50-60Hz; Salida: 5Vcc&comma; 1A \/ PoE 802.3af<\/li>\n<li style='margin-bottom: 5px;'>Montable en base o pared<\/li>\n<li style='margin-bottom: 5px;'>Dimensiones: 167 x 231 x 86 mm<\/li>\n<li style='margin-bottom: 5px;'>Peso: 0.925 kg<\/li>\n<li style='margin-bottom: 5px;'>Temperatura de operaci\u00f3n: 0~40\u00baC<\/li>\n<\/ul><\/div>\n<div style='border: 1px solid rgba(150&comma; 150&comma; 150&comma; 0.4); border-radius: 8px; padding: 15px; color: inherit;'>\n<h4 style='margin-top: 0; margin-bottom: 10px; font-size: 16px; color: inherit;'>Contenido del paquete<\/h4>\n<ul style='padding-left: 20px; margin: 0; font-size: 14px; list-style-type: disc; color: inherit;'>\n<li style='margin-bottom: 5px;'>Tel\u00e9fono GXP1760&comma; auricular con cord\u00f3n&comma; base de soporte<\/li>\n<li style='margin-bottom: 5px;'>Fuente de alimentaci\u00f3n universal&comma; cable de red<\/li>\n<li style='margin-bottom: 5px;'>Gu\u00eda de Instalaci\u00f3n R\u00e1pida&comma; licencia GPL<\/li>\n<\/ul><\/div>\n<\/p><\/div>\n<\/p><\/div>\n<\/p><\/div>\n<p> <!-- Separador --> <\/p>\n<hr style='border: 0; border-top: 1px solid rgba(150&comma; 150&comma; 150&comma; 0.3); margin: 30px 0;'> <\/div>\n","protected":false},"excerpt":{"rendered":"<p>Tel\u00e9fono IP WiFi Gama media de 6 L\u00edneas con 4 teclas de funci\u00f3n, 24 teclas de extensi\u00f3n BLF digital y conferencia de 5 v\u00edas PoE<\/p>\n","protected":false},"featured_media":72588,"comment_status":"open","ping_status":"closed","template":"","meta":[],"product_brand":[],"product_cat":[2003],"product_tag":[909,2005,2004],"class_list":{"0":"post-72589","1":"product","2":"type-product","3":"status-publish","4":"has-post-thumbnail","6":"product_cat-telefonos-ip","7":"product_tag-grandstream","8":"product_tag-telefonos-ip","9":"product_tag-voip-telefonia-ip-videoconferencia","11":"first","12":"outofstock","13":"sale","14":"shipping-taxable","15":"purchasable","16":"product-type-simple"},"_links":{"self":[{"href":"https:\/\/soydeaqui.ddns.net\/pachuca\/index.php\/wp-json\/wp\/v2\/product\/72589","targetHints":{"allow":["GET"]}}],"collection":[{"href":"https:\/\/soydeaqui.ddns.net\/pachuca\/index.php\/wp-json\/wp\/v2\/product"}],"about":[{"href":"https:\/\/soydeaqui.ddns.net\/pachuca\/index.php\/wp-json\/wp\/v2\/types\/product"}],"replies":[{"embeddable":true,"href":"https:\/\/soydeaqui.ddns.net\/pachuca\/index.php\/wp-json\/wp\/v2\/comments?post=72589"}],"wp:featuredmedia":[{"embeddable":true,"href":"https:\/\/soydeaqui.ddns.net\/pachuca\/index.php\/wp-json\/wp\/v2\/media\/72588"}],"wp:attachment":[{"href":"https:\/\/soydeaqui.ddns.net\/pachuca\/index.php\/wp-json\/wp\/v2\/media?parent=72589"}],"wp:term":[{"taxonomy":"product_brand","embeddable":true,"href":"https:\/\/soydeaqui.ddns.net\/pachuca\/index.php\/wp-json\/wp\/v2\/product_brand?post=72589"},{"taxonomy":"product_cat","embeddable":true,"href":"https:\/\/soydeaqui.ddns.net\/pachuca\/index.php\/wp-json\/wp\/v2\/product_cat?post=72589"},{"taxonomy":"product_tag","embeddable":true,"href":"https:\/\/soydeaqui.ddns.net\/pachuca\/index.php\/wp-json\/wp\/v2\/product_tag?post=72589"}],"curies":[{"name":"wp","href":"https:\/\/api.w.org\/{rel}","templated":true}]}}