{"id":72518,"date":"2026-03-19T12:46:57","date_gmt":"2026-03-19T12:46:57","guid":{"rendered":"https:\/\/soydeaqui.ddns.net\/pachuca\/index.php\/producto\/servidor-para-ip-pbx-integrado-con-1-e1-t1-30-canales-voip-ideal-para-instalar-3cx\/"},"modified":"2026-03-19T12:47:04","modified_gmt":"2026-03-19T12:47:04","slug":"servidor-para-ip-pbx-integrado-con-1-e1-t1-30-canales-voip-ideal-para-instalar-3cx","status":"publish","type":"product","link":"https:\/\/soydeaqui.ddns.net\/pachuca\/index.php\/producto\/servidor-para-ip-pbx-integrado-con-1-e1-t1-30-canales-voip-ideal-para-instalar-3cx\/","title":{"rendered":"Servidor para IP-PBX integrado con 1 E1\/T1, 30 canales VoIP, ideal para instalar 3CX"},"content":{"rendered":"<div style='width: 100%; max-width: 1200px; margin: 0 auto; font-family: sans-serif; line-height: 1.6; color: inherit; background-color: transparent;'> <!-- Secci\u00f3n de descripci\u00f3n principal --> <\/p>\n<div style='margin-bottom: 30px; font-size: 15px; color: inherit;'>\n<p>El UMG Server 104 es un appliance que integra una CPU de procesamiento libre con un gateway (UMG 104 Inside). Esa arquitectura hace que la UMG Server 104 sea una plataforma \u00fanica&comma; ideal para desarrolladores de soluciones SIP que buscan un hardware de alto rendimiento y confiabilidad para integrar sus aplicaciones de PBX&comma; call center o cualquier otra; basta con apuntar la IP de la aplicaci\u00f3n al gateway.<\/p>\n<\/p><\/div>\n<p> <!-- Secci\u00f3n de caracter\u00edsticas con flex --> <\/p>\n<div style='display: flex; flex-wrap: wrap; gap: 30px; margin-bottom: 30px;'>\n<div style='flex: 1 1 300px; min-width: 280px;'>\n<h3 style='font-size: 22px; border-bottom: 2px solid currentColor; padding-bottom: 5px; margin-top: 0; color: inherit; opacity: 0.8;'>Caracter\u00edsticas y ventajas del Gateway incorporado<\/h3>\n<ul style='padding-left: 20px; font-size: 15px; color: inherit;'>\n<li style='margin-bottom: 5px;'>1 enlace E1 (30 canales)<\/li>\n<li style='margin-bottom: 5px;'>30 canales VoIP<\/li>\n<li style='margin-bottom: 5px;'>Hasta 10 registros en diferentes operadoras VoIP<\/li>\n<li style='margin-bottom: 5px;'>Interfaz web de f\u00e1cil uso para la configuraci\u00f3n&comma; la supervisi\u00f3n y el diagn\u00f3stico<\/li>\n<\/ul><\/div>\n<div style='flex: 1 1 300px; min-width: 280px;'>\n<h3 style='font-size: 22px; border-bottom: 2px solid currentColor; padding-bottom: 5px; margin-top: 0; color: inherit; opacity: 0.8;'>Caracter\u00edsticas y ventajas del Servidor interno<\/h3>\n<ul style='padding-left: 20px; font-size: 15px; color: inherit;'>\n<li style='margin-bottom: 5px;'>Placa madre IPX1800G2<\/li>\n<li style='margin-bottom: 5px;'>Procesador Intel Celeron J1800 Dual Core 2.41 GHz 64 bits<\/li>\n<li style='margin-bottom: 5px;'>2 GB de memoria RAM Opcional con 4GB o con 8GB<\/li>\n<li style='margin-bottom: 5px;'>Fuente est\u00e1ndar ATX con selector 220\/110 V<\/li>\n<li style='margin-bottom: 5px;'>3 puertos Ethernet Giga para enlace dedicado con las operadoras<\/li>\n<li style='margin-bottom: 5px;'>2 puertos USB y 1 VGA<\/li>\n<\/ul><\/div>\n<\/p><\/div>\n<p> <!-- Secci\u00f3n de aplicaciones --> <\/p>\n<div style='margin-bottom: 30px;'>\n<h3 style='font-size: 22px; border-bottom: 2px solid currentColor; padding-bottom: 5px; margin-top: 0; color: inherit; opacity: 0.8;'>Aplicaciones<\/h3>\n<ul style='padding-left: 20px; font-size: 15px; color: inherit;'>\n<li style='margin-bottom: 5px;'>PBX IP y PBX<\/li>\n<li style='margin-bottom: 5px;'>Central de comunicaciones unificadas<\/li>\n<li style='margin-bottom: 5px;'>Aplicaciones personalizadas con interfaces E1 y VoIP<\/li>\n<li style='margin-bottom: 5px;'>Firewall<\/li>\n<\/ul><\/div>\n<p> <!-- Separador --> <\/p>\n<hr style='border: 0; border-top: 1px solid rgba(150&comma; 150&comma; 150&comma; 0.3); margin: 30px 0;'> <\/div>\n","protected":false},"excerpt":{"rendered":"<p>Servidor para IP-PBX integrado con 1 E1\/T1, 30 canales VoIP, ideal para instalar 3CX<\/p>\n","protected":false},"featured_media":72517,"comment_status":"open","ping_status":"closed","template":"","meta":[],"product_brand":[],"product_cat":[2028],"product_tag":[2029,966,2004],"class_list":{"0":"post-72518","1":"product","2":"type-product","3":"status-publish","4":"has-post-thumbnail","6":"product_cat-conmutadores-ip","7":"product_tag-conmutadores-ip","8":"product_tag-khomp","9":"product_tag-voip-telefonia-ip-videoconferencia","11":"first","12":"outofstock","13":"sale","14":"shipping-taxable","15":"purchasable","16":"product-type-simple"},"_links":{"self":[{"href":"https:\/\/soydeaqui.ddns.net\/pachuca\/index.php\/wp-json\/wp\/v2\/product\/72518","targetHints":{"allow":["GET"]}}],"collection":[{"href":"https:\/\/soydeaqui.ddns.net\/pachuca\/index.php\/wp-json\/wp\/v2\/product"}],"about":[{"href":"https:\/\/soydeaqui.ddns.net\/pachuca\/index.php\/wp-json\/wp\/v2\/types\/product"}],"replies":[{"embeddable":true,"href":"https:\/\/soydeaqui.ddns.net\/pachuca\/index.php\/wp-json\/wp\/v2\/comments?post=72518"}],"wp:featuredmedia":[{"embeddable":true,"href":"https:\/\/soydeaqui.ddns.net\/pachuca\/index.php\/wp-json\/wp\/v2\/media\/72517"}],"wp:attachment":[{"href":"https:\/\/soydeaqui.ddns.net\/pachuca\/index.php\/wp-json\/wp\/v2\/media?parent=72518"}],"wp:term":[{"taxonomy":"product_brand","embeddable":true,"href":"https:\/\/soydeaqui.ddns.net\/pachuca\/index.php\/wp-json\/wp\/v2\/product_brand?post=72518"},{"taxonomy":"product_cat","embeddable":true,"href":"https:\/\/soydeaqui.ddns.net\/pachuca\/index.php\/wp-json\/wp\/v2\/product_cat?post=72518"},{"taxonomy":"product_tag","embeddable":true,"href":"https:\/\/soydeaqui.ddns.net\/pachuca\/index.php\/wp-json\/wp\/v2\/product_tag?post=72518"}],"curies":[{"name":"wp","href":"https:\/\/api.w.org\/{rel}","templated":true}]}}